000
CXUS55 KGGW 010910
CF6GGW
PRELIMINARY LOCAL CLIMATOLOGICAL DATA (WS FORM: F-6)
STATION: GLASGOW MT
MONTH: FEBRUARY
YEAR: 2023
LATITUDE: 48 13 N
LONGITUDE: 106 37 W
TEMPERATURE IN F: :PCPN: SNOW: WIND :SUNSHINE: SKY :PK WND
================================================================================
1 2 3 4 5 6A 6B 7 8 9 10 11 12 13 14 15 16 17 18
12Z AVG MX 2MIN
DY MAX MIN AVG DEP HDD CDD WTR SNW DPTH SPD SPD DIR MIN PSBL S-S WX SPD DR
================================================================================
1 24 1 13 -3 52 0 T T 3 6.9 25 360 M M 2 31 20
2 6 -3 2 -14 63 0 0.00 0.0 3 15.0 24 120 M M 7 28 120
3 27 1 14 -2 51 0 0.00 0.0 3 4.1 16 110 M M 0 19 110
4 43 20 32 16 33 0 0.00 0.0 3 11.9 24 290 M M 2 32 290
5 38 18 28 12 37 0 0.00 0.0 2 9.7 18 130 M M 1 1 20 140
6 38 24 31 15 34 0 0.00 0.0 2 10.4 25 310 M M 1 33 310
7 42 27 35 18 30 0 0.00 0.0 1 7.8 17 280 M M 1 22 290
8 40 28 34 17 31 0 T T 1 14.3 32 340 M M 5 42 290
9 36 13 25 8 40 0 0.00 0.0 1 7.9 17 330 M M 1 20 330
10 46 19 33 16 32 0 0.00 0.0 T 6.9 14 260 M M 0 16 270
11 40 21 31 14 34 0 0.00 0.0 T 5.0 10 130 M M 0 11 150
12 37 18 28 10 37 0 0.00 0.0 T 6.8 13 110 M M 0 15 320
13 46 29 38 20 27 0 0.00 0.0 T 5.4 15 270 M M 2 23 260
14 34 7 21 3 44 0 T T T 18.0 33 360 M M 5 43 350
15 34 2 18 0 47 0 0.00 0.0 T 5.7 14 30 M M 2 15 40
16 30 14 22 3 43 0 0.00 0.0 T 9.6 14 120 M M 3 17 120
17 41 24 33 14 32 0 0.00 0.0 T 8.7 24 310 M M 3 32 290
18 38 22 30 11 35 0 0.01 0.1 T 7.4 18 320 M M 6 1 21 320
19 40 18 29 9 36 0 T T T 8.5 24 250 M M 7 31 250
20 31 15 23 3 42 0 0.02 0.3 T 11.5 22 340 M M 6 1 27 340
21 18 -7 6 -14 59 0 0.17 3.0 1 19.8 32 70 M M 6 18 39 60
22 -2 -7 -4 -25 69 0 0.04 1.1 2 10.0 18 80 M M 9 8 22 70
23 -4 -16 -10 -31 75 0 0.04 0.9 3 7.2 16 70 M M 7 8 20 60
24 -1 -18 -9 -31 74 0 T T 4 12.6 18 130 M M 3 8 21 130
25 14 -11 2 -20 63 0 0.00 0.0 3 7.9 18 120 M M 0 21 110
26 34 10 22 0 43 0 0.00 0.0 3 10.5 21 130 M M 2 22 130
27 35 8 22 -1 43 0 0.00 0.0 3 11.3 25 280 M M 2 33 280
28 26 6 16 -7 49 0 0.14 2.1 3 19.9 31 80 M M 8 128 37 90
================================================================================
SM 831 283 1255 0 0.42 7.5 280.7 M 91
================================================================================
AV 29.7 10.1 10.0 FASTST M M 3 MAX(MPH)
MISC ----> 33 360 43 350
================================================================================
NOTES:
# LAST OF SEVERAL OCCURRENCES
COLUMN 17 PEAK WIND IN M.P.H.
PRELIMINARY LOCAL CLIMATOLOGICAL DATA (WS FORM: F-6) , PAGE 2
STATION: GLASGOW MT
MONTH: FEBRUARY
YEAR: 2023
LATITUDE: 48 13 N
LONGITUDE: 106 37 W
[TEMPERATURE DATA] [PRECIPITATION DATA] SYMBOLS USED IN COLUMN 16
AVERAGE MONTHLY: 19.9 TOTAL FOR MONTH: 0.42 1 = FOG OR MIST
DPTR FM NORMAL: 1.2 DPTR FM NORMAL: 0.07 2 = FOG REDUCING VISIBILITY
HIGHEST: 46 ON 13,10 GRTST 24HR 0.17 ON 21-21 TO 1/4 MILE OR LESS
LOWEST: -18 ON 24 3 = THUNDER
SNOW, ICE PELLETS, HAIL 4 = ICE PELLETS
TOTAL MONTH: 7.5 INCHES 5 = HAIL
GRTST 24HR 3.0 ON 21-21 6 = FREEZING RAIN OR DRIZZLE
GRTST DEPTH: 4 ON 24 7 = DUSTSTORM OR SANDSTORM:
VSBY 1/2 MILE OR LESS
8 = SMOKE OR HAZE
[NO. OF DAYS WITH] [WEATHER - DAYS WITH] 9 = BLOWING SNOW
X = TORNADO
MAX 32 OR BELOW: 11 0.01 INCH OR MORE: 6
MAX 90 OR ABOVE: 0 0.10 INCH OR MORE: 2
MIN 32 OR BELOW: 28 0.50 INCH OR MORE: 0
MIN 0 OR BELOW: 6 1.00 INCH OR MORE: 0
[HDD (BASE 65) ]
TOTAL THIS MO. 1255 CLEAR (SCALE 0-3) 17
DPTR FM NORMAL -41 PTCLDY (SCALE 4-7) 10
TOTAL FM JUL 1 6374 CLOUDY (SCALE 8-10) 1
DPTR FM NORMAL 169
[CDD (BASE 65) ]
TOTAL THIS MO. 0
DPTR FM NORMAL 0 [PRESSURE DATA]
TOTAL FM JAN 1 0 HIGHEST SLP M ON M
DPTR FM NORMAL 0 LOWEST SLP 29.34 ON 13
[REMARKS]
#FINAL-02-23#