000
CXUS54 KFWD 010730
CF6GKY
PRELIMINARY LOCAL CLIMATOLOGICAL DATA (WS FORM: F-6)
STATION: ARLINGTON
MONTH: SEPTEMBER
YEAR: 2021
LATITUDE: 32 39 N
LONGITUDE: 97 6 W
TEMPERATURE IN F: :PCPN: SNOW: WIND :SUNSHINE: SKY :PK WND
================================================================================
1 2 3 4 5 6A 6B 7 8 9 10 11 12 13 14 15 16 17 18
12Z AVG MX 2MIN
DY MAX MIN AVG DEP HDD CDD WTR SNW DPTH SPD SPD DIR MIN PSBL S-S WX SPD DR
================================================================================
1 101 80 91 8 0 26 0.00 M M 6.8 15 100 M M 0 23 80
2 99 78 89 7 0 24 0.00 M M 8.2 16 140 M M 1 22 140
3 99 79 89 7 0 24 0.00 M M 8.1 16 110 M M 0 22 170
4 102 79 91 9 0 26 0.00 M M 6.7 12 140 M M 0 17 160
5 93 79 86 4 0 21 T M M 7.5 16 340 M M 3 19 340
6 98 71 85 4 0 20 0.00 M M 5.7 16 90 M M 1 24 100
7 98 67 83 2 0 18 0.00 M M 5.0 13 150 M M 0 18 120
8 97 68 83 2 0 18 0.04 M M 5.0 31 360 M M 1 3 43 10
9 95 65 80 -1 0 15 0.00 M M 5.8 14 130 M M 0 20 100
10 96 62 79 -1 0 14 0.00 M M 5.5 16 140 M M 0 22 100
11 94 62 78 -2 0 13 0.00 M M 4.8 14 120 M M 0 19 110
12 94 62 78 -2 0 13 0.00 M M 5.1 15 110 M M 0 21 100
13 92 69 81 2 0 16 T M M 7.0 16 140 M M 3 20 120
14 87 69 78 -1 0 13 T M M 6.7 20 90 M M 5 29 90
15 93 70 82 3 0 17 0.00 M M 6.9 16 30 M M 3 22 20
16 94 69 82 4 0 17 0.00 M M 4.2 13 60 M M 1 19 70
17 95 68 82 4 0 17 0.00 M M 3.1 12 50 M M 1 18 17 60
18 98 71 85 7 0 20 0.00 M M 4.2 16 10 M M 1 20 20
19 98 72 85 7 0 20 0.00 M M 3.5 13 110 M M 0 17 110
20 104 78 91 14 0 26 0.00 M M 9.0 16 160 M M 0 28 150
21 91 74 83 6 0 18 T M M 13.4 26 350 M M 1 3 35 330
22 85 57 71 -6 0 6 0.00 M M 8.0 18 340 M M 0 26 20
23 88 52 70 -6 0 5 0.00 M M 2.3 9 60 M M 0 15 180
24 91 52 72 -4 0 7 0.00 M M 3.7 14 130 M M 0 20 130
25 93 56 75 -1 0 10 0.00 M M 3.0 13 140 M M 0 17 110
26 94 60 77 2 0 12 0.00 M M 5.4 16 140 M M 0 21 160
27 92 62 77 2 0 12 0.00 M M 5.8 14 150 M M 0 18 170
28 96 67 82 7 0 17 T M M 6.1 18 330 M M 2 23 130
29 92 72 82 8 0 17 0.00 M M 7.3 17 110 M M 1 24 130
30 92 71 82 8 0 17 0.36 M M 8.6 26 10 M M 4 13 39 360
================================================================================
SM 2841 2041 0 499 0.40 M 182.4 M 28
================================================================================
AV 94.7 68.0 6.1 FASTST M M 1 MAX(MPH)
MISC ----> 31 360 43 10
================================================================================
NOTES:
# LAST OF SEVERAL OCCURRENCES
COLUMN 17 PEAK WIND IN M.P.H.
PRELIMINARY LOCAL CLIMATOLOGICAL DATA (WS FORM: F-6) , PAGE 2
STATION: ARLINGTON
MONTH: SEPTEMBER
YEAR: 2021
LATITUDE: 32 39 N
LONGITUDE: 97 6 W
[TEMPERATURE DATA] [PRECIPITATION DATA] SYMBOLS USED IN COLUMN 16
AVERAGE MONTHLY: 81.4 TOTAL FOR MONTH: 0.40 1 = FOG OR MIST
DPTR FM NORMAL: 2.9 DPTR FM NORMAL: -2.92 2 = FOG REDUCING VISIBILITY
HIGHEST: 104 ON 20 GRTST 24HR 0.36 ON 30-30 TO 1/4 MILE OR LESS
LOWEST: 52 ON 24,23 3 = THUNDER
SNOW, ICE PELLETS, HAIL 4 = ICE PELLETS
TOTAL MONTH: M 5 = HAIL
GRTST 24HR M ON M 6 = FREEZING RAIN OR DRIZZLE
GRTST DEPTH: M ON M 7 = DUSTSTORM OR SANDSTORM:
VSBY 1/2 MILE OR LESS
8 = SMOKE OR HAZE
[NO. OF DAYS WITH] [WEATHER - DAYS WITH] 9 = BLOWING SNOW
X = TORNADO
MAX 32 OR BELOW: 0 0.01 INCH OR MORE: 2
MAX 90 OR ABOVE: 27 0.10 INCH OR MORE: 1
MIN 32 OR BELOW: 0 0.50 INCH OR MORE: 0
MIN 0 OR BELOW: 0 1.00 INCH OR MORE: 0
[HDD (BASE 65) ]
TOTAL THIS MO. 0 CLEAR (SCALE 0-3) 27
DPTR FM NORMAL -2 PTCLDY (SCALE 4-7) 3
TOTAL FM JUL 1 0 CLOUDY (SCALE 8-10) 0
DPTR FM NORMAL 0
[CDD (BASE 65) ]
TOTAL THIS MO. 499
DPTR FM NORMAL 91 [PRESSURE DATA]
TOTAL FM JAN 1 2849 HIGHEST SLP M ON M
DPTR FM NORMAL 216 LOWEST SLP 29.71 ON 28
[REMARKS]
#FINAL-09-21#