000
CXUS54 KHGX 011515
CF6GLS
PRELIMINARY LOCAL CLIMATOLOGICAL DATA (WS FORM: F-6)
STATION: GALVESTON
MONTH: FEBRUARY
YEAR: 2020
LATITUDE: 29 16 N
LONGITUDE: 94 52 W
TEMPERATURE IN F: :PCPN: SNOW: WIND :SUNSHINE: SKY :PK WND
================================================================================
1 2 3 4 5 6A 6B 7 8 9 10 11 12 13 14 15 16 17 18
12Z AVG MX 2MIN
DY MAX MIN AVG DEP HDD CDD WTR SNW DPTH SPD SPD DIR MIN PSBL S-S WX SPD DR
================================================================================
1 68 49 59 3 6 0 0.00 0.0 0 7.6 15 200 M M 0 18 200
2 70 54 62 6 3 0 0.00 0.0 0 9.8 20 210 M M 0 25 210
3 72 63 68 12 0 3 T 0.0 0 15.6 28 150 M M 3 35 150
4 73 67 70 14 0 5 0.00 0.0 0 11.1 18 190 M M 10 18 28 210
5 69 46 58 2 7 0 T 0.0 0 15.8 26 310 M M 10 1 33 310
6 55 39 47 -9 18 0 0.03 0.0 0 14.8 28 280 M M 3 3 36 320
7 70 44 57 1 8 0 0.00 0.0 0 9.2 23 220 M M 0 29 220
8 68 58 63 7 2 0 0.00 0.0 0 11.3 16 120 M M 3 22 130
9 72 64 68 11 0 3 T 0.0 0 13.3 18 150 M M 9 18 24 130
10 73 67 70 13 0 5 0.01 0.0 0 10.8 20 160 M M 10 12 23 160
11 69 57 63 6 2 0 0.02 0.0 0 12.9 22 10 M M 10 12 26 10
12 68 55 62 5 3 0 0.76 0.0 0 10.8 22 310 M M 10 123 29 310
13 57 48 53 -4 12 0 0.00 0.0 0 17.2 23 30 M M 2 28 360
14 57 44 51 -6 14 0 0.00 0.0 0 13.1 22 20 M M 1 27 30
15 67 54 61 3 4 0 0.00 0.0 0 10.6 17 90 M M 9 18 21 110
16 70 60 65 7 0 0 T 0.0 0 7.9 14 130 M M 8 128 17 130
17 70 63 67 9 0 2 0.00 0.0 0 10.5 17 170 M M 8 12 21 170
18 74 66 70 12 0 5 T 0.0 0 6.7 14 150 M M 9 128 17 150
19 67 57 62 4 3 0 T 0.0 0 13.0 20 30 M M 10 12 23 20
20 57 49 53 -5 12 0 0.06 0.0 0 22.8 36 10 M M 10 1 45 360
21 57 44 51 -8 14 0 0.00 0.0 0 18.9 33 10 M M 1 41 360
22 60 46 53 -6 12 0 0.00 0.0 0 8.4 14 140 M M 0 16 150
23 68 58 63 4 2 0 T 0.0 0 11.2 21 120 M M 10 1 25 120
24 70 61 66 7 0 1 0.63 0.0 0 8.3 18 300 M M 7 38 28 290
25 72 57 65 6 0 0 T 0.0 0 8.2 30 340 M M 1 36 340
26 60 48 54 -6 11 0 T 0.0 0 23.0 32 320 M M 4 43 330
27 55 40 48 -12 17 0 0.00 0.0 0 6.9 20 360 M M 0 26 10
28 72 48 60 0 5 0 0.00 0.0 0 8.1 17 260 M M 0 24 270
29 71 49 60 0 5 0 0.00 0.0 0 8.2 17 160 M M 0 12 22 160
================================================================================
SM 1931 1555 160 24 1.51 0.0 346.0 M 148
================================================================================
AV 66.6 53.6 11.9 FASTST M M 5 MAX(MPH)
MISC ----> # 36 10 # 45 360
================================================================================
NOTES:
# LAST OF SEVERAL OCCURRENCES
COLUMN 17 PEAK WIND IN M.P.H.
PRELIMINARY LOCAL CLIMATOLOGICAL DATA (WS FORM: F-6) , PAGE 2
STATION: GALVESTON
MONTH: FEBRUARY
YEAR: 2020
LATITUDE: 29 16 N
LONGITUDE: 94 52 W
[TEMPERATURE DATA] [PRECIPITATION DATA] SYMBOLS USED IN COLUMN 16
AVERAGE MONTHLY: 60.1 TOTAL FOR MONTH: 1.51 1 = FOG OR MIST
DPTR FM NORMAL: 2.5 DPTR FM NORMAL: -1.06 2 = FOG REDUCING VISIBILITY
HIGHEST: 74 ON 18 GRTST 24HR 0.76 ON 12-12 TO 1/4 MILE OR LESS
LOWEST: 39 ON 6 3 = THUNDER
SNOW, ICE PELLETS, HAIL 4 = ICE PELLETS
TOTAL MONTH: 0.0 INCH 5 = HAIL
GRTST 24HR 0.0 6 = FREEZING RAIN OR DRIZZLE
GRTST DEPTH: 0 7 = DUSTSTORM OR SANDSTORM:
VSBY 1/2 MILE OR LESS
8 = SMOKE OR HAZE
[NO. OF DAYS WITH] [WEATHER - DAYS WITH] 9 = BLOWING SNOW
X = TORNADO
MAX 32 OR BELOW: 0 0.01 INCH OR MORE: 6
MAX 90 OR ABOVE: 0 0.10 INCH OR MORE: 2
MIN 32 OR BELOW: 0 0.50 INCH OR MORE: 2
MIN 0 OR BELOW: 0 1.00 INCH OR MORE: 0
[HDD (BASE 65) ]
TOTAL THIS MO. 160 CLEAR (SCALE 0-3) 13
DPTR FM NORMAL -59 PTCLDY (SCALE 4-7) 5
TOTAL FM JUL 1 602 CLOUDY (SCALE 8-10) 11
DPTR FM NORMAL -292
[CDD (BASE 65) ]
TOTAL THIS MO. 24
DPTR FM NORMAL 12 [PRESSURE DATA]
TOTAL FM JAN 1 57 HIGHEST SLP 30.65 ON 21
DPTR FM NORMAL 39 LOWEST SLP 29.66 ON 5
[REMARKS]
#FINAL-02-20#