319
CXUS54 KOUN 010910
CF6GOK
PRELIMINARY LOCAL CLIMATOLOGICAL DATA (WS FORM: F-6)
STATION: GUTHRIE MUNICIPAL
MONTH: FEBRUARY
YEAR: 2021
LATITUDE: 35 50 N
LONGITUDE: 97 25 W
TEMPERATURE IN F: :PCPN: SNOW: WIND :SUNSHINE: SKY :PK WND
================================================================================
1 2 3 4 5 6A 6B 7 8 9 10 11 12 13 14 15 16 17 18
12Z AVG MX 2MIN
DY MAX MIN AVG DEP HDD CDD WTR SNW DPTH SPD SPD DIR MIN PSBL S-S WX SPD DR
================================================================================
1 55 22 39 0 26 0 M M M 1.8 5 99 M M 0 1 M M
2 M M M M M M M M M M M M M M M M M
3 64 57 61 21 4 0 M M M 15.6 26 180 M M 0 36 170
4 63 29 46 6 19 0 0.00 M M 12.3 26 320 M M 1 40 330
5 55 26 41 1 24 0 0.00 M M 6.2 15 270 M M 2 19 250
6 45 26 36 -4 29 0 0.02 M M 8.0 17 360 M M 9 1 28 340
7 34 25 30 -11 35 0 0.00 M M 7.0 14 110 M M 8 18 19 70
8 33 18 26 -15 39 0 M M M 9.0 15 40 M M 9 1 22 40
9 20 15 18 -23 47 0 T M M 7.4 12 10 M M 10 1 18 360
10 19 17 18 -23 47 0 T M M 7.9 13 20 M M 10 1 20 360
11 19 15 17 -25 48 0 T M M 8.0 14 10 M M 10 1 22 20
12 17 12 15 -27 50 0 T M M 8.9 15 20 M M 10 18 26 10
13 18 7 13 -29 52 0 0.00 M M 9.1 17 40 M M 9 25 40
14 M M M M M M M M M M M M M M 5 1 M M
15 M M M M M M T T M M M M M M 0 9 M M
16 M M M M M M M M M M M M M M 0 M M
17 M M M M M M M M M M M M M M 0 M M
18 M M M M M M 0.00 M M M M M M M 0 M M
19 M M M M M M 0.00 M M M M M M M 0 M M
20 M M M M M M 0.00 M M M M M M M 0 M M
21 M M M M M M M M M M M M M M 0 M M
22 M M M M M M 0.00 M M M M M M M 0 M M
23 72 57 65 20 0 0 M M M 13.2 22 200 M M 0 31 200
24 62 38 50 5 15 0 0.00 M M 10.1 21 200 M M 0 33 10
25 54 27 41 -5 24 0 0.00 0.0 0 8.2 16 70 M M 4 21 50
26 57 36 47 1 18 0 T M M 5.5 13 160 M M 6 20 210
27 61 39 50 4 15 0 0.00 0.0 0 12.5 22 170 M M 7 12 29 170
28 62 39 51 5 14 0 0.01 M M 9.3 20 190 M M 3 1 26 350
================================================================================
SM 810 505 506 0 0.03 T 159.9 M 103
================================================================================
AV 45.0 28.1 8.9 FASTST M M 4 MAX(MPH)
MISC ----> # 26 180 40 330
================================================================================
NOTES:
# LAST OF SEVERAL OCCURRENCES
COLUMN 17 PEAK WIND IN M.P.H.
PRELIMINARY LOCAL CLIMATOLOGICAL DATA (WS FORM: F-6) , PAGE 2
STATION: GUTHRIE MUNICIPAL
MONTH: FEBRUARY
YEAR: 2021
LATITUDE: 35 50 N
LONGITUDE: 97 25 W
[TEMPERATURE DATA] [PRECIPITATION DATA] SYMBOLS USED IN COLUMN 16
AVERAGE MONTHLY: 36.5 TOTAL FOR MONTH: 0.03 1 = FOG OR MIST
DPTR FM NORMAL: -6.2 DPTR FM NORMAL: -1.92 2 = FOG REDUCING VISIBILITY
HIGHEST: 72 ON 23 GRTST 24HR 0.03 ON 14-14 TO 1/4 MILE OR LESS
LOWEST: 7 ON 13 3 = THUNDER
SNOW, ICE PELLETS, HAIL 4 = ICE PELLETS
TOTAL MONTH: T 5 = HAIL
GRTST 24HR T ON 15-15 6 = FREEZING RAIN OR DRIZZLE
GRTST DEPTH: 0 7 = DUSTSTORM OR SANDSTORM:
VSBY 1/2 MILE OR LESS
8 = SMOKE OR HAZE
[NO. OF DAYS WITH] [WEATHER - DAYS WITH] 9 = BLOWING SNOW
X = TORNADO
MAX 32 OR BELOW: 5 0.01 INCH OR MORE: 2
MAX 90 OR ABOVE: 0 0.10 INCH OR MORE: 0
MIN 32 OR BELOW: 12 0.50 INCH OR MORE: 0
MIN 0 OR BELOW: 0 1.00 INCH OR MORE: 0
[HDD (BASE 65) ]
TOTAL THIS MO. 506 CLEAR (SCALE 0-3) 15
DPTR FM NORMAL -119 PTCLDY (SCALE 4-7) 4
TOTAL FM JUL 1 2625 CLOUDY (SCALE 8-10) 9
DPTR FM NORMAL -282
[CDD (BASE 65) ]
TOTAL THIS MO. 0
DPTR FM NORMAL -1 [PRESSURE DATA]
TOTAL FM JAN 1 0 HIGHEST SLP 30.39 ON 25
DPTR FM NORMAL 0 LOWEST SLP 29.70 ON 24
[REMARKS]
#FINAL-02-21#