000
CXUS53 KGRB 010641
CLMGRB
CLIMATE REPORT
NATIONAL WEATHER SERVICE GREEN BAY
1241 AM CST THU FEB 01 2024
...................................
...THE GREEN BAY WI CLIMATE SUMMARY FOR THE MONTH OF JANUARY 2024...
CLIMATE NORMAL PERIOD: 1991 TO 2020
CLIMATE RECORD PERIOD: 1886 TO 2024
WEATHER OBSERVED NORMAL DEPART LAST YEAR`S
VALUE DATE(S) VALUE FROM VALUE DATE(S)
NORMAL
................................................................
TEMPERATURE (F)
RECORD
HIGH 56 01/26/1944
LOW -36 01/21/1888
HIGHEST 42 01/27 40 2 41 01/15
01/31
LOWEST -9 01/16 -16 7 -10 01/31
AVG. MAXIMUM 28.4 25.5 2.9 30.5
AVG. MINIMUM 19.8 11.1 8.7 21.4
MEAN 24.1 18.3 5.8 25.9
DAYS MAX >= 90 0 0.0 0.0 0
DAYS MAX <= 32 16 22.0 -6.0 17
DAYS MIN <= 32 26 29.8 -3.8 28
DAYS MIN <= 0 6 8.4 -2.4 2
PRECIPITATION (INCHES)
RECORD
MAXIMUM 3.75 1889
MINIMUM 0.12 1981
TOTALS 1.58 1.39 0.19 1.34
DAYS >= .01 8 10.8 -2.8 13
DAYS >= .10 6 4.3 1.7 4
DAYS >= .50 1 0.4 0.6 0
DAYS >= 1.00 0 0.0 0.0 0
GREATEST
24 HR. TOTAL 0.57 01/12 TO 01/12
SNOWFALL (INCHES)
RECORDS
TOTAL 32.5 1889
TOTALS 22.6 14.3 8.3 8.9
SINCE 7/1 28.7 30.8 -2.1 MM
SNOWDEPTH AVG. 7 2
DAYS >= 1.0 5 4.5 0.5 4
GREATEST
SNOW DEPTH 17R 01/13 6 01/27
01/14
01/15
24 HR TOTAL MM
DEGREE DAYS
HEATING TOTAL 1259 1448 -189 1203
SINCE 7/1 3566 4281 -715 MM
COOLING TOTAL 0 0 0 0
SINCE 1/1 0 0 0 MM
................................................................
WIND (MPH)
AVERAGE WIND SPEED 8.3
HIGHEST WIND SPEED/DIRECTION 43/030 DATE 01/12
HIGHEST GUST SPEED/DIRECTION 54/030 DATE 01/12
SKY COVER
POSSIBLE SUNSHINE (PERCENT) MM
AVERAGE SKY COVER 0.77
NUMBER OF DAYS FAIR 5
NUMBER OF DAYS PC 5
NUMBER OF DAYS CLOUDY 21
AVERAGE RH (PERCENT) 77
WEATHER CONDITIONS. NUMBER OF DAYS WITH
THUNDERSTORM 0 MIXED PRECIP 0
HEAVY RAIN 0 RAIN 0
LIGHT RAIN 4 FREEZING RAIN 0
LT FREEZING RAIN 0 HAIL 0
HEAVY SNOW 2 SNOW 3
LIGHT SNOW 11 SLEET 0
FOG 15 FOG W/VIS <= 1/4 MILE 4
HAZE 7
- INDICATES NEGATIVE NUMBERS.
R INDICATES RECORD WAS SET OR TIED.
MM INDICATES DATA IS MISSING.
T INDICATES TRACE AMOUNT.
$$