000
CXUS52 KGSP 010917
CF6GSP
PRELIMINARY LOCAL CLIMATOLOGICAL DATA (WS FORM: F-6)
STATION: GREENVILLE-SPARTANBURG SC
MONTH: JANUARY
YEAR: 2024
LATITUDE: 34 54 N
LONGITUDE: 82 13 W
TEMPERATURE IN F: :PCPN: SNOW: WIND :SUNSHINE: SKY :PK WND
================================================================================
1 2 3 4 5 6A 6B 7 8 9 10 11 12 13 14 15 16 17 18
12Z AVG MX 2MIN
DY MAX MIN AVG DEP HDD CDD WTR SNW DPTH SPD SPD DIR MIN PSBL S-S WX SPD DR
================================================================================
1 51 28 40 -3 25 0 0.00 0.0 0 5.3 17 20 M M 1 24 10
2 52 22 37 -6 28 0 0.00 0.0 0 4.0 13 220 M M 0 19 220
3 46 25 36 -6 29 0 0.00 0.0 0 3.5 13 210 M M 3 16 200
4 50 29 40 -2 25 0 0.00 0.0 0 7.1 20 330 M M 0 35 350
5 45 22 34 -8 31 0 T 0.0 0 4.4 10 50 M M 2 14 110
6 53 35 44 2 21 0 1.14 0.0 0 9.2 18 40 M M 9 1 25 50
7 54 33 44 2 21 0 0.00 0.0 0 9.3 22 270 M M 0 32 270
8 49 28 39 -3 26 0 0.02 0.0 0 5.9 15 80 M M 1 19 110
9 57 36 47 5 18 0 4.38 0.0 0 12.9 31 240 M M 9 138 51 230
10 49 34 42 0 23 0 0.00 0.0 0 13.8 33 240 M M 2 50 240
11 60 28 44 2 21 0 0.00 0.0 0 5.4 13 220 M M 0 18 270
12 48 29 39 -3 26 0 0.90 0.0 0 6.0 17 60 M M 5 13 21 60
13 49 34 42 0 23 0 0.00 0.0 0 13.6 24 240 M M 1 1 35 220
14 56 29 43 1 22 0 0.00 0.0 0 9.6 25 240 M M 0 34 220
15 58 37 48 6 17 0 0.00 0.0 0 7.0 16 240 M M 5 25 220
16 43 22 33 -9 32 0 0.13 0.0 0 5.8 15 360 M M 7 1 24 20
17 40 15 28 -14 37 0 0.00 0.0 0 3.5 13 210 M M 0 16 210
18 50 19 35 -7 30 0 0.00 0.0 0 5.9 18 220 M M 2 25 190
19 51 26 39 -3 26 0 T 0.0 0 9.2 26 270 M M 4 42 300
20 32 17 25 -17 40 0 0.00 0.0 0 7.7 17 360 M M 0 28 10
21 42 11 27 -15 38 0 0.00 0.0 0 2.1 8 360 M M 0 12 350
22 49 19 34 -8 31 0 0.00 0.0 0 2.0 10 230 M M 2 15 180
23 49 31 40 -2 25 0 0.03 0.0 0 4.3 10 30 M M 10 18 16 30
24 54 44 49 6 16 0 0.35 0.0 0 5.7 10 20 M M 10 12 14 30
25 66 53 60 17 5 0 1.33 0.0 0 5.7 16 150 M M 10 12 23 150
26 72 55 64 21 1 0 0.01 0.0 0 7.1 16 200 M M 6 1 20 190
27 58 52 55 12 10 0 1.87 0.0 0 5.8 12 40 M M 8 123 16 40
28 59 42 51 8 14 0 0.08 0.0 0 11.4 22 260 M M 4 1 35 270
29 56 34 45 2 20 0 0.00 0.0 0 7.8 17 360 M M 1 31 350
30 56 28 42 -1 23 0 T 0.0 0 2.6 12 180 M M 2 16 180
31 55 35 45 2 20 0 0.06 0.0 0 5.7 14 20 M M 3 1 22 10
================================================================================
SM 1609 952 724 0 10.30 0.0 209.3 M 107
================================================================================
AV 51.9 30.7 6.8 FASTST M M 3 MAX(MPH)
MISC ----> 33 240 51 230
================================================================================
NOTES:
# LAST OF SEVERAL OCCURRENCES
COLUMN 17 PEAK WIND IN M.P.H.
PRELIMINARY LOCAL CLIMATOLOGICAL DATA (WS FORM: F-6) , PAGE 2
STATION: GREENVILLE-SPARTANBURG SC
MONTH: JANUARY
YEAR: 2024
LATITUDE: 34 54 N
LONGITUDE: 82 13 W
[TEMPERATURE DATA] [PRECIPITATION DATA] SYMBOLS USED IN COLUMN 16
AVERAGE MONTHLY: 41.3 TOTAL FOR MONTH: 10.30 1 = FOG OR MIST
DPTR FM NORMAL: -1.2 DPTR FM NORMAL: 6.18 2 = FOG REDUCING VISIBILITY
HIGHEST: 72 ON 26 GRTST 24HR 4.38 ON 9- 9 TO 1/4 MILE OR LESS
LOWEST: 11 ON 21 3 = THUNDER
SNOW, ICE PELLETS, HAIL 4 = ICE PELLETS
TOTAL MONTH: 0.0 INCH 5 = HAIL
GRTST 24HR 0.0 6 = FREEZING RAIN OR DRIZZLE
GRTST DEPTH: 0 7 = DUSTSTORM OR SANDSTORM:
VSBY 1/2 MILE OR LESS
8 = SMOKE OR HAZE
[NO. OF DAYS WITH] [WEATHER - DAYS WITH] 9 = BLOWING SNOW
X = TORNADO
MAX 32 OR BELOW: 1 0.01 INCH OR MORE: 12
MAX 90 OR ABOVE: 0 0.10 INCH OR MORE: 7
MIN 32 OR BELOW: 18 0.50 INCH OR MORE: 5
MIN 0 OR BELOW: 0 1.00 INCH OR MORE: 4
[HDD (BASE 65) ]
TOTAL THIS MO. 724 CLEAR (SCALE 0-3) 19
DPTR FM NORMAL 25 PTCLDY (SCALE 4-7) 7
TOTAL FM JUL 1 1815 CLOUDY (SCALE 8-10) 5
DPTR FM NORMAL -79
[CDD (BASE 65) ]
TOTAL THIS MO. 0
DPTR FM NORMAL 0 [PRESSURE DATA]
TOTAL FM JAN 1 0 HIGHEST SLP 30.66 ON 22
DPTR FM NORMAL 0 LOWEST SLP 29.27 ON 9
[REMARKS]
#FINAL-01-24#