000
CXUS52 KFFC 011010
CF6GVL
PRELIMINARY LOCAL CLIMATOLOGICAL DATA (WS FORM: F-6)
STATION: GAINESVILLE
MONTH: MARCH
YEAR: 2024
LATITUDE: 34 16 N
LONGITUDE: 83 50 W
TEMPERATURE IN F: :PCPN: SNOW: WIND :SUNSHINE: SKY :PK WND
================================================================================
1 2 3 4 5 6A 6B 7 8 9 10 11 12 13 14 15 16 17 18
12Z AVG MX 2MIN
DY MAX MIN AVG DEP HDD CDD WTR SNW DPTH SPD SPD DIR MIN PSBL S-S WX SPD DR
================================================================================
1 46 37 42 -7 23 0 1.59 M M 11.1 24 100 M M 9 13 33 100
2 63 44 54 5 11 0 T M M 3.8 13 80 M M 7 1 19 80
3 72 47 60 11 5 0 0.00 M M 2.8 10 350 M M 7 128 15 360
4 72 55 64 14 1 0 0.00 M M 4.6 12 100 M M 7 1 14 110
5 64 55 60 10 5 0 0.39 M M 6.5 15 90 M M 7 1 25 160
6 59 53 56 6 9 0 1.76 M M 8.0 17 70 M M 8 1 26 70
7 74 51 63 13 2 0 0.00 M M 4.6 12 120 M M 1 16 120
8 63 55 59 8 6 0 1.06 M M 9.8 21 90 M M 7 1 32 70
9 63 49 56 5 9 0 0.37 M M 10.8 21 300 M M 8 1 32 290
10 58 40 49 -2 16 0 0.00 M M 14.3 24 290 M M 1 36 330
11 64 33 49 -3 16 0 0.00 M M 6.2 14 320 M M 0 21 320
12 71 40 56 4 9 0 0.00 M M 6.7 15 250 M M 0 22 260
13 73 43 58 6 7 0 0.00 M M 6.1 17 240 M M 0 26 260
14 79 49 64 12 1 0 0.00 M M 3.1 13 280 M M 0 20 260
15 70 59 65 12 0 0 0.30 M M 6.6 18 320 M M 6 13 29 320
16 69 55 62 9 3 0 0.00 M M 8.4 17 250 M M 1 1 23 250
17 70 51 61 8 4 0 T M M 9.4 18 250 M M 2 25 270
18 57 37 47 -6 18 0 0.00 M M 12.1 24 280 M M 1 39 300
19 57 32 45 -9 20 0 0.00 M M 10.4 20 250 M M 0 28 240
20 73 43 58 4 7 0 0.00 M M 9.4 21 250 M M 0 32 250
21 76 49 63 9 2 0 0.00 M M 3.3 12 290 M M 0 18 310
22 63 53 58 4 7 0 0.58 M M 11.6 20 90 M M 7 1 31 70
23 70 48 59 4 6 0 0.01 M M 9.8 20 320 M M 6 1 33 320
24 62 38 50 -5 15 0 0.00 M M 9.5 17 100 M M 0 26 90
25 60 43 52 -3 13 0 0.00 M M 13.9 22 90 M M 3 34 50
26 55 50 53 -3 12 0 0.76 M M 9.9 20 70 M M 10 13 33 60
27 73 52 63 7 2 0 0.00 M M 4.7 16 280 M M 5 12 23 240
28 70 50 60 4 5 0 0.00 M M 9.7 21 300 M M 2 33 310
29 70 41 56 0 9 0 0.00 M M 5.7 17 250 M M 0 24 250
30 75 44 60 3 5 0 0.00 M M 7.3 20 250 M M 0 29 240
31 77 53 65 8 0 0 0.00 M M 7.6 18 250 M M 1 28 240
================================================================================
SM 2068 1449 248 0 6.82 M 247.7 M 106
================================================================================
AV 66.7 46.7 8.0 FASTST M M 3 MAX(MPH)
MISC ----> # 24 100 39 300
================================================================================
NOTES:
# LAST OF SEVERAL OCCURRENCES
COLUMN 17 PEAK WIND IN M.P.H.
PRELIMINARY LOCAL CLIMATOLOGICAL DATA (WS FORM: F-6) , PAGE 2
STATION: GAINESVILLE
MONTH: MARCH
YEAR: 2024
LATITUDE: 34 16 N
LONGITUDE: 83 50 W
[TEMPERATURE DATA] [PRECIPITATION DATA] SYMBOLS USED IN COLUMN 16
AVERAGE MONTHLY: 56.7 TOTAL FOR MONTH: 6.82 1 = FOG OR MIST
DPTR FM NORMAL: 3.8 DPTR FM NORMAL: 2.04 2 = FOG REDUCING VISIBILITY
HIGHEST: 79 ON 14 GRTST 24HR 2.15 ON 5- 6 TO 1/4 MILE OR LESS
LOWEST: 32 ON 19 3 = THUNDER
SNOW, ICE PELLETS, HAIL 4 = ICE PELLETS
TOTAL MONTH: M 5 = HAIL
GRTST 24HR M ON M 6 = FREEZING RAIN OR DRIZZLE
GRTST DEPTH: M ON M 7 = DUSTSTORM OR SANDSTORM:
VSBY 1/2 MILE OR LESS
8 = SMOKE OR HAZE
[NO. OF DAYS WITH] [WEATHER - DAYS WITH] 9 = BLOWING SNOW
X = TORNADO
MAX 32 OR BELOW: 0 0.01 INCH OR MORE: 9
MAX 90 OR ABOVE: 0 0.10 INCH OR MORE: 8
MIN 32 OR BELOW: 1 0.50 INCH OR MORE: 5
MIN 0 OR BELOW: 0 1.00 INCH OR MORE: 3
[HDD (BASE 65) ]
TOTAL THIS MO. 248 CLEAR (SCALE 0-3) 18
DPTR FM NORMAL -135 PTCLDY (SCALE 4-7) 10
TOTAL FM JUL 1 2341 CLOUDY (SCALE 8-10) 3
DPTR FM NORMAL -458
[CDD (BASE 65) ]
TOTAL THIS MO. 0
DPTR FM NORMAL -7 [PRESSURE DATA]
TOTAL FM JAN 1 0 HIGHEST SLP 30.39 ON 1
DPTR FM NORMAL -7 LOWEST SLP 29.70 ON 23
[REMARKS]
#FINAL-03-24#