000
CXUS52 KFFC 011110
CF6GVL
PRELIMINARY LOCAL CLIMATOLOGICAL DATA (WS FORM: F-6)
STATION: GAINESVILLE
MONTH: DECEMBER
YEAR: 2020
LATITUDE: 34 16 N
LONGITUDE: 83 50 W
TEMPERATURE IN F: :PCPN: SNOW: WIND :SUNSHINE: SKY :PK WND
================================================================================
1 2 3 4 5 6A 6B 7 8 9 10 11 12 13 14 15 16 17 18
12Z AVG MX 2MIN
DY MAX MIN AVG DEP HDD CDD WTR SNW DPTH SPD SPD DIR MIN PSBL S-S WX SPD DR
================================================================================
1 40 30 35 -12 30 0 0.00 M M 11.4 20 300 M M 5 28 290
2 58 29 44 -3 21 0 0.00 M M 6.6 15 310 M M 0 20 310
3 56 32 44 -3 21 0 0.00 M M 3.5 8 120 M M 3 8 12 120
4 51 42 47 1 18 0 0.55 M M 8.5 23 270 M M 10 13 31 270
5 56 37 47 1 18 0 0.00 0.0 M 8.5 16 250 M M 0 19 290
6 54 35 45 -1 20 0 T 0.0 M 4.6 12 290 M M 2 16 300
7 51 34 43 -3 22 0 0.00 M M 10.4 22 310 M M 4 8 28 320
8 50 28 39 -6 26 0 0.00 M M 9.6 15 260 M M 0 20 300
9 58 31 45 0 20 0 0.00 M M 8.5 16 250 M M 0 22 260
10 66 41 54 9 11 0 0.00 M M 4.9 13 60 M M 0 16 80
11 65 41 53 9 12 0 0.00 M M 3.9 10 80 M M 0 14 80
12 65 46 56 12 9 0 0.14 M M 3.3 12 150 M M 7 1 17 150
13 64 50 57 13 8 0 0.23 M M 4.3 10 340 M M 6 12 14 290
14 61 38 50 6 15 0 0.50 M M 11.7 25 260 M M 4 12 33 300
15 48 34 41 -3 24 0 0.00 M M 10.2 18 100 M M 3 26 100
16 43 36 40 -3 25 0 0.41 M M 7.9 18 100 M M 9 1 23 110
17 41 31 36 -7 29 0 0.00 M M 11.5 18 290 M M 6 23 280
18 51 29 40 -3 25 0 0.00 M M 4.8 17 320 M M 0 24 310
19 50 28 39 -4 26 0 0.00 M M 4.6 10 100 M M 1 15 150
20 55 39 47 4 18 0 T M M 3.3 10 310 M M 8 13 290
21 56 39 48 6 17 0 0.00 0.0 M 10.2 18 260 M M 1 27 250
22 61 41 51 9 14 0 0.00 M M 9.7 20 320 M M 0 29 300
23 58 41 50 8 15 0 0.00 M M 9.4 16 90 M M 2 20 90
24 54 28 41 -1 24 0 1.50 T M 12.7 28 290 M M 9 1 39 280
25 30 22 26 -16 39 0 T M M 13.3 24 260 M M 2 8 32 270
26 45 20 33 -9 32 0 0.00 M M 8.2 15 300 M M 0 22 290
27 57 30 44 2 21 0 0.00 M M 4.3 10 290 M M 0 13 140
28 52 31 42 0 23 0 0.00 M M 4.4 13 260 M M 4 1 15 270
29 61 37 49 7 16 0 0.00 M M 6.1 13 90 M M 0 1 17 80
30 47 42 45 3 20 0 0.00 M M 9.5 17 80 M M 10 18 22 100
31 60 42 51 10 14 0 0.06 M M 3.8 12 90 M M 10 128 14 80
================================================================================
SM 1664 1084 633 0 3.39 T 233.6 M 106
================================================================================
AV 53.7 35.0 7.5 FASTST M M 3 MAX(MPH)
MISC ----> 28 290 39 280
================================================================================
NOTES:
# LAST OF SEVERAL OCCURRENCES
COLUMN 17 PEAK WIND IN M.P.H.
PRELIMINARY LOCAL CLIMATOLOGICAL DATA (WS FORM: F-6) , PAGE 2
STATION: GAINESVILLE
MONTH: DECEMBER
YEAR: 2020
LATITUDE: 34 16 N
LONGITUDE: 83 50 W
[TEMPERATURE DATA] [PRECIPITATION DATA] SYMBOLS USED IN COLUMN 16
AVERAGE MONTHLY: 44.3 TOTAL FOR MONTH: 3.39 1 = FOG OR MIST
DPTR FM NORMAL: 0.6 DPTR FM NORMAL: -1.11 2 = FOG REDUCING VISIBILITY
HIGHEST: 66 ON 10 GRTST 24HR 1.50 ON 24-24 TO 1/4 MILE OR LESS
LOWEST: 20 ON 26 3 = THUNDER
SNOW, ICE PELLETS, HAIL 4 = ICE PELLETS
TOTAL MONTH: T 5 = HAIL
GRTST 24HR T ON 24-24 6 = FREEZING RAIN OR DRIZZLE
GRTST DEPTH: M ON M 7 = DUSTSTORM OR SANDSTORM:
VSBY 1/2 MILE OR LESS
8 = SMOKE OR HAZE
[NO. OF DAYS WITH] [WEATHER - DAYS WITH] 9 = BLOWING SNOW
X = TORNADO
MAX 32 OR BELOW: 1 0.01 INCH OR MORE: 7
MAX 90 OR ABOVE: 0 0.10 INCH OR MORE: 6
MIN 32 OR BELOW: 13 0.50 INCH OR MORE: 3
MIN 0 OR BELOW: 0 1.00 INCH OR MORE: 1
[HDD (BASE 65) ]
TOTAL THIS MO. 633 CLEAR (SCALE 0-3) 17
DPTR FM NORMAL -28 PTCLDY (SCALE 4-7) 8
TOTAL FM JUL 1 979 CLOUDY (SCALE 8-10) 6
DPTR FM NORMAL -217
[CDD (BASE 65) ]
TOTAL THIS MO. 0
DPTR FM NORMAL -1 [PRESSURE DATA]
TOTAL FM JAN 1 1659 HIGHEST SLP 30.42 ON 29
DPTR FM NORMAL 71 LOWEST SLP 29.57 ON 24
[REMARKS]
#FINAL-12-20#