000
CXUS52 KFFC 011110
CF6GVL
PRELIMINARY LOCAL CLIMATOLOGICAL DATA (WS FORM: F-6)
STATION: GAINESVILLE
MONTH: NOVEMBER
YEAR: 2020
LATITUDE: 34 16 N
LONGITUDE: 83 50 W
TEMPERATURE IN F: :PCPN: SNOW: WIND :SUNSHINE: SKY :PK WND
================================================================================
1 2 3 4 5 6A 6B 7 8 9 10 11 12 13 14 15 16 17 18
12Z AVG MX 2MIN
DY MAX MIN AVG DEP HDD CDD WTR SNW DPTH SPD SPD DIR MIN PSBL S-S WX SPD DR
================================================================================
1 67 46 57 0 8 0 0.05 M M 10.4 23 330 M M 6 1 32 310
2 60 36 48 -9 17 0 0.00 M M 8.9 22 330 M M 0 30 310
3 65 38 52 -5 13 0 0.00 M M 6.2 12 250 M M 0 16 320
4 67 42 55 -1 10 0 0.00 M M 4.2 12 120 M M 0 15 80
5 68 43 56 0 9 0 0.00 M M 4.2 10 90 M M 0 13 130
6 74 51 63 7 2 0 0.00 M M 6.4 12 100 M M 0 14 100
7 74 56 65 10 0 0 0.00 M M 9.8 17 100 M M 6 23 100
8 73 61 67 12 0 2 T M M 11.3 17 90 M M 6 24 60
9 76 63 70 15 0 5 T M M 12.0 20 90 M M 6 28 90
10 69 64 67 12 0 2 0.49 M M 10.3 15 80 M M 10 1 23 90
11 75 67 71 17 0 6 0.21 M M 4.4 10 130 M M 9 12 16 130
12 74 58 66 12 0 1 0.03 M M 6.5 13 240 M M 6 12 16 260
13 73 53 63 9 2 0 0.00 M M 7.5 17 270 M M 3 1 23 260
14 68 44 56 3 9 0 0.00 M M 5.8 14 80 M M 0 18 70
15 68 51 60 7 5 0 T M M 8.3 23 260 M M 5 1 32 250
16 62 39 51 -2 14 0 0.00 M M 7.2 17 300 M M 0 23 300
17 64 41 53 1 12 0 0.00 M M 9.9 22 330 M M 0 31 340
18 64 35 50 -2 15 0 0.00 M M 3.3 12 320 M M 0 15 320
19 59 36 48 -4 17 0 0.00 M M 5.5 12 90 M M 0 16 90
20 68 38 53 2 12 0 0.00 M M 2.7 10 280 M M 0 13 290
21 70 45 58 7 7 0 0.00 M M 2.1 9 310 M M 0 18 13 320
22 69 49 59 8 6 0 0.00 M M 3.3 9 250 M M 4 15 140
23 64 44 54 4 11 0 0.00 M M 7.1 17 320 M M 0 22 320
24 56 40 48 -2 17 0 0.00 M M 8.6 17 90 M M 2 23 90
25 63 46 55 6 10 0 0.51 M M 7.3 17 330 M M 10 1 20 320
26 70 51 61 12 4 0 0.51 M M 5.4 13 250 M M 5 123 16 190
27 68 M M M M M 0.00 M M 5.2 9 260 M M 1 12 260
28 69 50 60 12 5 0 T M M 3.1 9 90 M M 3 15 330
29 54 48 51 3 14 0 0.76 M M 7.3 21 90 M M 8 128 27 80
30 50 32 41 -7 24 0 0.33 M M 14.9 24 280 M M 9 1 33 270
================================================================================
SM 2001 1367 243 16 2.89 M 209.1 M 99
================================================================================
AV 66.7 47.1 7.0 FASTST M M 3 MAX(MPH)
MISC ----> 24 280 33 270
================================================================================
NOTES:
# LAST OF SEVERAL OCCURRENCES
COLUMN 17 PEAK WIND IN M.P.H.
PRELIMINARY LOCAL CLIMATOLOGICAL DATA (WS FORM: F-6) , PAGE 2
STATION: GAINESVILLE
MONTH: NOVEMBER
YEAR: 2020
LATITUDE: 34 16 N
LONGITUDE: 83 50 W
[TEMPERATURE DATA] [PRECIPITATION DATA] SYMBOLS USED IN COLUMN 16
AVERAGE MONTHLY: 56.9 TOTAL FOR MONTH: 2.89 1 = FOG OR MIST
DPTR FM NORMAL: 4.3 DPTR FM NORMAL: -1.58 2 = FOG REDUCING VISIBILITY
HIGHEST: 76 ON 9 GRTST 24HR 1.09 ON 29-30 TO 1/4 MILE OR LESS
LOWEST: 32 ON 30 3 = THUNDER
SNOW, ICE PELLETS, HAIL 4 = ICE PELLETS
TOTAL MONTH: M 5 = HAIL
GRTST 24HR M ON M 6 = FREEZING RAIN OR DRIZZLE
GRTST DEPTH: M ON M 7 = DUSTSTORM OR SANDSTORM:
VSBY 1/2 MILE OR LESS
8 = SMOKE OR HAZE
[NO. OF DAYS WITH] [WEATHER - DAYS WITH] 9 = BLOWING SNOW
X = TORNADO
MAX 32 OR BELOW: 0 0.01 INCH OR MORE: 8
MAX 90 OR ABOVE: 0 0.10 INCH OR MORE: 6
MIN 32 OR BELOW: 1 0.50 INCH OR MORE: 3
MIN 0 OR BELOW: 0 1.00 INCH OR MORE: 0
[HDD (BASE 65) ]
TOTAL THIS MO. 243 CLEAR (SCALE 0-3) 16
DPTR FM NORMAL -134 PTCLDY (SCALE 4-7) 10
TOTAL FM JUL 1 346 CLOUDY (SCALE 8-10) 4
DPTR FM NORMAL -190
[CDD (BASE 65) ]
TOTAL THIS MO. 16
DPTR FM NORMAL 11 [PRESSURE DATA]
TOTAL FM JAN 1 1659 HIGHEST SLP 30.65 ON 19
DPTR FM NORMAL 72 LOWEST SLP 29.56 ON 30
[REMARKS]
#FINAL-11-20#