822
CXUS54 KFWD 010830
CF6GVT
PRELIMINARY LOCAL CLIMATOLOGICAL DATA (WS FORM: F-6)
STATION: GREENVILLE
MONTH: JANUARY
YEAR: 2021
LATITUDE: 33 4 N
LONGITUDE: 96 4 W
TEMPERATURE IN F: :PCPN: SNOW: WIND :SUNSHINE: SKY :PK WND
================================================================================
1 2 3 4 5 6A 6B 7 8 9 10 11 12 13 14 15 16 17 18
12Z AVG MX 2MIN
DY MAX MIN AVG DEP HDD CDD WTR SNW DPTH SPD SPD DIR MIN PSBL S-S WX SPD DR
================================================================================
1 45 39 42 -3 23 0 0.01 M M 8.8 15 210 M M 10 18 21 190
2 54 36 45 0 20 0 0.00 M M 4.6 10 330 M M 5 M M
3 64 36 50 5 15 0 0.00 M M 7.2 18 200 M M 0 24 200
4 70 36 53 8 12 0 0.00 M M 0.7 7 350 M M 0 M M
5 68 34 51 6 14 0 0.00 M M 4.3 12 140 M M 1 16 140
6 59 46 53 8 12 0 0.24 M M 6.7 14 130 M M 10 18 18 320
7 50 45 48 3 17 0 0.02 M M 11.2 21 330 M M 10 8 25 330
8 50 34 42 -3 23 0 0.00 M M 6.0 10 350 M M 5 16 10
9 50 30 40 -5 25 0 0.00 M M 1.2 7 50 M M 0 M M
10 37 34 36 -9 29 0 0.05 M M 2.0 5 320 M M 8 M M
11 50 30 40 -5 25 0 0.01 M M 1.9 7 350 M M 4 18 M M
12 55 27 41 -4 24 0 0.00 M M 2.6 10 220 M M 0 1 M M
13 63 32 48 3 17 0 0.00 M M 6.8 12 200 M M 0 1 17 200
14 64 43 54 9 11 0 0.00 M M 12.3 25 350 M M 0 36 350
15 54 39 47 2 18 0 0.00 M M 11.7 30 300 M M 0 39 300
16 55 32 44 -1 21 0 0.00 M M 5.3 10 270 M M 1 18 260
17 61 34 48 3 17 0 0.00 M M 4.6 16 300 M M 4 20 300
18 68 32 50 5 15 0 0.00 M M 5.8 18 160 M M 4 23 180
19 59 50 55 10 10 0 0.17 M M 4.6 9 10 M M 10 M M
20 M M M M M M M M M M M M M M M M M
21 M M M M M M M M M M M M M M M M M
22 M M M M M M M M M M M M M M M M M
23 M M M M M M M M M M M M M M M M M
24 M M M M M M M M M M M M M M M M M
25 M M M M M M M M M M M M M M M M M
26 56 M M M M M M M M 9.1 M M M M 4 M 340
27 47 31 39 -7 26 0 M M M 9.9 16 350 M M 3 1 25 0
28 49 26 38 -8 27 0 0.00 M M 4.6 9 50 M M 0 M M
29 60 31 46 0 19 0 0.00 M M 7.6 14 180 M M 1 20 180
30 75 49 62 16 3 0 0.09 M M 14.9 25 250 M M 6 18 36 250
31 57 40 49 3 16 0 0.00 M M 14.8 23 330 M M 2 30 330
================================================================================
SM 1420 866 439 0 0.59 M 169.3 M 88
================================================================================
AV 56.8 36.1 6.8 FASTST M M 4 MAX(MPH)
MISC ----> 30 300 39 300
================================================================================
NOTES:
# LAST OF SEVERAL OCCURRENCES
COLUMN 17 PEAK WIND IN M.P.H.
PRELIMINARY LOCAL CLIMATOLOGICAL DATA (WS FORM: F-6) , PAGE 2
STATION: GREENVILLE
MONTH: JANUARY
YEAR: 2021
LATITUDE: 33 4 N
LONGITUDE: 96 4 W
[TEMPERATURE DATA] [PRECIPITATION DATA] SYMBOLS USED IN COLUMN 16
AVERAGE MONTHLY: 46.4 TOTAL FOR MONTH: 0.59 1 = FOG OR MIST
DPTR FM NORMAL: 1.1 DPTR FM NORMAL: -2.16 2 = FOG REDUCING VISIBILITY
HIGHEST: 75 ON 30 GRTST 24HR 0.43 ON 20-20 TO 1/4 MILE OR LESS
LOWEST: 26 ON 28 3 = THUNDER
SNOW, ICE PELLETS, HAIL 4 = ICE PELLETS
TOTAL MONTH: M 5 = HAIL
GRTST 24HR M ON M 6 = FREEZING RAIN OR DRIZZLE
GRTST DEPTH: M ON M 7 = DUSTSTORM OR SANDSTORM:
VSBY 1/2 MILE OR LESS
8 = SMOKE OR HAZE
[NO. OF DAYS WITH] [WEATHER - DAYS WITH] 9 = BLOWING SNOW
X = TORNADO
MAX 32 OR BELOW: 0 0.01 INCH OR MORE: 7
MAX 90 OR ABOVE: 0 0.10 INCH OR MORE: 2
MIN 32 OR BELOW: 9 0.50 INCH OR MORE: 0
MIN 0 OR BELOW: 0 1.00 INCH OR MORE: 0
[HDD (BASE 65) ]
TOTAL THIS MO. 439 CLEAR (SCALE 0-3) 13
DPTR FM NORMAL -176 PTCLDY (SCALE 4-7) 8
TOTAL FM JUL 1 1216 CLOUDY (SCALE 8-10) 10
DPTR FM NORMAL -340
[CDD (BASE 65) ]
TOTAL THIS MO. 0
DPTR FM NORMAL -3 [PRESSURE DATA]
TOTAL FM JAN 1 0 HIGHEST SLP M ON M
DPTR FM NORMAL -3 LOWEST SLP M ON M
[REMARKS]
#FINAL-01-21#