000
CXUS55 KBOU 010900
CF6GXY
PRELIMINARY LOCAL CLIMATOLOGICAL DATA (WS FORM: F-6)
STATION: GREELEY CO
MONTH: APRIL
YEAR: 2023
LATITUDE: 40 25 N
LONGITUDE: 104 38 W
TEMPERATURE IN F: :PCPN: SNOW: WIND :SUNSHINE: SKY :PK WND
================================================================================
1 2 3 4 5 6A 6B 7 8 9 10 11 12 13 14 15 16 17 18
12Z AVG MX 2MIN
DY MAX MIN AVG DEP HDD CDD WTR SNW DPTH SPD SPD DIR MIN PSBL S-S WX SPD DR
================================================================================
1 68 25 47 M 18 0 M M M 7.1 17 330 M M 0 16 180
2 70 34 52 M 13 0 M M M 9.9 22 250 M M 1 33 280
3 59 26 43 M 22 0 M M M 12.4 25 70 M M 3 43 70
4 32 20 26 M 39 0 M M M 15.3 23 40 M M 8 1 30 40
5 43 13 28 M 37 0 M M M 6.1 16 350 M M 0 M M
6 54 18 36 M 29 0 M M M 5.1 12 200 M M 0 20 140
7 69 20 45 M 20 0 M M M 5.5 9 130 M M 0 17 130
8 69 29 49 M 16 0 M M M 5.5 16 300 M M 2 22 300
9 71 29 50 M 15 0 M M M 5.0 12 60 M M 0 M M
10 78 27 53 M 12 0 M M M 3.3 7 340 M M 0 M M
11 86 32 59 M 6 0 M M M 4.7 15 150 M M 0 18 150
12 88 36 62 M 3 0 M M M 6.3 14 230 M M 0 20 230
13 81 49 65 M 0 0 M M M 9.0 23 20 M M 1 8 40 360
14 54 33 44 M 21 0 M M M 11.6 25 360 M M 9 1 35 360
15 53 28 41 M 24 0 M M M 12.7 28 320 M M 2 41 330
16 65 20 43 M 22 0 M M M 5.0 9 160 M M 0 M M
17 77 26 52 M 13 0 M M M 6.0 14 170 M M 0 21 170
18 80 33 57 M 8 0 M M M 9.7 23 320 M M 0 35 320
19 60 33 47 M 18 0 M M M 15.2 30 20 M M 3 38 20
20 52 26 39 M 26 0 M M M 19.8 31 310 M M 0 45 300
21 49 27 38 M 27 0 M M M 8.8 18 40 M M 5 1 23 10
22 43 24 34 M 31 0 M M M 4.4 10 10 M M 6 M M
23 60 18 39 M 26 0 M M M 4.6 9 180 M M 1 M M
24 69 28 49 M 16 0 M M M 5.9 15 100 M M 1 M M
25 53 42 48 M 17 0 M M M 12.9 24 20 M M 10 13 32 130
26 60 42 51 M 14 0 M M M 5.9 10 170 M M 6 1 16 170
27 70 39 55 M 10 0 M M M 14.4 33 360 M M 4 52 360
28 62 45 54 M 11 0 M M M 15.7 25 350 M M 3 36 360
29 74 40 57 M 8 0 M M M 8.8 25 360 M M 3 36 360
30 69 37 53 M 12 0 M M M 6.6 10 120 M M 1 M M
================================================================================
SM 1918 899 534 0 M M 263.2 M 69
================================================================================
AV 63.9 30.0 8.8 FASTST M M 2 MAX(MPH)
MISC ----> 33 360 52 360
================================================================================
NOTES:
# LAST OF SEVERAL OCCURRENCES
COLUMN 17 PEAK WIND IN M.P.H.
PRELIMINARY LOCAL CLIMATOLOGICAL DATA (WS FORM: F-6) , PAGE 2
STATION: GREELEY CO
MONTH: APRIL
YEAR: 2023
LATITUDE: 40 25 N
LONGITUDE: 104 38 W
[TEMPERATURE DATA] [PRECIPITATION DATA] SYMBOLS USED IN COLUMN 16
AVERAGE MONTHLY: 47.0 TOTAL FOR MONTH: M 1 = FOG OR MIST
DPTR FM NORMAL: 0.0 DPTR FM NORMAL: M 2 = FOG REDUCING VISIBILITY
HIGHEST: 88 ON 12 GRTST 24HR 0.64 ON 25-26 TO 1/4 MILE OR LESS
LOWEST: 13 ON 5 3 = THUNDER
SNOW, ICE PELLETS, HAIL 4 = ICE PELLETS
TOTAL MONTH: M 5 = HAIL
GRTST 24HR M ON M 6 = FREEZING RAIN OR DRIZZLE
GRTST DEPTH: M ON M 7 = DUSTSTORM OR SANDSTORM:
VSBY 1/2 MILE OR LESS
8 = SMOKE OR HAZE
[NO. OF DAYS WITH] [WEATHER - DAYS WITH] 9 = BLOWING SNOW
X = TORNADO
MAX 32 OR BELOW: 1 0.01 INCH OR MORE: 0
MAX 90 OR ABOVE: 0 0.10 INCH OR MORE: 0
MIN 32 OR BELOW: 18 0.50 INCH OR MORE: 0
MIN 0 OR BELOW: 0 1.00 INCH OR MORE: 0
[HDD (BASE 65) ]
TOTAL THIS MO. 534 CLEAR (SCALE 0-3) 19
DPTR FM NORMAL M PTCLDY (SCALE 4-7) 9
TOTAL FM JUL 1 6691 CLOUDY (SCALE 8-10) 2
DPTR FM NORMAL M
[CDD (BASE 65) ]
TOTAL THIS MO. 0
DPTR FM NORMAL M [PRESSURE DATA]
TOTAL FM JAN 1 0 HIGHEST SLP 30.16 ON 29
DPTR FM NORMAL M LOWEST SLP 29.97 ON 29
[REMARKS]
#FINAL-04-23#