000
CXUS51 KGYX 290900
CF6GYX
PRELIMINARY LOCAL CLIMATOLOGICAL DATA (WS FORM: F-6)
STATION: GRAY ME
MONTH: MARCH
YEAR: 2024
LATITUDE: 43 53 N
LONGITUDE: 70 15 W
TEMPERATURE IN F: :PCPN: SNOW: WIND :SUNSHINE: SKY :PK WND
================================================================================
1 2 3 4 5 6A 6B 7 8 9 10 11 12 13 14 15 16 17 18
12Z AVG MX 2MIN
DY MAX MIN AVG DEP HDD CDD WTR SNW DPTH SPD SPD DIR MIN PSBL S-S WX SPD DR
================================================================================
1 37 10 24 -5 41 0 0.00 0.0 T M M M M M M M M
2 44 25 35 6 30 0 0.50 0.0 T M M M M M M M M
3 55 38 47 18 18 0 0.87 0.0 0 M M M M M M 25 M
4 53 36 45 16 20 0 T 0.0 0 M M M M M M 18 M
5 40 34 37 7 28 0 0.45 0.0 0 M M M M M M 1 15 M
6 55 35 45 15 20 0 0.36 0.0 0 M M M M M M 16 M
7 42 36 39 9 26 0 0.00 0.0 0 M M M M M M M M
8 47 30 39 8 26 0 0.00 0.0 0 M M M M M M 28 M
9 38 27 33 2 32 0 T T 0 M M M M M M 20 M
10 48 31 40 9 25 0 3.17 0.4 T M M M M M M 1 M M
11 37 30 34 3 31 0 0.00 0.0 0 M M M M M M M M
12 46 30 38 6 27 0 0.00 0.0 0 M M M M M M M M
13 54 31 43 11 22 0 T 0.0 0 M M M M M M M M
14 49 34 42 10 23 0 0.01 0.0 0 M M M M M M M M
15 38 36 37 4 28 0 0.32 0.0 0 M M M M M M M M
16 49 30 40 7 25 0 T 0.0 0 M M M M M M M M
17 52 35 44 11 21 0 0.27 T 0 M M M M M M M M
18 47 30 39 5 26 0 T T 0 M M M M M M M M
19 43 29 36 2 29 0 0.00 0.0 0 M M M M M M M M
20 44 27 36 2 29 0 0.09 1.3 1 M M M M M M 31 M
21 33 21 27 -7 38 0 0.03 0.4 2 M M M M M M M M
22 37 18 28 -7 37 0 0.00 0.0 T M M M M M M M M
23 28 22 25 -10 40 0 1.99 8.6 3 M M M M M M M M
24 38 20 29 -6 36 0 0.00 0.0 9 M M M M M M M M
25 39 24 32 -4 33 0 0.00 0.0 9 M M M M M M M M
26 35 29 32 -4 33 0 0.10 0.0 7 M 23 M M M M M M
27 52 33 43 7 22 0 0.35 0.0 6 M 16 M M M M 1 M M
28 44 39 42 5 23 0 1.22 0.0 4 M 15 M M M M 12 M M
================================================================================
SM 1224 820 789 0 9.73 10.7 M M M
================================================================================
AV 43.7 29.3 M FASTST M M M MAX(MPH)
MISC ----> 23 9999 31 9999
================================================================================
NOTES:
# LAST OF SEVERAL OCCURRENCES
COLUMN 17 PEAK WIND IN M.P.H.
PRELIMINARY LOCAL CLIMATOLOGICAL DATA (WS FORM: F-6) , PAGE 2
STATION: GRAY ME
MONTH: MARCH
YEAR: 2024
LATITUDE: 43 53 N
LONGITUDE: 70 15 W
[TEMPERATURE DATA] [PRECIPITATION DATA] SYMBOLS USED IN COLUMN 16
AVERAGE MONTHLY: 36.5 TOTAL FOR MONTH: 9.73 1 = FOG OR MIST
DPTR FM NORMAL: 4.0 DPTR FM NORMAL: 6.11 2 = FOG REDUCING VISIBILITY
HIGHEST: 55 ON 6, 3 GRTST 24HR 3.17 ON 10-10 TO 1/4 MILE OR LESS
LOWEST: 10 ON 1 3 = THUNDER
SNOW, ICE PELLETS, HAIL 4 = ICE PELLETS
TOTAL MONTH: 10.7 INCHES 5 = HAIL
GRTST 24HR 8.6 ON 23-23 6 = FREEZING RAIN OR DRIZZLE
GRTST DEPTH: 9 ON 25,24 7 = DUSTSTORM OR SANDSTORM:
VSBY 1/2 MILE OR LESS
8 = SMOKE OR HAZE
[NO. OF DAYS WITH] [WEATHER - DAYS WITH] 9 = BLOWING SNOW
X = TORNADO
MAX 32 OR BELOW: 1 0.01 INCH OR MORE: 14
MAX 90 OR ABOVE: 0 0.10 INCH OR MORE: 11
MIN 32 OR BELOW: 18 0.50 INCH OR MORE: 5
MIN 0 OR BELOW: 0 1.00 INCH OR MORE: 3
[HDD (BASE 65) ]
TOTAL THIS MO. 789 CLEAR (SCALE 0-3) 0
DPTR FM NORMAL -121 PTCLDY (SCALE 4-7) 0
TOTAL FM JUL 1 5327 CLOUDY (SCALE 8-10) 28
DPTR FM NORMAL -657
[CDD (BASE 65) ]
TOTAL THIS MO. 0
DPTR FM NORMAL 0 [PRESSURE DATA]
TOTAL FM JAN 1 0 HIGHEST SLP M ON M
DPTR FM NORMAL 0 LOWEST SLP M ON M
[REMARKS]