000
CXUX51 KGYX 030100
CLMGYX
PWMCLMGYX 000
TTAA00 GYX 020421
CLIMATE REPORT
NATIONAL WEATHER SERVICE GRAY ME
0800 PM EST SAT DEC 02 2023
...................................
...THE GRAY ME CLIMATE SUMMARY FOR THE MONTH OF NOVEMBER 2023...
CLIMATE NORMAL PERIOD: 1991 TO 2020
CLIMATE RECORD PERIOD: 1995 TO 2023
WEATHER OBSERVED NORMAL DEPART LAST YEAR`S
VALUE DATE(S) VALUE FROM VALUE
NORMAL
..............................................................
TEMPERATURE (F)
RECORD
HIGH 76 11/05/2022
LOW 3 11/22/2018
HIGHEST 59 11/07 64 -5 76
LOWEST 17 11/25 18 -1 15
AVG. MAXIMUM 43.6 46.1 -2.5 51.0
AVG. MINIMUM 28.3 31.4 -3.1 33.0
MEAN 36.0 38.8 -2.8 42.0
DAYS MAX >= 90 0 0.0 0.0 0
DAYS MAX <= 32 3 2.3 0.7 1
DAYS MIN <= 32 24 18.2 5.8 18
DAYS MIN <= 0 0 0.0 0.0 0
PRECIPITATION (INCHES)
RECORD
MAXIMUM 8.67 2018
MINIMUM 1.31 2012
TOTALS 3.30 4.65 -1.35 4.42
DAILY AVG. 0.11 0.16 -0.05 0.15
DAYS >= .01 5 11.3 -6.3 10
DAYS >= .10 4 7.2 -3.2 7
DAYS >= .50 2 3.1 -1.1 5
DAYS >= 1.00 2 1.4 0.6 2
GREATEST
24 HR. TOTAL 1.44 11/22
SNOWFALL (INCHES)
RECORDS
TOTAL 23.9 1997
TOTALS 0.1 3.8 -3.7 1.6
SINCE 7/1 0.1 4.4 -4.3 1.6
SNOWDEPTH AVG. 0 0
DAYS >= TRACE 5 2.3 2.7 7
DAYS >= 1.0 0 1.0 -1.0 1
GREATEST
SNOW DEPTH 0 1
24 HR TOTAL 0.1 11/22
DEGREE DAYS
HEATING TOTAL 864 788 76 684
SINCE 7/1 1302 1471 -169 1264
COOLING TOTAL 0 0 0 1
SINCE 1/1 429 395 34 584
..............................................................
- INDICATES NEGATIVE NUMBERS.
R INDICATES RECORD WAS SET OR TIED.
MM INDICATES DATA IS MISSING.
T INDICATES TRACE AMOUNT.
&&
THE AVERAGE TEMPERATURE FOR THE MONTH WAS 36.0 DEGREES, WHICH WAS
2.8 DEGREES BELOW NORMAL. THE COLDEST NOVEMBER ON RECORD WAS IN 2018
WHEN THE AVERAGE TEMPERATURE WAS 33.0 DEGREES. THE WARMEST WAS 43.5
DEGREES IN 2011.
A TOTAL OF 3.30 INCHES OF PRECIPITATION FELL, WHICH WAS 1.35 INCHES
BELOW NORMAL. THE DRIEST NOVEMBER ON RECORD WAS IN 2012 WHEN ONLY
1.31 INCHES OF PRECIPITATION FELL. THE WETTEST WAS 8.67 INCHES IN
2018.
A TOTAL OF 0.1 INCHES OF SNOW FELL, WHICH WAS 3.7 INCHES BELOW
NORMAL. THE LEAST SNOWY NOVEMBER ON RECORD WAS IN 2006 WHEN NO SNOW
FELL. THE SNOWIEST WAS 23.9 INCHES IN 1997.
$$
HAT