000
CXUS53 KGID 011430
CF6HDE
PRELIMINARY LOCAL CLIMATOLOGICAL DATA (WS FORM: F-6)
STATION: HOLDREGE NE
MONTH: JUNE
YEAR: 2023
LATITUDE: 40 27 N
LONGITUDE: 99 20 W
TEMPERATURE IN F: :PCPN: SNOW: WIND :SUNSHINE: SKY :PK WND
================================================================================
1 2 3 4 5 6A 6B 7 8 9 10 11 12 13 14 15 16 17 18
12Z AVG MX 2MIN
DY MAX MIN AVG DEP HDD CDD WTR SNW DPTH SPD SPD DIR MIN PSBL S-S WX SPD DR
================================================================================
1 80 62 71 M 0 6 T M M 12.3 22 180 M M 3 27 180
2 73 60 67 M 0 2 0.19 M M 12.8 22 180 M M 6 32 140
3 80 60 70 M 0 5 0.29 M M 7.3 28 90 M M 8 1 38 90
4 83 58 71 M 0 6 0.00 M M 7.2 13 60 M M 3 12 23 110
5 83 61 72 M 0 7 0.05 M M 3.9 12 270 M M 4 1 24 30
6 85 57 71 M 0 6 0.00 M M 3.8 14 90 M M 1 1 M M
7 87 60 74 M 0 9 0.00 M M 3.8 7 220 M M 2 8 M M
8 90 60 75 M 0 10 0.00 M M 4.7 15 70 M M 1 21 70
9 88 64 76 M 0 11 0.23 M M 7.1 18 50 M M 4 1 33 230
10 81 60 71 M 0 6 0.09 M M 6.5 17 250 M M 4 1 29 20
11 72 53 63 M 2 0 0.44 M M 12.2 22 30 M M 6 1 25 30
12 73 47 60 M 5 0 0.00 M M 4.1 8 30 M M 0 M M
13 78 53 66 M 0 1 T M M 3.1 9 60 M M 5 M M
14 80 54 67 M 0 2 0.00 M M 2.8 6 120 M M 1 M M
15 86 56 71 M 0 6 0.00 M M 5.7 12 200 M M 1 17 200
16 82 60 71 M 0 6 0.66 M M 7.1 21 20 M M 3 3 33 20
17 72 55 64 M 1 0 0.50 M M 6.7 12 330 M M 5 23 310
18 84 57 71 M 0 6 0.00 M M 6.0 10 210 M M 0 16 300
19 90 60 75 M 0 10 0.00 M M 11.9 21 170 M M 0 30 170
20 87 63 75 M 0 10 0.00 M M 12.8 20 150 M M 5 27 150
21 76 65 71 M 0 6 0.43 M M 8.4 18 110 M M 3 13 29 0
22 81 62 72 M 0 7 0.93 M M 5.1 14 150 M M 5 1 17 170
23 85 63 74 M 0 9 0.00 M M 9.3 16 160 M M 2 1 21 150
24 86 61 74 M 0 9 T M M 10.3 21 280 M M 1 33 0
25 80 56 68 M 0 3 0.00 M M 10.2 17 320 M M 0 25 320
26 82 54 68 M 0 3 0.00 M M 3.9 12 90 M M 0 M M
27 84 61 73 M 0 8 T M M 14.4 24 140 M M 1 38 31 200
28 85 62 74 M 0 9 T M M 7.4 12 50 M M 0 18 20
29 82 64 73 M 0 8 0.26 M M 9.4 32 10 M M 1 3 41 10
30 77 64 71 M 0 6 0.55 M M 6.5 15 310 M M 6 1 23 310
================================================================================
SM 2452 1772 8 177 4.62 M 226.7 M 81
================================================================================
AV 81.7 59.1 7.6 FASTST M M 3 MAX(MPH)
MISC ----> 32 10 M M
================================================================================
NOTES:
# LAST OF SEVERAL OCCURRENCES
COLUMN 17 PEAK WIND IN M.P.H.
PRELIMINARY LOCAL CLIMATOLOGICAL DATA (WS FORM: F-6) , PAGE 2
STATION: HOLDREGE NE
MONTH: JUNE
YEAR: 2023
LATITUDE: 40 27 N
LONGITUDE: 99 20 W
[TEMPERATURE DATA] [PRECIPITATION DATA] SYMBOLS USED IN COLUMN 16
AVERAGE MONTHLY: 70.4 TOTAL FOR MONTH: 4.62 1 = FOG OR MIST
DPTR FM NORMAL: M DPTR FM NORMAL: M 2 = FOG REDUCING VISIBILITY
HIGHEST: 90 ON 19, 8 GRTST 24HR 0.93 ON 22-22 TO 1/4 MILE OR LESS
LOWEST: 47 ON 12 3 = THUNDER
SNOW, ICE PELLETS, HAIL 4 = ICE PELLETS
TOTAL MONTH: M 5 = HAIL
GRTST 24HR M ON M 6 = FREEZING RAIN OR DRIZZLE
GRTST DEPTH: M ON M 7 = DUSTSTORM OR SANDSTORM:
VSBY 1/2 MILE OR LESS
8 = SMOKE OR HAZE
[NO. OF DAYS WITH] [WEATHER - DAYS WITH] 9 = BLOWING SNOW
X = TORNADO
MAX 32 OR BELOW: 0 0.01 INCH OR MORE: 12
MAX 90 OR ABOVE: 2 0.10 INCH OR MORE: 10
MIN 32 OR BELOW: 0 0.50 INCH OR MORE: 4
MIN 0 OR BELOW: 0 1.00 INCH OR MORE: 0
[HDD (BASE 65) ]
TOTAL THIS MO. 8 CLEAR (SCALE 0-3) 17
DPTR FM NORMAL M PTCLDY (SCALE 4-7) 13
TOTAL FM JUL 1 6124 CLOUDY (SCALE 8-10) 0
DPTR FM NORMAL M
[CDD (BASE 65) ]
TOTAL THIS MO. 177
DPTR FM NORMAL M [PRESSURE DATA]
TOTAL FM JAN 1 227 HIGHEST SLP M ON M
DPTR FM NORMAL M LOWEST SLP M ON M
[REMARKS]
#FINAL-06-23#