000
CXUS53 KGID 011144
CF6HDE
PRELIMINARY LOCAL CLIMATOLOGICAL DATA (WS FORM: F-6)
STATION: HOLDREGE NE
MONTH: APRIL
YEAR: 2023
LATITUDE: 40 27 N
LONGITUDE: 99 20 W
TEMPERATURE IN F: :PCPN: SNOW: WIND :SUNSHINE: SKY :PK WND
================================================================================
1 2 3 4 5 6A 6B 7 8 9 10 11 12 13 14 15 16 17 18
12Z AVG MX 2MIN
DY MAX MIN AVG DEP HDD CDD WTR SNW DPTH SPD SPD DIR MIN PSBL S-S WX SPD DR
================================================================================
1 64 24 44 M 21 0 0.00 M M 12.0 25 320 M M 0 33 320
2 70 33 52 M 13 0 0.00 M M 9.5 24 180 M M 0 30 180
3 62 37 50 M 15 0 0.00 M M 18.3 29 60 M M 4 37 60
4 41 24 33 M 32 0 0.00 M M 19.9 30 70 M M 7 1 39 70
5 44 21 33 M 32 0 0.00 M M 15.2 27 320 M M 2 38 320
6 59 20 40 M 25 0 0.00 M M 8.2 17 250 M M 2 29 240
7 67 28 48 M 17 0 0.00 M M 15.9 28 200 M M 0 38 190
8 76 38 57 M 8 0 0.00 M M 19.0 29 180 M M 0 41 180
9 74 49 62 M 3 0 T M M 9.5 31 160 M M 3 35 160
10 75 40 58 M 7 0 0.00 M M 7.6 14 50 M M 0 24 100
11 84 40 62 M 3 0 0.00 M M 13.4 22 180 M M 0 28 180
12 89 54 72 M 0 7 0.00 M M 22.1 31 180 M M 0 40 190
13 89 53 71 M 0 6 0.00 M M 26.1 33 160 M M 0 44 170
14 68 44 56 M 9 0 0.00 M M 20.0 29 350 M M 2 37 360
15 47 33 40 M 25 0 0.08 M M 18.2 25 360 M M 8 31 340
16 60 32 46 M 19 0 0.00 M M 14.9 30 320 M M 0 39 330
17 78 27 53 M 12 0 0.00 M M 10.2 23 110 M M 0 29 90
18 82 37 60 M 5 0 T M M 18.7 28 190 M M 0 3 40 130
19 71 50 61 M 4 0 0.00 M M 16.5 32 350 M M 2 8 41 350
20 58 39 49 M 16 0 T M M 17.9 30 310 M M 4 40 350
21 52 32 42 M 23 0 0.00 M M 15.9 23 310 M M 2 32 310
22 50 28 39 M 26 0 0.00 M M 14.5 23 330 M M 1 32 330
23 59 24 42 M 23 0 0.00 M M 7.0 14 230 M M 4 22 260
24 67 30 49 M 16 0 0.00 M M 14.2 24 170 M M 1 32 190
25 58 33 46 M 19 0 0.00 M M 9.6 16 110 M M 6 24 110
26 68 40 54 M 11 0 0.00 M M 9.0 15 140 M M 5 20 130
27 71 39 55 M 10 0 0.12 M M 10.5 22 190 M M 3 27 190
28 58 37 48 M 17 0 0.01 M M 19.7 32 350 M M 8 41 350
29 71 37 54 M 11 0 0.00 M M 16.4 33 350 M M 1 47 350
30 60 34 47 M 18 0 0.00 M M 15.6 28 340 M M 0 35 360
================================================================================
SM 1972 1057 440 13 0.21 M 445.5 M 65
================================================================================
AV 65.7 35.2 14.9 FASTST M M 2 MAX(MPH)
MISC ----> # 33 160 47 350
================================================================================
NOTES:
# LAST OF SEVERAL OCCURRENCES
COLUMN 17 PEAK WIND IN M.P.H.
PRELIMINARY LOCAL CLIMATOLOGICAL DATA (WS FORM: F-6) , PAGE 2
STATION: HOLDREGE NE
MONTH: APRIL
YEAR: 2023
LATITUDE: 40 27 N
LONGITUDE: 99 20 W
[TEMPERATURE DATA] [PRECIPITATION DATA] SYMBOLS USED IN COLUMN 16
AVERAGE MONTHLY: 50.5 TOTAL FOR MONTH: 0.21 1 = FOG OR MIST
DPTR FM NORMAL: M DPTR FM NORMAL: M 2 = FOG REDUCING VISIBILITY
HIGHEST: 89 ON 13,12 GRTST 24HR 0.12 ON 27-27 TO 1/4 MILE OR LESS
LOWEST: 20 ON 6 3 = THUNDER
SNOW, ICE PELLETS, HAIL 4 = ICE PELLETS
TOTAL MONTH: M 5 = HAIL
GRTST 24HR M ON M 6 = FREEZING RAIN OR DRIZZLE
GRTST DEPTH: M ON M 7 = DUSTSTORM OR SANDSTORM:
VSBY 1/2 MILE OR LESS
8 = SMOKE OR HAZE
[NO. OF DAYS WITH] [WEATHER - DAYS WITH] 9 = BLOWING SNOW
X = TORNADO
MAX 32 OR BELOW: 0 0.01 INCH OR MORE: 3
MAX 90 OR ABOVE: 0 0.10 INCH OR MORE: 1
MIN 32 OR BELOW: 11 0.50 INCH OR MORE: 0
MIN 0 OR BELOW: 0 1.00 INCH OR MORE: 0
[HDD (BASE 65) ]
TOTAL THIS MO. 440 CLEAR (SCALE 0-3) 22
DPTR FM NORMAL M PTCLDY (SCALE 4-7) 7
TOTAL FM JUL 1 6023 CLOUDY (SCALE 8-10) 1
DPTR FM NORMAL M
[CDD (BASE 65) ]
TOTAL THIS MO. 13
DPTR FM NORMAL M [PRESSURE DATA]
TOTAL FM JAN 1 13 HIGHEST SLP M ON M
DPTR FM NORMAL M LOWEST SLP M ON M
[REMARKS]
#FINAL-04-23#