546
CXUS53 KGID 011134
CF6HDE
PRELIMINARY LOCAL CLIMATOLOGICAL DATA (WS FORM: F-6)
STATION: HOLDREGE
MONTH: MARCH
YEAR: 2021
LATITUDE: 40 27 N
LONGITUDE: 99 20 W
TEMPERATURE IN F: :PCPN: SNOW: WIND :SUNSHINE: SKY :PK WND
================================================================================
1 2 3 4 5 6A 6B 7 8 9 10 11 12 13 14 15 16 17 18
12Z AVG MX 2MIN
DY MAX MIN AVG DEP HDD CDD WTR SNW DPTH SPD SPD DIR MIN PSBL S-S WX SPD DR
================================================================================
1 50 27 39 6 26 0 0.00 M M 7.1 13 320 M M 0 18 230
2 68 29 49 15 16 0 0.00 M M 8.2 18 220 M M 0 24 220
3 67 30 49 15 16 0 0.00 M M 3.3 9 110 M M 0 M M
4 68 29 49 15 16 0 0.00 M M 8.1 20 120 M M 0 25 120
5 62 32 47 12 18 0 0.00 M M 5.6 8 150 M M 0 1 M M
6 70 35 53 18 12 0 0.00 M M 10.0 21 190 M M 0 27 190
7 70 39 55 19 10 0 0.00 M M 10.9 22 210 M M 0 29 190
8 71 35 53 17 12 0 0.00 M M 12.6 23 170 M M 0 32 170
9 76 41 59 23 6 0 0.00 M M 9.8 16 150 M M 0 22 170
10 58 32 45 9 20 0 0.00 M M 11.3 18 290 M M 4 27 290
11 54 25 40 3 25 0 0.00 M M 7.3 14 340 M M 0 18 340
12 53 30 42 5 23 0 0.00 M M 12.0 18 120 M M 6 28 110
13 43 38 41 3 24 0 2.33 M M 15.2 30 60 M M 10 13 37 60
14 44 40 42 4 23 0 1.14 M M 26.0 38 80 M M 10 1 48 70
15 43 37 40 2 25 0 0.05 M M 7.9 13 10 M M 10 12 17 350
16 48 33 41 2 24 0 0.00 M M 6.4 13 360 M M 8 12 20 330
17 40 33 37 -2 28 0 0.00 M M 16.0 24 10 M M 8 31 10
18 47 31 39 0 26 0 0.00 M M 12.6 18 10 M M 7 25 360
19 55 28 42 2 23 0 0.00 M M 9.3 20 190 M M 0 24 190
20 66 35 51 11 14 0 0.00 M M 18.5 30 180 M M 0 37 190
21 61 46 54 14 11 0 0.00 M M 16.2 27 190 M M 1 39 180
22 46 36 41 0 24 0 1.51 M M 12.7 21 20 M M 10 27 40
23 44 37 41 0 24 0 0.98 M M 20.6 27 340 M M 10 37 340
24 50 35 43 2 22 0 0.00 M M 12.6 24 340 M M 5 33 350
25 53 33 43 1 22 0 0.00 M M 5.5 10 140 M M 5 M M
26 56 34 45 3 20 0 0.02 M M 11.6 21 120 M M 4 1 28 120
27 57 33 45 3 20 0 0.00 M M 10.5 20 330 M M 6 1 28 330
28 71 30 51 8 14 0 0.00 M M 9.2 20 250 M M 0 27 220
29 80 43 62 19 3 0 0.00 M M 13.3 39 360 M M 0 53 10
30 50 29 40 -3 25 0 0.00 M M 10.9 25 360 M M 4 36 360
31 51 23 37 -7 28 0 0.00 M M 6.6 14 320 M M 4 29 300
================================================================================
SM 1772 1038 600 0 6.03 M 347.8 M 112
================================================================================
AV 57.2 33.5 11.2 FASTST M M 4 MAX(MPH)
MISC ----> 39 360 M M
================================================================================
NOTES:
# LAST OF SEVERAL OCCURRENCES
COLUMN 17 PEAK WIND IN M.P.H.
PRELIMINARY LOCAL CLIMATOLOGICAL DATA (WS FORM: F-6) , PAGE 2
STATION: HOLDREGE
MONTH: MARCH
YEAR: 2021
LATITUDE: 40 27 N
LONGITUDE: 99 20 W
[TEMPERATURE DATA] [PRECIPITATION DATA] SYMBOLS USED IN COLUMN 16
AVERAGE MONTHLY: 45.3 TOTAL FOR MONTH: 6.03 1 = FOG OR MIST
DPTR FM NORMAL: 6.7 DPTR FM NORMAL: 4.10 2 = FOG REDUCING VISIBILITY
HIGHEST: 80 ON 29 GRTST 24HR 2.33 ON 13-13 TO 1/4 MILE OR LESS
LOWEST: 23 ON 31 3 = THUNDER
SNOW, ICE PELLETS, HAIL 4 = ICE PELLETS
TOTAL MONTH: M 5 = HAIL
GRTST 24HR M ON M 6 = FREEZING RAIN OR DRIZZLE
GRTST DEPTH: M ON M 7 = DUSTSTORM OR SANDSTORM:
VSBY 1/2 MILE OR LESS
8 = SMOKE OR HAZE
[NO. OF DAYS WITH] [WEATHER - DAYS WITH] 9 = BLOWING SNOW
X = TORNADO
MAX 32 OR BELOW: 0 0.01 INCH OR MORE: 6
MAX 90 OR ABOVE: 0 0.10 INCH OR MORE: 4
MIN 32 OR BELOW: 13 0.50 INCH OR MORE: 4
MIN 0 OR BELOW: 0 1.00 INCH OR MORE: 3
[HDD (BASE 65) ]
TOTAL THIS MO. 600 CLEAR (SCALE 0-3) 15
DPTR FM NORMAL -219 PTCLDY (SCALE 4-7) 9
TOTAL FM JUL 1 5139 CLOUDY (SCALE 8-10) 7
DPTR FM NORMAL -421
[CDD (BASE 65) ]
TOTAL THIS MO. 0
DPTR FM NORMAL 0 [PRESSURE DATA]
TOTAL FM JAN 1 0 HIGHEST SLP M ON M
DPTR FM NORMAL 0 LOWEST SLP M ON M
[REMARKS]
#FINAL-03-21#