000
CXUS53 KBIS 010930
CF6HEI
PRELIMINARY LOCAL CLIMATOLOGICAL DATA (WS FORM: F-6)
STATION: HETTINGER ND
MONTH: DECEMBER
YEAR: 2021
LATITUDE: 46 0 N
LONGITUDE: 102 39 W
TEMPERATURE IN F: :PCPN: SNOW: WIND :SUNSHINE: SKY :PK WND
================================================================================
1 2 3 4 5 6A 6B 7 8 9 10 11 12 13 14 15 16 17 18
12Z AVG MX 2MIN
DY MAX MIN AVG DEP HDD CDD WTR SNW DPTH SPD SPD DIR MIN PSBL S-S WX SPD DR
================================================================================
1 71 30 51 28 14 0 0.00 M M 13.4 33 280 M M 1 45 270
2 51 32 42 19 23 0 T M M 8.4 18 290 M M 9 1 24 290
3 43 29 36 13 29 0 T M M 8.4 17 340 M M 8 23 310
4 31 25 28 6 37 0 0.02 M M 13.9 25 130 M M 10 1 36 140
5 33 7 20 -2 45 0 T M M 23.2 36 290 M M 7 8 48 300
6 21 -5 8 -14 57 0 T M M 9.8 24 300 M M 6 1 31 300
7 25 11 18 -3 47 0 T M M 6.9 17 280 M M 6 1 22 260
8 50 8 29 8 36 0 T M M 5.8 16 200 M M 3 21 190
9 41 20 31 10 34 0 T M M 9.2 25 300 M M 1 33 300
10 37 15 26 5 39 0 0.00 M M 6.8 20 270 M M 3 25 280
11 43 14 29 9 36 0 0.00 M M 13.1 23 230 M M 0 33 230
12 53 25 39 19 26 0 0.00 M M 7.9 20 230 M M 0 24 240
13 42 19 31 11 34 0 0.00 M M 6.2 15 110 M M 0 20 100
14 57 20 39 19 26 0 0.00 M M 5.1 17 200 M M 0 21 190
15 43 11 27 8 38 0 M M M 21.2 36 310 M M 7 1 47 320
16 28 2 15 -4 50 0 0.00 M M 10.6 29 290 M M 2 36 290
17 19 -6 7 -12 58 0 M M M 10.6 26 310 M M 6 32 300
18 21 -13 4 -15 61 0 0.00 M M 7.1 14 150 M M 2 20 170
19 47 16 32 14 33 0 T M M 10.2 22 310 M M 7 29 330
20 22 5 14 -4 51 0 M M M 10.5 21 310 M M 6 1 28 320
21 30 12 21 3 44 0 M M M 11.7 36 300 M M 5 1 47 300
22 47 12 30 12 35 0 0.00 M M 3.3 13 230 M M 3 19 230
23 54 23 39 21 26 0 0.00 M M 6.7 20 220 M M 0 26 220
24 46 16 31 13 34 0 T M M 11.9 26 290 M M 5 37 290
25 17 9 13 -4 52 0 0.03 M M 8.3 16 80 M M 10 18 23 80
26 18 2 10 -7 55 0 M M M 17.0 39 300 M M 10 128 54 290
27 2 -11 -4 -21 69 0 M M M 14.4 38 290 M M 5 189 50 300
28 2 -22 -10 -27 75 0 M M M 3.1 12 170 M M 3 14 170
29 4 -3 1 -16 64 0 M M M 6.5 16 360 M M 10 8 20 350
30 16 -5 6 -11 59 0 T M M 8.4 17 340 M M 6 18 22 160
31 -2 -20 -11 -28 76 0 0.00 M M 9.2 18 320 M M 5 23 350
================================================================================
SM 1012 278 1363 0 0.05 M 308.8 M 146
================================================================================
AV 32.6 9.0 10.0 FASTST M M 5 MAX(MPH)
MISC ----> 39 300 54 290
================================================================================
NOTES:
# LAST OF SEVERAL OCCURRENCES
COLUMN 17 PEAK WIND IN M.P.H.
PRELIMINARY LOCAL CLIMATOLOGICAL DATA (WS FORM: F-6) , PAGE 2
STATION: HETTINGER ND
MONTH: DECEMBER
YEAR: 2021
LATITUDE: 46 0 N
LONGITUDE: 102 39 W
[TEMPERATURE DATA] [PRECIPITATION DATA] SYMBOLS USED IN COLUMN 16
AVERAGE MONTHLY: 20.8 TOTAL FOR MONTH: 0.05 1 = FOG OR MIST
DPTR FM NORMAL: 1.4 DPTR FM NORMAL: -0.09 2 = FOG REDUCING VISIBILITY
HIGHEST: 71 ON 1 GRTST 24HR 0.08 ON 26-26 TO 1/4 MILE OR LESS
LOWEST: -22 ON 28 3 = THUNDER
SNOW, ICE PELLETS, HAIL 4 = ICE PELLETS
TOTAL MONTH: M 5 = HAIL
GRTST 24HR M ON M 6 = FREEZING RAIN OR DRIZZLE
GRTST DEPTH: M ON M 7 = DUSTSTORM OR SANDSTORM:
VSBY 1/2 MILE OR LESS
8 = SMOKE OR HAZE
[NO. OF DAYS WITH] [WEATHER - DAYS WITH] 9 = BLOWING SNOW
X = TORNADO
MAX 32 OR BELOW: 15 0.01 INCH OR MORE: 2
MAX 90 OR ABOVE: 0 0.10 INCH OR MORE: 0
MIN 32 OR BELOW: 31 0.50 INCH OR MORE: 0
MIN 0 OR BELOW: 8 1.00 INCH OR MORE: 0
[HDD (BASE 65) ]
TOTAL THIS MO. 1363 CLEAR (SCALE 0-3) 11
DPTR FM NORMAL -50 PTCLDY (SCALE 4-7) 15
TOTAL FM JUL 1 2828 CLOUDY (SCALE 8-10) 5
DPTR FM NORMAL -661
[CDD (BASE 65) ]
TOTAL THIS MO. 0
DPTR FM NORMAL 0 [PRESSURE DATA]
TOTAL FM JAN 1 690 HIGHEST SLP 30.51 ON 18
DPTR FM NORMAL 303 LOWEST SLP 29.09 ON 23
[REMARKS]
#FINAL-12-21#