000
CXUS54 KHGX 011410
CF6HGX
PRELIMINARY LOCAL CLIMATOLOGICAL DATA (WS FORM: F-6)
STATION: DICKINSON WFO
MONTH: OCTOBER
YEAR: 2023
LATITUDE: 29 28 N
LONGITUDE: 95 5 W
TEMPERATURE IN F: :PCPN: SNOW: WIND :SUNSHINE: SKY :PK WND
================================================================================
1 2 3 4 5 6A 6B 7 8 9 10 11 12 13 14 15 16 17 18
12Z AVG MX 2MIN
DY MAX MIN AVG DEP HDD CDD WTR SNW DPTH SPD SPD DIR MIN PSBL S-S WX SPD DR
================================================================================
1 90 74 82 5 0 17 0.00 0.0 0 M M M M M M M M
2 89 73 81 5 0 16 0.00 0.0 0 M M M M M M M M
3 82 76 79 3 0 14 1.06 0.0 0 M M M M M M 138 M M
4 88 78 83 7 0 18 0.02 0.0 0 M M M M M M M M
5 81 71 76 0 0 11 0.88 0.0 0 M M M M M M 13 M M
6 82 68 75 0 0 10 0.00 0.0 0 M M M M M M M M
7 77 64 71 -4 0 6 0.00 0.0 0 M M M M M M M M
8 74 59 67 -8 0 2 0.00 0.0 0 M M M M M M M M
9 81 57 69 -5 0 4 0.00 0.0 0 M M M M M M M M
10 79 64 72 -2 0 7 0.01 0.0 0 M M M M M M M M
11 70 64 67 -7 0 2 0.96 0.0 0 M M M M M M M M
12 79 61 70 -4 0 5 0.00 0.0 0 M M M M M M M M
13 86 67 77 4 0 12 0.00 0.0 0 M M M M M M M M
14 77 62 70 -3 0 5 0.00 0.0 0 M M M M M M M M
15 73 57 65 -7 0 0 0.00 0.0 0 M M M M M M M M
16 69 50 60 -12 5 0 0.00 0.0 0 M M M M M M M M
17 72 47 60 -12 5 0 0.00 0.0 0 M M M M M M M M
18 81 53 67 -5 0 2 0.00 0.0 0 M M M M M M M M
19 88 60 74 3 0 9 0.00 0.0 0 M M M M M M M M
20 91 63 77 6 0 12 0.00 0.0 0 M M M M M M M M
21 91 60 76 5 0 11 0.00 0.0 0 M M M M M M M M
22 85 68 77 7 0 12 0.00 0.0 0 M M M M M M M M
23 86 68 77 7 0 12 0.20 0.0 0 M M M M M M M M
24 85 75 80 10 0 15 0.00 0.0 0 M M M M M M M M
25 85 76 81 12 0 16 T 0.0 0 M M M M M M M M
26 84 76 80 11 0 15 0.01 0.0 0 M M M M M M M M
27 87 76 82 13 0 17 0.01 0.0 0 M M M M M M M M
28 86 75 81 13 0 16 0.00 0.0 0 M M M M M M M M
29 85 55 70 2 0 5 0.02 0.0 0 M M M M M M M M
30 55 47 51 -17 14 0 0.03 0.0 0 M M M M M M M M
31 59 46 53 -14 12 0 0.01 0.0 0 M M M M M M M M
================================================================================
SM 2497 1990 36 271 3.21 0.0 M M M
================================================================================
AV 80.5 64.2 M FASTST M M M MAX(MPH)
MISC ----> M M M M
================================================================================
NOTES:
# LAST OF SEVERAL OCCURRENCES
COLUMN 17 PEAK WIND IN M.P.H.
PRELIMINARY LOCAL CLIMATOLOGICAL DATA (WS FORM: F-6) , PAGE 2
STATION: DICKINSON WFO
MONTH: OCTOBER
YEAR: 2023
LATITUDE: 29 28 N
LONGITUDE: 95 5 W
[TEMPERATURE DATA] [PRECIPITATION DATA] SYMBOLS USED IN COLUMN 16
AVERAGE MONTHLY: 72.4 TOTAL FOR MONTH: 3.21 1 = FOG OR MIST
DPTR FM NORMAL: 0.3 DPTR FM NORMAL: -2.58 2 = FOG REDUCING VISIBILITY
HIGHEST: 91 ON 21,20 GRTST 24HR 1.06 ON 3- 3 TO 1/4 MILE OR LESS
LOWEST: 46 ON 31 3 = THUNDER
SNOW, ICE PELLETS, HAIL 4 = ICE PELLETS
TOTAL MONTH: 0.0 INCH 5 = HAIL
GRTST 24HR 0.0 6 = FREEZING RAIN OR DRIZZLE
GRTST DEPTH: 0 7 = DUSTSTORM OR SANDSTORM:
VSBY 1/2 MILE OR LESS
8 = SMOKE OR HAZE
[NO. OF DAYS WITH] [WEATHER - DAYS WITH] 9 = BLOWING SNOW
X = TORNADO
MAX 32 OR BELOW: 0 0.01 INCH OR MORE: 11
MAX 90 OR ABOVE: 3 0.10 INCH OR MORE: 4
MIN 32 OR BELOW: 0 0.50 INCH OR MORE: 3
MIN 0 OR BELOW: 0 1.00 INCH OR MORE: 1
[HDD (BASE 65) ]
TOTAL THIS MO. 36 CLEAR (SCALE 0-3) 0
DPTR FM NORMAL 14 PTCLDY (SCALE 4-7) 0
TOTAL FM JUL 1 36 CLOUDY (SCALE 8-10) 31
DPTR FM NORMAL 17
[CDD (BASE 65) ]
TOTAL THIS MO. 271
DPTR FM NORMAL 27 [PRESSURE DATA]
TOTAL FM JAN 1 3627 HIGHEST SLP M ON M
DPTR FM NORMAL 542 LOWEST SLP M ON M
[REMARKS]
#FINAL-10-23#