000
CXUS53 KGID 011518
CF6HJH
PRELIMINARY LOCAL CLIMATOLOGICAL DATA (WS FORM: F-6)
STATION: HEBRON
MONTH: APRIL
YEAR: 2020
LATITUDE: 40 9 N
LONGITUDE: 97 35 W
TEMPERATURE IN F: :PCPN: SNOW: WIND :SUNSHINE: SKY :PK WND
================================================================================
1 2 3 4 5 6A 6B 7 8 9 10 11 12 13 14 15 16 17 18
12Z AVG MX 2MIN
DY MAX MIN AVG DEP HDD CDD WTR SNW DPTH SPD SPD DIR MIN PSBL S-S WX SPD DR
================================================================================
1 77 48 63 17 2 0 0.00 M M 13.3 31 170 M M 0 37 170
2 60 24 42 -4 23 0 M M M 12.9 22 340 M M 8 138 32 350
3 40 23 32 -15 33 0 M M M 14.6 20 340 M M 7 1 28 350
4 50 26 38 -9 27 0 0.00 M M 6.4 10 30 M M 7 M M
5 59 24 42 -5 23 0 0.00 M M 8.6 17 150 M M 5 18 21 180
6 82 52 67 19 0 2 0.00 M M 11.1 16 190 M M 6 25 210
7 87 48 68 20 0 3 0.00 M M 5.5 15 360 M M 2 12 25 310
8 73 42 58 10 7 0 0.00 M M 11.1 25 10 M M 0 32 360
9 58 29 44 -5 21 0 0.00 M M 11.5 23 340 M M 2 38 320
10 59 20 40 -9 25 0 0.00 M M 7.8 18 180 M M 2 25 210
11 75 44 60 11 5 0 0.00 M M 5.1 14 40 M M 0 23 40
12 52 27 40 -10 25 0 M M M 20.5 31 10 M M 9 1 47 10
13 44 19 32 -18 33 0 0.00 M M 10.1 20 310 M M 0 30 330
14 52 17 35 -15 30 0 0.00 M M 7.3 17 250 M M 4 33 280
15 54 20 37 -14 28 0 0.00 M M 3.9 10 40 M M 3 M M
16 44 32 38 -13 27 0 M M M 14.6 21 40 M M 9 29 30
17 53 27 40 -12 25 0 0.00 M M 7.4 16 20 M M 6 1 23 20
18 72 35 54 2 11 0 0.00 M M 12.3 22 210 M M 0 29 230
19 67 39 53 1 12 0 0.00 M M 6.8 15 60 M M 0 24 60
20 72 39 56 3 9 0 0.01 M M 7.8 20 320 M M 3 3 27 320
21 76 38 57 4 8 0 0.00 M M 4.9 13 220 M M 1 17 170
22 69 49 59 6 6 0 0.00 M M 6.3 13 190 M M 3 1 M M
23 82 44 63 9 2 0 T M M 4.6 15 360 M M 3 1 18 140
24 58 46 52 -2 13 0 0.08 M M 7.0 15 350 M M 6 23 10
25 69 39 54 0 11 0 0.00 M M 7.0 16 320 M M 2 3 21 350
26 74 33 54 -1 11 0 T M M 8.6 21 150 M M 2 3 29 170
27 83 56 70 15 0 5 0.00 M M 10.5 17 180 M M 0 23 180
28 77 47 62 6 3 0 0.03 M M 10.8 28 350 M M 2 8 38 350
29 68 48 58 2 7 0 0.00 M M 15.5 24 350 M M 5 35 340
30 79 41 60 4 5 0 0.00 M M 5.9 13 170 M M 0 17 170
================================================================================
SM 1965 1076 432 10 M M 279.7 M 97
================================================================================
AV 65.5 35.9 9.3 FASTST M M 3 MAX(MPH)
MISC ----> # 31 170 # M M
================================================================================
NOTES:
# LAST OF SEVERAL OCCURRENCES
COLUMN 17 PEAK WIND IN M.P.H.
PRELIMINARY LOCAL CLIMATOLOGICAL DATA (WS FORM: F-6) , PAGE 2
STATION: HEBRON
MONTH: APRIL
YEAR: 2020
LATITUDE: 40 9 N
LONGITUDE: 97 35 W
[TEMPERATURE DATA] [PRECIPITATION DATA] SYMBOLS USED IN COLUMN 16
AVERAGE MONTHLY: 50.7 TOTAL FOR MONTH: M 1 = FOG OR MIST
DPTR FM NORMAL: -0.3 DPTR FM NORMAL: M 2 = FOG REDUCING VISIBILITY
HIGHEST: 87 ON 7 GRTST 24HR M ON M TO 1/4 MILE OR LESS
LOWEST: 17 ON 14 3 = THUNDER
SNOW, ICE PELLETS, HAIL 4 = ICE PELLETS
TOTAL MONTH: M 5 = HAIL
GRTST 24HR M ON M 6 = FREEZING RAIN OR DRIZZLE
GRTST DEPTH: M ON M 7 = DUSTSTORM OR SANDSTORM:
VSBY 1/2 MILE OR LESS
8 = SMOKE OR HAZE
[NO. OF DAYS WITH] [WEATHER - DAYS WITH] 9 = BLOWING SNOW
X = TORNADO
MAX 32 OR BELOW: 0 0.01 INCH OR MORE: M
MAX 90 OR ABOVE: 0 0.10 INCH OR MORE: M
MIN 32 OR BELOW: 12 0.50 INCH OR MORE: M
MIN 0 OR BELOW: 0 1.00 INCH OR MORE: M
[HDD (BASE 65) ]
TOTAL THIS MO. 432 CLEAR (SCALE 0-3) 18
DPTR FM NORMAL 2 PTCLDY (SCALE 4-7) 10
TOTAL FM JUL 1 5283 CLOUDY (SCALE 8-10) 2
DPTR FM NORMAL -531
[CDD (BASE 65) ]
TOTAL THIS MO. 10
DPTR FM NORMAL -2 [PRESSURE DATA]
TOTAL FM JAN 1 10 HIGHEST SLP M ON M
DPTR FM NORMAL -3 LOWEST SLP M ON M
[REMARKS]
#FINAL-04-20#