000
CXUS56 KHNX 012329
CF6HJO
PRELIMINARY LOCAL CLIMATOLOGICAL DATA (WS FORM: F-6)
STATION: HANFORD CA AIRPORT
MONTH: JANUARY
YEAR: 2024
LATITUDE: 36 19 N
LONGITUDE: 119 38 W
TEMPERATURE IN F: :PCPN: SNOW: WIND :SUNSHINE: SKY :PK WND
================================================================================
1 2 3 4 5 6A 6B 7 8 9 10 11 12 13 14 15 16 17 18
12Z AVG MX 2MIN
DY MAX MIN AVG DEP HDD CDD WTR SNW DPTH SPD SPD DIR MIN PSBL S-S WX SPD DR
================================================================================
1 51 46 49 3 16 0 0.00 0.0 0 3.5 8 310 M M 7 128 10 310
2 50 47 49 3 16 0 0.18 0.0 0 4.2 13 170 M M 10 12 18 150
3 56 40 48 2 17 0 0.31 0.0 0 2.3 15 330 M M 7 1 19 320
4 53 37 45 -1 20 0 0.00 0.0 0 2.7 9 330 M M 6 12 14 50
5 56 36 46 0 19 0 0.00 0.0 0 1.8 9 280 M M 3 18 14 280
6 50 34 42 -4 23 0 0.04 0.0 0 2.6 12 300 M M 5 128 16 300
7 52 33 43 -3 22 0 T 0.0 0 6.5 18 320 M M 3 1 22 320
8 53 30 42 -4 23 0 0.00 0.0 0 2.1 7 170 M M 0 18 9 180
9 54 30 42 -4 23 0 0.00 0.0 0 2.0 8 180 M M 3 1 11 160
10 59 37 48 2 17 0 0.07 0.0 0 4.6 13 320 M M 5 18 16 310
11 53 33 43 -3 22 0 T 0.0 0 6.4 26 320 M M 1 36 330
12 53 31 42 -4 23 0 0.00 0.0 0 2.7 7 150 M M 2 1 10 200
13 50 34 42 -4 23 0 0.03 0.0 0 3.6 8 240 M M 2 18 12 260
14 61 41 51 4 14 0 0.00 0.0 0 1.9 8 300 M M 5 18 11 290
15 53 42 48 1 17 0 0.00 0.0 0 3.8 8 280 M M 8 128 11 20
16 51 46 49 2 16 0 T 0.0 0 2.2 7 170 M M 10 18 9 130
17 61 45 53 6 12 0 0.07 0.0 0 1.8 8 260 M M 8 128 16 280
18 60 44 52 5 13 0 0.00 0.0 0 2.7 8 40 M M 5 128 12 130
19 65 46 56 9 9 0 T 0.0 0 2.8 10 70 M M 4 128 18 80
20 65 54 60 13 5 0 0.12 0.0 0 4.5 9 160 M M 6 18 15 180
21 66 53 60 13 5 0 0.05 0.0 0 4.0 10 160 M M 7 1 17 200
22 60 52 56 9 9 0 0.36 0.0 0 2.8 8 90 M M 9 18 13 80
23 63 50 57 10 8 0 0.10 0.0 0 4.6 14 310 M M 7 1 19 320
24 59 49 54 6 11 0 0.31 0.0 0 3.2 9 160 M M 8 1 14 140
25 64 46 55 7 10 0 0.00 0.0 0 3.9 13 310 M M 6 12 18 340
26 64 40 52 4 13 0 0.00 0.0 0 1.6 7 270 M M 1 12 9 240
27 67 46 57 9 8 0 0.00 0.0 0 2.0 7 310 M M 2 128 10 330
28 69 44 57 9 8 0 0.00 0.0 0 1.2 7 320 M M 3 128 8 120
29 75 44 60 12 5 0 0.00 0.0 0 1.3 6 60 M M 4 128 9 200
30 73 46 60 12 5 0 0.00 0.0 0 2.6 8 230 M M 0 18 11 230
31 70 52 61 13 4 0 0.06 0.0 0 4.2 10 140 M M 2 18 16 130
================================================================================
SM 1836 1308 436 0 1.70 0.0 96.1 M 149
================================================================================
AV 59.2 42.2 3.1 FASTST M M 5 MAX(MPH)
MISC ----> 26 320 36 330
================================================================================
NOTES:
# LAST OF SEVERAL OCCURRENCES
COLUMN 17 PEAK WIND IN M.P.H.
PRELIMINARY LOCAL CLIMATOLOGICAL DATA (WS FORM: F-6) , PAGE 2
STATION: HANFORD CA AIRPORT
MONTH: JANUARY
YEAR: 2024
LATITUDE: 36 19 N
LONGITUDE: 119 38 W
[TEMPERATURE DATA] [PRECIPITATION DATA] SYMBOLS USED IN COLUMN 16
AVERAGE MONTHLY: 50.7 TOTAL FOR MONTH: 1.70 1 = FOG OR MIST
DPTR FM NORMAL: 3.9 DPTR FM NORMAL: 0.14 2 = FOG REDUCING VISIBILITY
HIGHEST: 75 ON 29 GRTST 24HR 0.83 ON 22-22 TO 1/4 MILE OR LESS
LOWEST: 30 ON 9, 8 3 = THUNDER
SNOW, ICE PELLETS, HAIL 4 = ICE PELLETS
TOTAL MONTH: 0.0 INCH 5 = HAIL
GRTST 24HR 0.0 6 = FREEZING RAIN OR DRIZZLE
GRTST DEPTH: 0 7 = DUSTSTORM OR SANDSTORM:
VSBY 1/2 MILE OR LESS
8 = SMOKE OR HAZE
[NO. OF DAYS WITH] [WEATHER - DAYS WITH] 9 = BLOWING SNOW
X = TORNADO
MAX 32 OR BELOW: 0 0.01 INCH OR MORE: 12
MAX 90 OR ABOVE: 0 0.10 INCH OR MORE: 6
MIN 32 OR BELOW: 3 0.50 INCH OR MORE: 0
MIN 0 OR BELOW: 0 1.00 INCH OR MORE: 0
[HDD (BASE 65) ]
TOTAL THIS MO. 436 CLEAR (SCALE 0-3) 11
DPTR FM NORMAL -128 PTCLDY (SCALE 4-7) 17
TOTAL FM JUL 1 1153 CLOUDY (SCALE 8-10) 3
DPTR FM NORMAL -439
[CDD (BASE 65) ]
TOTAL THIS MO. 0
DPTR FM NORMAL 0 [PRESSURE DATA]
TOTAL FM JAN 1 0 HIGHEST SLP 30.43 ON 9
DPTR FM NORMAL 0 LOWEST SLP 29.68 ON 31
[REMARKS]
#FINAL-01-24#