690
CXUS52 KGSP 010817
CF6HKY
PRELIMINARY LOCAL CLIMATOLOGICAL DATA (WS FORM: F-6)
STATION: HICKORY NC
MONTH: JULY
YEAR: 2020
LATITUDE: 35 45 N
LONGITUDE: 81 23 W
TEMPERATURE IN F: :PCPN: SNOW: WIND :SUNSHINE: SKY :PK WND
================================================================================
1 2 3 4 5 6A 6B 7 8 9 10 11 12 13 14 15 16 17 18
12Z AVG MX 2MIN
DY MAX MIN AVG DEP HDD CDD WTR SNW DPTH SPD SPD DIR MIN PSBL S-S WX SPD DR
================================================================================
1 88 68 78 1 0 13 0.00 M M 4.2 10 260 M M 1 14 340
2 89 66 78 1 0 13 0.00 M M 3.7 10 360 M M 1 1 15 360
3 91 68 80 3 0 15 0.00 M M 1.5 8 200 M M 3 10 200
4 91 72 82 5 0 17 0.00 M M 3.4 10 230 M M 3 15 210
5 89 69 79 1 0 14 0.95 M M 3.6 15 200 M M 2 138 20 200
6 87 66 77 -1 0 12 0.03 M M 1.7 13 190 M M 4 12 21 190
7 79 70 75 -3 0 10 0.43 M M 3.7 12 360 M M 6 13 14 360
8 88 68 78 0 0 13 0.00 M M 4.7 13 10 M M 4 1 16 20
9 87 69 78 0 0 13 0.00 M M 3.8 12 50 M M 2 18 50
10 90 69 80 2 0 15 0.12 M M 5.1 21 290 M M 3 13 31 320
11 87 67 77 -1 0 12 0.00 M M 4.9 14 290 M M 3 12 19 300
12 87 64 76 -2 0 11 0.00 M M 4.5 13 300 M M 1 3 17 300
13 88 67 78 0 0 13 0.00 M M 2.9 9 270 M M 2 12 240
14 91 67 79 1 0 14 0.00 M M 2.4 8 60 M M 1 11 200
15 91 70 81 3 0 16 T M M 2.8 18 240 M M 4 13 23 240
16 89 75 82 4 0 17 0.00 M M 3.1 13 190 M M 5 16 200
17 92 72 82 4 0 17 0.00 M M 3.2 14 320 M M 1 3 24 310
18 92 70 81 3 0 16 0.36 M M 3.2 31 360 M M 1 1238 46 340
19 92 70 81 3 0 16 0.14 M M 2.8 16 290 M M 1 123 23 290
20 91 71 81 3 0 16 0.33 M M 3.6 15 200 M M 2 13 19 190
21 92 70 81 3 0 16 0.52 M M 3.0 38 260 M M 1 138 46 250
22 90 68 79 1 0 14 0.00 M M 3.2 12 260 M M 1 12 15 270
23 89 69 79 1 0 14 0.47 M M 3.2 18 330 M M 4 13 26 330
24 83 69 76 -2 0 11 0.02 M M 3.5 9 280 M M 3 1 13 270
25 89 67 78 0 0 13 0.00 M M 3.3 16 30 M M 1 3 24 20
26 90 68 79 1 0 14 0.00 M M 2.2 10 190 M M 2 12 15 200
27 92 71 82 4 0 17 0.10 M M 3.5 16 220 M M 1 3 21 220
28 90 71 81 4 0 16 0.35 M M 3.5 13 100 M M 2 13 20 100
29 88 69 79 2 0 14 0.19 M M 2.3 16 240 M M 2 123 21 240
30 86 69 78 1 0 13 0.40 M M 3.1 14 210 M M 4 123 17 210
31 91 70 81 4 0 16 0.18 M M 5.1 24 300 M M 6 123 34 280
================================================================================
SM 2759 2139 0 441 4.59 M 104.7 M 77
================================================================================
AV 89.0 69.0 3.4 FASTST M M 2 MAX(MPH)
MISC ----> 38 260 # 46 340
================================================================================
NOTES:
# LAST OF SEVERAL OCCURRENCES
COLUMN 17 PEAK WIND IN M.P.H.
PRELIMINARY LOCAL CLIMATOLOGICAL DATA (WS FORM: F-6) , PAGE 2
STATION: HICKORY NC
MONTH: JULY
YEAR: 2020
LATITUDE: 35 45 N
LONGITUDE: 81 23 W
[TEMPERATURE DATA] [PRECIPITATION DATA] SYMBOLS USED IN COLUMN 16
AVERAGE MONTHLY: 79.0 TOTAL FOR MONTH: 4.59 1 = FOG OR MIST
DPTR FM NORMAL: 1.4 DPTR FM NORMAL: 0.15 2 = FOG REDUCING VISIBILITY
HIGHEST: 92 ON 27,21 GRTST 24HR 0.98 ON 5- 6 TO 1/4 MILE OR LESS
LOWEST: 64 ON 12 3 = THUNDER
SNOW, ICE PELLETS, HAIL 4 = ICE PELLETS
TOTAL MONTH: M 5 = HAIL
GRTST 24HR M ON M 6 = FREEZING RAIN OR DRIZZLE
GRTST DEPTH: M ON M 7 = DUSTSTORM OR SANDSTORM:
VSBY 1/2 MILE OR LESS
8 = SMOKE OR HAZE
[NO. OF DAYS WITH] [WEATHER - DAYS WITH] 9 = BLOWING SNOW
X = TORNADO
MAX 32 OR BELOW: 0 0.01 INCH OR MORE: 15
MAX 90 OR ABOVE: 15 0.10 INCH OR MORE: 13
MIN 32 OR BELOW: 0 0.50 INCH OR MORE: 2
MIN 0 OR BELOW: 0 1.00 INCH OR MORE: 0
[HDD (BASE 65) ]
TOTAL THIS MO. 0 CLEAR (SCALE 0-3) 22
DPTR FM NORMAL 0 PTCLDY (SCALE 4-7) 9
TOTAL FM JUL 1 0 CLOUDY (SCALE 8-10) 0
DPTR FM NORMAL 0
[CDD (BASE 65) ]
TOTAL THIS MO. 441
DPTR FM NORMAL 52 [PRESSURE DATA]
TOTAL FM JAN 1 816 HIGHEST SLP 30.17 ON 24
DPTR FM NORMAL 6 LOWEST SLP 29.72 ON 12
[REMARKS]
#FINAL-07-20#