000
CXUS53 KGLD 050042
CLMHLC
CLIMATE REPORT
NATIONAL WEATHER SERVICE
542 PM MST MON MAR 04 2024
...................................
...THE HILL CITY KS CLIMATE SUMMARY FOR THE MONTH OF FEBRUARY 2024...
CLIMATE NORMAL PERIOD: 1991 TO 2020
CLIMATE RECORD PERIOD: 1896 TO 2024
WEATHER OBSERVED NORMAL DEPART LAST YEAR`S
VALUE DATE(S) VALUE FROM VALUE DATE(S)
NORMAL
................................................................
TEMPERATURE (F)
RECORD
HIGH 86 02/28/2006
LOW -21 02/15/2021
02/15/2021
HIGHEST 79 02/26 73 6 73 02/26
LOWEST 9 02/28 0 9 1 02/23
AVG. MAXIMUM 56.0 46.3 9.7 48.6
AVG. MINIMUM 28.1 19.9 8.2 18.4
MEAN 42.1 33.1 9.0 33.5
DAYS MAX >= 90 0 0.0 0.0 0
DAYS MAX <= 32 0 5.4 -5.4 3
DAYS MIN <= 32 22 25.9 -3.9 27
DAYS MIN <= 0 0 1.1 -1.1 0
PRECIPITATION (INCHES)
RECORD
MAXIMUM 3.19 1919
MINIMUM 0.00 2006
TOTALS 1.60 0.45 1.15 0.45
DAILY AVG. 0.06 NAN NAN 0.02
DAYS >= .01 3 3.7 -0.7 4
DAYS >= .10 3 1.1 1.9 1
DAYS >= .50 2 0.3 1.7 0
DAYS >= 1.00 0 0.0 0.0 0
GREATEST
24 HR. TOTAL 1.14 02/02 TO 02/03 0.35
STORM TOTAL 0.73
(MM/DD(HH))
................................................................
- INDICATES NEGATIVE NUMBERS.
R INDICATES RECORD WAS SET OR TIED.
MM INDICATES DATA IS MISSING.
T INDICATES TRACE AMOUNT.
$$