000
CXUS54 KHGX 011510
CF6HOU
PRELIMINARY LOCAL CLIMATOLOGICAL DATA (WS FORM: F-6)
STATION: HOUSTON/HOBBY AIRPORT
MONTH: DECEMBER
YEAR: 2022
LATITUDE: 29 38 N
LONGITUDE: 95 17 W
TEMPERATURE IN F: :PCPN: SNOW: WIND :SUNSHINE: SKY :PK WND
================================================================================
1 2 3 4 5 6A 6B 7 8 9 10 11 12 13 14 15 16 17 18
12Z AVG MX 2MIN
DY MAX MIN AVG DEP HDD CDD WTR SNW DPTH SPD SPD DIR MIN PSBL S-S WX SPD DR
================================================================================
1 59 44 52 -7 13 0 0.00 0.0 0 11.2 17 70 M M 5 23 80
2 80 57 69 10 0 4 T 0.0 0 10.5 21 160 M M 9 1 28 150
3 80 64 72 13 0 7 0.00 0.0 0 6.8 15 200 M M 9 1 20 200
4 72 61 67 8 0 2 0.00 0.0 0 6.8 14 120 M M 8 1 16 130
5 83 66 75 16 0 10 T 0.0 0 9.6 23 200 M M 7 1 29 200
6 85 67 76 18 0 11 0.00 0.0 0 10.2 22 200 M M 7 1 30 180
7 84 70 77 19 0 12 T 0.0 0 8.1 18 180 M M 7 1 27 200
8 82 70 76 18 0 11 0.00 0.0 0 7.9 15 160 M M 7 1 19 150
9 84 70 77 19 0 12 T 0.0 0 7.3 15 170 M M 6 1 20 180
10 82 64 73 15 0 8 0.00 0.0 0 7.9 18 160 M M 8 12 27 160
11 74 65 70 12 0 5 0.69 0.0 0 7.3 18 10 M M 9 13 23 10
12 71 65 68 11 0 3 0.01 0.0 0 12.6 20 130 M M 10 18 27 130
13 82 69 76 19 0 11 0.11 0.0 0 14.7 28 190 M M 8 1 38 200
14 74 52 63 6 2 0 0.22 0.0 0 12.2 25 350 M M 6 13 38 360
15 65 43 54 -3 11 0 0.00 0.0 0 4.3 12 130 M M 0 8 14 350
16 69 44 57 0 8 0 0.20 0.0 0 10.4 24 10 M M 5 1 32 20
17 58 43 51 -5 14 0 0.00 0.0 0 9.2 18 360 M M 6 26 10
18 55 39 47 -9 18 0 0.00 0.0 0 10.4 22 60 M M 5 27 60
19 53 45 49 -7 16 0 0.24 0.0 0 13.9 23 60 M M 10 13 29 80
20 59 48 54 -2 11 0 0.02 0.0 0 12.9 20 20 M M 8 1 29 10
21 56 43 50 -6 15 0 0.00 0.0 0 3.9 16 360 M M 7 1 21 360
22 62 22 42 -14 23 0 T 0.0 0 13.8 37 350 M M 7 128 52 360
23 34 17 26 -30 39 0 0.00 0.0 0 18.7 33 350 M M 1 8 49 360
24 43 23 33 -23 32 0 0.00 0.0 0 7.3 21 10 M M 2 28 360
25 50 28 39 -17 26 0 0.00 0.0 0 4.5 13 50 M M 0 17 40
26 63 31 47 -8 18 0 0.00 0.0 0 4.0 10 350 M M 4 15 350
27 58 36 47 -8 18 0 0.00 0.0 0 6.5 13 110 M M 3 17 10
28 78 39 59 4 6 0 0.00 0.0 0 9.1 25 180 M M 5 1 37 170
29 79 60 70 15 0 5 0.37 0.0 0 11.6 24 190 M M 7 123 35 160
30 71 59 65 10 0 0 0.85 0.0 0 7.1 15 360 M M 8 13 25 360
31 77 53 65 10 0 0 0.00 0.0 0 6.1 14 210 M M 5 12 18 210
================================================================================
SM 2122 1557 270 101 2.71 0.0 286.8 M 189
================================================================================
AV 68.5 50.2 9.3 FASTST M M 6 MAX(MPH)
MISC ----> 37 350 52 360
================================================================================
NOTES:
# LAST OF SEVERAL OCCURRENCES
COLUMN 17 PEAK WIND IN M.P.H.
PRELIMINARY LOCAL CLIMATOLOGICAL DATA (WS FORM: F-6) , PAGE 2
STATION: HOUSTON/HOBBY AIRPORT
MONTH: DECEMBER
YEAR: 2022
LATITUDE: 29 38 N
LONGITUDE: 95 17 W
[TEMPERATURE DATA] [PRECIPITATION DATA] SYMBOLS USED IN COLUMN 16
AVERAGE MONTHLY: 59.3 TOTAL FOR MONTH: 2.71 1 = FOG OR MIST
DPTR FM NORMAL: 2.4 DPTR FM NORMAL: -1.63 2 = FOG REDUCING VISIBILITY
HIGHEST: 85 ON 6 GRTST 24HR 1.22 ON 29-30 TO 1/4 MILE OR LESS
LOWEST: 17 ON 23 3 = THUNDER
SNOW, ICE PELLETS, HAIL 4 = ICE PELLETS
TOTAL MONTH: 0.0 INCH 5 = HAIL
GRTST 24HR 0.0 6 = FREEZING RAIN OR DRIZZLE
GRTST DEPTH: 0 7 = DUSTSTORM OR SANDSTORM:
VSBY 1/2 MILE OR LESS
8 = SMOKE OR HAZE
[NO. OF DAYS WITH] [WEATHER - DAYS WITH] 9 = BLOWING SNOW
X = TORNADO
MAX 32 OR BELOW: 0 0.01 INCH OR MORE: 9
MAX 90 OR ABOVE: 0 0.10 INCH OR MORE: 7
MIN 32 OR BELOW: 5 0.50 INCH OR MORE: 2
MIN 0 OR BELOW: 0 1.00 INCH OR MORE: 0
[HDD (BASE 65) ]
TOTAL THIS MO. 270 CLEAR (SCALE 0-3) 5
DPTR FM NORMAL -16 PTCLDY (SCALE 4-7) 17
TOTAL FM JUL 1 453 CLOUDY (SCALE 8-10) 9
DPTR FM NORMAL 13
[CDD (BASE 65) ]
TOTAL THIS MO. 101
DPTR FM NORMAL 68 [PRESSURE DATA]
TOTAL FM JAN 1 3933 HIGHEST SLP 30.72 ON 23
DPTR FM NORMAL 572 LOWEST SLP 29.67 ON 14
[REMARKS]
#FINAL-12-22#