000
CXUS54 KHGX 251619
CF6HOU
PRELIMINARY LOCAL CLIMATOLOGICAL DATA (WS FORM: F-6)
STATION: HOUSTON/HOBBY AIRPORT
MONTH: JUNE
YEAR: 2020
LATITUDE: 29 38 N
LONGITUDE: 95 17 W
TEMPERATURE IN F: :PCPN: SNOW: WIND :SUNSHINE: SKY :PK WND
================================================================================
1 2 3 4 5 6A 6B 7 8 9 10 11 12 13 14 15 16 17 18
12Z AVG MX 2MIN
DY MAX MIN AVG DEP HDD CDD WTR SNW DPTH SPD SPD DIR MIN PSBL S-S WX SPD DR
================================================================================
1 87 74 81 0 0 16 T 0.0 0 7.3 15 100 M M 9 1 17 110
2 90 73 82 1 0 17 0.00 0.0 0 7.2 16 130 M M 5 19 120
3 90 75 83 1 0 18 T 0.0 0 4.6 16 180 M M 6 3 20 130
4 93 75 84 2 0 19 T 0.0 0 5.9 16 160 M M 5 3 20 140
5 94 76 85 3 0 20 0.00 0.0 0 4.6 15 120 M M 4 8 17 110
6 97 76 87 5 0 22 0.00 0.0 0 8.0 24 320 M M 3 3 28 320
7 95 77 86 4 0 21 0.00 0.0 0 10.9 22 60 M M 3 25 60
8 94 78 86 4 0 21 0.13 0.0 0 8.9 26 250 M M 6 31 250
9 95 80 88 6 0 23 0.00 0.0 0 10.4 18 150 M M 3 8 23 210
10 94 76 85 2 0 20 T 0.0 0 8.5 20 10 M M 5 1 25 10
11 92 72 82 -1 0 17 0.00 0.0 0 8.9 16 50 M M 1 8 23 50
12 91 72 82 -1 0 17 0.00 0.0 0 10.9 18 10 M M 1 24 20
13 93 71 82 -1 0 17 0.00 0.0 0 9.7 22 40 M M 3 26 50
14 92 70 81 -2 0 16 0.00 0.0 0 8.5 17 110 M M 2 22 110
15 93 78 86 3 0 21 0.00 0.0 0 8.3 18 130 M M 4 23 140
16 94 76 85 2 0 20 0.00 0.0 0 5.8 17 170 M M 3 20 170
17 93 73 83 0 0 18 0.00 0.0 0 6.0 16 160 M M 2 20 160
18 93 74 84 1 0 19 0.00 0.0 0 8.5 18 160 M M 4 24 170
19 92 76 84 1 0 19 0.00 0.0 0 9.5 20 160 M M 6 3 26 130
20 90 74 82 -2 0 17 0.82 0.0 0 6.9 25 70 M M 7 13 30 60
21 91 76 84 0 0 19 0.46 0.0 0 8.0 28 160 M M 7 138 34 150
22 83 71 77 -7 0 12 1.28 0.0 0 8.0 29 160 M M 6 13 37 140
23 89 72 81 -3 0 16 0.00 0.0 0 8.5 25 170 M M 8 3 31 160
24 88 72 80 -4 0 15 1.13 0.0 0 9.6 17 210 M M 8 13 22 190
25 87 75 81 -3 0 16 0.74 0.0 0 8.0 22 180 M M 10 13 27 180
26 87 78 83 -1 0 18 0.01 0.0 0 8.7 17 170 M M 10 18 23 140
27 91 79 85 1 0 20 0.00 0.0 0 10.3 18 170 M M 8 18 24 170
28 92 81 87 3 0 22 0.00 0.0 0 12.5 23 160 M M 7 30 150
29 91 83 87 3 0 22 0.00 0.0 0 13.2 23 180 M M 8 28 190
30 94 82 88 4 0 23 0.00 0.0 0 13.4 21 200 M M 7 26 190
================================================================================
SM 2745 2265 0 561 4.57 0.0 259.5 M 161
================================================================================
AV 91.5 75.5 8.6 FASTST M M 5 MAX(MPH)
MISC ----> 29 160 37 140
================================================================================
NOTES:
# LAST OF SEVERAL OCCURRENCES
COLUMN 17 PEAK WIND IN M.P.H.
PRELIMINARY LOCAL CLIMATOLOGICAL DATA (WS FORM: F-6) , PAGE 2
STATION: HOUSTON/HOBBY AIRPORT
MONTH: JUNE
YEAR: 2020
LATITUDE: 29 38 N
LONGITUDE: 95 17 W
[TEMPERATURE DATA] [PRECIPITATION DATA] SYMBOLS USED IN COLUMN 16
AVERAGE MONTHLY: 83.5 TOTAL FOR MONTH: 4.57 1 = FOG OR MIST
DPTR FM NORMAL: 0.6 DPTR FM NORMAL: -1.52 2 = FOG REDUCING VISIBILITY
HIGHEST: 97 ON 6 GRTST 24HR 1.28 ON 22-22 TO 1/4 MILE OR LESS
LOWEST: 70 ON 14 3 = THUNDER
SNOW, ICE PELLETS, HAIL 4 = ICE PELLETS
TOTAL MONTH: 0.0 INCH 5 = HAIL
GRTST 24HR 0.0 6 = FREEZING RAIN OR DRIZZLE
GRTST DEPTH: 0 7 = DUSTSTORM OR SANDSTORM:
VSBY 1/2 MILE OR LESS
8 = SMOKE OR HAZE
[NO. OF DAYS WITH] [WEATHER - DAYS WITH] 9 = BLOWING SNOW
X = TORNADO
MAX 32 OR BELOW: 0 0.01 INCH OR MORE: 7
MAX 90 OR ABOVE: 24 0.10 INCH OR MORE: 6
MIN 32 OR BELOW: 0 0.50 INCH OR MORE: 4
MIN 0 OR BELOW: 0 1.00 INCH OR MORE: 2
[HDD (BASE 65) ]
TOTAL THIS MO. 0 CLEAR (SCALE 0-3) 8
DPTR FM NORMAL 0 PTCLDY (SCALE 4-7) 17
TOTAL FM JUL 1 850 CLOUDY (SCALE 8-10) 5
DPTR FM NORMAL -249
[CDD (BASE 65) ]
TOTAL THIS MO. 561
DPTR FM NORMAL 23 [PRESSURE DATA]
TOTAL FM JAN 1 1545 HIGHEST SLP M ON M
DPTR FM NORMAL 285 LOWEST SLP 29.63 ON 7
[REMARKS]
#FINAL-06-20#