000
CXUS54 KHGX 011410
CF6HOU
PRELIMINARY LOCAL CLIMATOLOGICAL DATA (WS FORM: F-6)
STATION: HOUSTON/HOBBY AIRPORT
MONTH: OCTOBER
YEAR: 2023
LATITUDE: 29 38 N
LONGITUDE: 95 17 W
TEMPERATURE IN F: :PCPN: SNOW: WIND :SUNSHINE: SKY :PK WND
================================================================================
1 2 3 4 5 6A 6B 7 8 9 10 11 12 13 14 15 16 17 18
12Z AVG MX 2MIN
DY MAX MIN AVG DEP HDD CDD WTR SNW DPTH SPD SPD DIR MIN PSBL S-S WX SPD DR
================================================================================
1 95 76 86 8 0 21 0.00 0.0 0 10.0 21 130 M M 4 31 120
2 93 75 84 7 0 19 0.00 0.0 0 9.9 22 80 M M 4 30 90
3 82 77 80 3 0 15 1.36 0.0 0 7.2 16 130 M M 9 13 21 110
4 86 78 82 5 0 17 1.11 0.0 0 8.7 18 150 M M 9 13 25 130
5 81 73 77 0 0 12 0.46 0.0 0 8.4 25 350 M M 9 13 37 340
6 86 70 78 2 0 13 0.00 0.0 0 11.1 18 60 M M 7 27 40
7 77 66 72 -4 0 7 0.00 0.0 0 11.5 21 30 M M 7 30 40
8 75 59 67 -9 0 2 0.00 0.0 0 6.7 14 70 M M 6 18 20
9 83 60 72 -3 0 7 0.00 0.0 0 6.1 14 230 M M 5 18 180
10 82 67 75 0 0 10 0.01 0.0 0 5.3 12 200 M M 10 16 170
11 72 66 69 -6 0 4 0.50 0.0 0 8.3 20 90 M M 9 1 26 100
12 81 64 73 -1 0 8 0.00 0.0 0 7.9 15 120 M M 5 19 120
13 90 69 80 6 0 15 0.00 0.0 0 6.5 17 350 M M 4 23 340
14 79 63 71 -3 0 6 0.00 0.0 0 13.1 21 350 M M 4 28 350
15 74 56 65 -8 0 0 0.00 0.0 0 13.3 24 340 M M 1 33 330
16 71 54 63 -10 2 0 0.00 0.0 0 10.3 21 310 M M 0 28 350
17 75 49 62 -11 3 0 0.00 0.0 0 4.2 10 150 M M 0 13 150
18 83 56 70 -2 0 5 0.00 0.0 0 7.2 20 160 M M 2 26 160
19 88 63 76 4 0 11 0.00 0.0 0 5.2 13 240 M M 2 18 240
20 92 63 78 6 0 13 0.00 0.0 0 5.8 13 270 M M 0 17 240
21 92 62 77 6 0 12 0.00 0.0 0 7.2 14 190 M M 5 20 170
22 87 71 79 8 0 14 0.08 0.0 0 8.1 18 110 M M 7 1 23 110
23 89 73 81 10 0 16 0.02 0.0 0 10.8 21 120 M M 6 1 26 120
24 86 73 80 10 0 15 0.00 0.0 0 13.7 26 140 M M 4 35 170
25 88 74 81 11 0 16 0.02 0.0 M 13.3 23 190 M M 6 8 205 140
26 83 75 79 9 0 14 1.72 0.0 0 9.7 23 200 M M 8 138 29 160
27 87 76 82 13 0 17 T 0.0 0 7.3 14 130 M M 8 19 140
28 88 73 81 12 0 16 0.00 0.0 0 9.4 18 130 M M 4 24 110
29 88 56 72 3 0 7 T 0.0 0 10.4 25 340 M M 6 33 350
30 56 47 52 -16 13 0 0.01 0.0 0 18.5 28 340 M M 10 18 40 10
31 61 46 54 -14 11 0 0.06 0.0 0 14.0 23 340 M M 6 32 330
================================================================================
SM 2550 2030 29 312 5.35 0.0 289.1 M 167
================================================================================
AV 82.3 65.5 9.3 FASTST M M 5 MAX(MPH)
MISC ----> 28 340 205 140
================================================================================
NOTES:
# LAST OF SEVERAL OCCURRENCES
COLUMN 17 PEAK WIND IN M.P.H.
PRELIMINARY LOCAL CLIMATOLOGICAL DATA (WS FORM: F-6) , PAGE 2
STATION: HOUSTON/HOBBY AIRPORT
MONTH: OCTOBER
YEAR: 2023
LATITUDE: 29 38 N
LONGITUDE: 95 17 W
[TEMPERATURE DATA] [PRECIPITATION DATA] SYMBOLS USED IN COLUMN 16
AVERAGE MONTHLY: 73.9 TOTAL FOR MONTH: 5.35 1 = FOG OR MIST
DPTR FM NORMAL: 0.9 DPTR FM NORMAL: -0.43 2 = FOG REDUCING VISIBILITY
HIGHEST: 95 ON 1 GRTST 24HR 1.74 ON 25-26 TO 1/4 MILE OR LESS
LOWEST: 46 ON 31 3 = THUNDER
SNOW, ICE PELLETS, HAIL 4 = ICE PELLETS
TOTAL MONTH: 0.0 INCH 5 = HAIL
GRTST 24HR 0.0 6 = FREEZING RAIN OR DRIZZLE
GRTST DEPTH: 0 7 = DUSTSTORM OR SANDSTORM:
VSBY 1/2 MILE OR LESS
8 = SMOKE OR HAZE
[NO. OF DAYS WITH] [WEATHER - DAYS WITH] 9 = BLOWING SNOW
X = TORNADO
MAX 32 OR BELOW: 0 0.01 INCH OR MORE: 11
MAX 90 OR ABOVE: 5 0.10 INCH OR MORE: 5
MIN 32 OR BELOW: 0 0.50 INCH OR MORE: 4
MIN 0 OR BELOW: 0 1.00 INCH OR MORE: 3
[HDD (BASE 65) ]
TOTAL THIS MO. 29 CLEAR (SCALE 0-3) 6
DPTR FM NORMAL 10 PTCLDY (SCALE 4-7) 18
TOTAL FM JUL 1 29 CLOUDY (SCALE 8-10) 7
DPTR FM NORMAL 13
[CDD (BASE 65) ]
TOTAL THIS MO. 312
DPTR FM NORMAL 45 [PRESSURE DATA]
TOTAL FM JAN 1 4152 HIGHEST SLP 30.40 ON 31
DPTR FM NORMAL 907 LOWEST SLP 29.69 ON 12
[REMARKS]
#FINAL-10-23#