000
CXUS55 KSEW 010930
CF6HQM
PRELIMINARY LOCAL CLIMATOLOGICAL DATA (WS FORM: F-6)
STATION: HOQUIAM WA AIRPORT
MONTH: OCTOBER
YEAR: 2021
LATITUDE: 46 58 N
LONGITUDE: 123 56 W
TEMPERATURE IN F: :PCPN: SNOW: WIND :SUNSHINE: SKY :PK WND
================================================================================
1 2 3 4 5 6A 6B 7 8 9 10 11 12 13 14 15 16 17 18
12Z AVG MX 2MIN
DY MAX MIN AVG DEP HDD CDD WTR SNW DPTH SPD SPD DIR MIN PSBL S-S WX SPD DR
================================================================================
1 64 50 57 1 8 0 0.00 M M 4.9 14 260 M M 5 12 18 330
2 63 45 54 -2 11 0 0.00 M M 5.5 13 270 M M 2 1 16 260
3 63 51 57 1 8 0 0.03 M M 6.9 17 290 M M 6 1 22 300
4 63 46 55 -1 10 0 0.00 M M 3.5 10 300 M M 5 16 300
5 60 49 55 0 10 0 0.16 M M 12.6 30 220 M M 6 18 43 220
6 60 44 52 -3 13 0 0.11 M M 6.8 16 250 M M 4 1 20 260
7 59 39 49 -6 16 0 0.00 M M 5.7 15 290 M M 2 12 19 290
8 60 44 52 -2 13 0 0.00 M M 5.3 12 250 M M 7 14 250
9 59 47 53 -1 12 0 0.45 M M 11.4 31 200 M M 10 18 39 200
10 58 44 51 -3 14 0 0.03 M M 9.2 24 300 M M 4 31 290
11 58 37 48 -6 17 0 0.00 M M 4.5 12 290 M M 0 1 15 280
12 51 36 44 -9 21 0 0.35 M M 7.6 18 120 M M 7 12 25 120
13 57 38 48 -5 17 0 0.21 M M 4.8 18 270 M M 7 12 23 270
14 60 51 56 3 9 0 0.08 M M 7.8 18 240 M M 9 1 24 240
15 61 56 59 6 6 0 0.03 M M 12.0 20 190 M M 10 1 29 190
16 63 55 59 7 6 0 0.13 M M 11.9 23 170 M M 10 18 30 170
17 55 48 52 0 13 0 0.27 M M 6.5 16 290 M M 8 1 23 260
18 57 40 49 -3 16 0 0.00 M M 3.6 10 90 M M 1 1 13 260
19 59 43 51 -1 14 0 0.05 M M 10.7 17 110 M M 2 1 23 80
20 60 51 56 4 9 0 0.27 M M 12.8 25 180 M M 9 1 32 190
21 63 55 59 8 6 0 0.36 M M 13.0 21 260 M M 10 1 33 80
22 59 52 56 5 9 0 0.28 M M 8.0 17 200 M M 8 1 23 160
23 57 51 54 3 11 0 0.26 M M 9.0 17 160 M M 9 1 22 70
24 59 52 56 6 9 0 0.74 M M 22.2 41 190 M M 10 13 56 180
25 57 51 54 4 11 0 1.11 M M 20.0 33 200 M M 10 1 49 180
26 58 51 55 5 10 0 0.59 M M 15.2 30 260 M M 10 18 40 270
27 57 50 54 4 11 0 0.30 M M 8.2 23 260 M M 8 13 31 260
28 59 51 55 5 10 0 1.75 M M 13.8 29 210 M M 10 1 38 210
29 55 44 50 1 15 0 0.08 M M 6.6 14 70 M M 5 19 70
30 61 41 51 2 14 0 0.00 M M 12.1 28 80 M M 0 38 70
31 62 44 53 4 12 0 0.00 M M 12.4 22 110 M M 0 27 110
================================================================================
SM 1837 1456 361 0 7.64 M 294.5 M 194
================================================================================
AV 59.3 47.0 9.5 FASTST M M 6 MAX(MPH)
MISC ----> 41 190 56 180
================================================================================
NOTES:
# LAST OF SEVERAL OCCURRENCES
COLUMN 17 PEAK WIND IN M.P.H.
PRELIMINARY LOCAL CLIMATOLOGICAL DATA (WS FORM: F-6) , PAGE 2
STATION: HOQUIAM WA AIRPORT
MONTH: OCTOBER
YEAR: 2021
LATITUDE: 46 58 N
LONGITUDE: 123 56 W
[TEMPERATURE DATA] [PRECIPITATION DATA] SYMBOLS USED IN COLUMN 16
AVERAGE MONTHLY: 53.1 TOTAL FOR MONTH: 7.64 1 = FOG OR MIST
DPTR FM NORMAL: 0.6 DPTR FM NORMAL: 0.73 2 = FOG REDUCING VISIBILITY
HIGHEST: 64 ON 1 GRTST 24HR 1.75 ON 28-28 TO 1/4 MILE OR LESS
LOWEST: 36 ON 12 3 = THUNDER
SNOW, ICE PELLETS, HAIL 4 = ICE PELLETS
TOTAL MONTH: M 5 = HAIL
GRTST 24HR M ON M 6 = FREEZING RAIN OR DRIZZLE
GRTST DEPTH: M ON M 7 = DUSTSTORM OR SANDSTORM:
VSBY 1/2 MILE OR LESS
8 = SMOKE OR HAZE
[NO. OF DAYS WITH] [WEATHER - DAYS WITH] 9 = BLOWING SNOW
X = TORNADO
MAX 32 OR BELOW: 0 0.01 INCH OR MORE: 22
MAX 90 OR ABOVE: 0 0.10 INCH OR MORE: 16
MIN 32 OR BELOW: 0 0.50 INCH OR MORE: 4
MIN 0 OR BELOW: 0 1.00 INCH OR MORE: 2
[HDD (BASE 65) ]
TOTAL THIS MO. 361 CLEAR (SCALE 0-3) 7
DPTR FM NORMAL -27 PTCLDY (SCALE 4-7) 12
TOTAL FM JUL 1 662 CLOUDY (SCALE 8-10) 12
DPTR FM NORMAL -193
[CDD (BASE 65) ]
TOTAL THIS MO. 0
DPTR FM NORMAL 0 [PRESSURE DATA]
TOTAL FM JAN 1 90 HIGHEST SLP M ON M
DPTR FM NORMAL 65 LOWEST SLP 28.95 ON 24
[REMARKS]
#FINAL-10-21#