000
CXUS55 KSEW 011030
CF6HQM
PRELIMINARY LOCAL CLIMATOLOGICAL DATA (WS FORM: F-6)
STATION: HOQUIAM WA AIRPORT
MONTH: NOVEMBER
YEAR: 2021
LATITUDE: 46 58 N
LONGITUDE: 123 56 W
TEMPERATURE IN F: :PCPN: SNOW: WIND :SUNSHINE: SKY :PK WND
================================================================================
1 2 3 4 5 6A 6B 7 8 9 10 11 12 13 14 15 16 17 18
12Z AVG MX 2MIN
DY MAX MIN AVG DEP HDD CDD WTR SNW DPTH SPD SPD DIR MIN PSBL S-S WX SPD DR
================================================================================
1 55 45 50 1 15 0 0.31 M M 11.1 21 80 M M 7 1 31 60
2 54 47 51 2 14 0 0.45 M M 11.7 20 100 M M 9 1 26 100
3 57 52 55 7 10 0 0.47 M M 11.9 20 70 M M 9 1 32 80
4 58 49 54 6 11 0 1.00 M M 14.7 30 260 M M 10 18 36 260
5 55 45 50 2 15 0 0.73 M M 10.4 26 290 M M 9 18 41 160
6 53 45 49 1 16 0 0.63 M M 11.0 35 240 M M 8 18 44 230
7 51 42 47 -1 18 0 0.57 M M 10.7 30 260 M M 8 13 39 230
8 55 43 49 2 16 0 0.27 M M 12.6 21 110 M M 5 1 29 110
9 55 46 51 4 14 0 0.78 M M 19.1 40 240 M M 8 138 57 230
10 51 42 47 0 18 0 0.42 M M 9.2 17 80 M M 8 1 25 100
11 58 49 54 7 11 0 2.16 M M 10.3 23 220 M M 10 1 31 220
12 57 46 52 5 13 0 0.88 M M 6.6 22 220 M M 9 12 30 200
13 58 42 50 4 15 0 0.78 M M 12.7 36 210 M M 7 12 47 210
14 58 56 57 11 8 0 0.61 M M 24.2 31 210 M M 10 1 46 200
15 58 45 52 6 13 0 0.84 M M 24.9 45 190 M M 9 18 60 220
16 51 36 44 -2 21 0 0.06 M M 4.7 20 290 M M 3 18 26 280
17 49 34 42 -4 23 0 0.00 M M 10.7 23 80 M M 2 1 32 90
18 48 44 46 1 19 0 0.70 M M 12.2 23 70 M M 10 1 30 60
19 52 43 48 3 17 0 0.18 M M 3.7 16 80 M M 8 1 23 60
20 48 38 43 -2 22 0 0.02 M M 4.6 13 100 M M 5 12 16 110
21 51 36 44 -1 21 0 0.00 M M 8.6 14 110 M M 4 12 18 80
22 50 35 43 -2 22 0 0.08 M M 8.8 21 190 M M 9 12 29 210
23 52 37 45 1 20 0 0.54 M M 8.6 23 230 M M 5 1 30 220
24 48 37 43 -1 22 0 0.06 M M 7.1 12 70 M M 6 15 100
25 54 44 49 5 16 0 1.53 M M 15.3 29 200 M M 10 1 37 190
26 54 47 51 7 14 0 0.06 M M 7.0 13 230 M M 7 12 17 300
27 56 50 53 9 12 0 1.16 M M 14.0 26 200 M M 10 1 35 210
28 56 53 55 11 10 0 0.47 M M 16.1 29 200 M M 10 1 40 180
29 57 52 55 12 10 0 0.01 M M 3.6 16 140 M M 10 1 17 140
30 55 52 54 11 11 0 1.46 M M 12.2 21 200 M M 10 1 28 210
================================================================================
SM 1614 1332 467 0 17.23 M 338.3 M 235
================================================================================
AV 53.8 44.4 11.3 FASTST M M 8 MAX(MPH)
MISC ----> 45 190 60 220
================================================================================
NOTES:
# LAST OF SEVERAL OCCURRENCES
COLUMN 17 PEAK WIND IN M.P.H.
PRELIMINARY LOCAL CLIMATOLOGICAL DATA (WS FORM: F-6) , PAGE 2
STATION: HOQUIAM WA AIRPORT
MONTH: NOVEMBER
YEAR: 2021
LATITUDE: 46 58 N
LONGITUDE: 123 56 W
[TEMPERATURE DATA] [PRECIPITATION DATA] SYMBOLS USED IN COLUMN 16
AVERAGE MONTHLY: 49.1 TOTAL FOR MONTH: 17.23 1 = FOG OR MIST
DPTR FM NORMAL: 3.2 DPTR FM NORMAL: 6.28 2 = FOG REDUCING VISIBILITY
HIGHEST: 58 ON 15,14 GRTST 24HR 2.48 ON 11-12 TO 1/4 MILE OR LESS
LOWEST: 34 ON 17 3 = THUNDER
SNOW, ICE PELLETS, HAIL 4 = ICE PELLETS
TOTAL MONTH: M 5 = HAIL
GRTST 24HR M ON M 6 = FREEZING RAIN OR DRIZZLE
GRTST DEPTH: M ON M 7 = DUSTSTORM OR SANDSTORM:
VSBY 1/2 MILE OR LESS
8 = SMOKE OR HAZE
[NO. OF DAYS WITH] [WEATHER - DAYS WITH] 9 = BLOWING SNOW
X = TORNADO
MAX 32 OR BELOW: 0 0.01 INCH OR MORE: 28
MAX 90 OR ABOVE: 0 0.10 INCH OR MORE: 22
MIN 32 OR BELOW: 0 0.50 INCH OR MORE: 15
MIN 0 OR BELOW: 0 1.00 INCH OR MORE: 5
[HDD (BASE 65) ]
TOTAL THIS MO. 467 CLEAR (SCALE 0-3) 1
DPTR FM NORMAL -105 PTCLDY (SCALE 4-7) 13
TOTAL FM JUL 1 1129 CLOUDY (SCALE 8-10) 16
DPTR FM NORMAL -296
[CDD (BASE 65) ]
TOTAL THIS MO. 0
DPTR FM NORMAL 0 [PRESSURE DATA]
TOTAL FM JAN 1 90 HIGHEST SLP 30.54 ON 20
DPTR FM NORMAL 65 LOWEST SLP 29.36 ON 9
[REMARKS]
#FINAL-11-21#