000
CXUS52 KMHX 011320
CLMHSE
CLIMATE REPORT
NATIONAL WEATHER SERVICE NEWPORT/MOREHEAD CITY
920 AM EDT TUE AUG 01 2023
...................................
...THE CAPE HATTERAS NC CLIMATE SUMMARY FOR THE MONTH OF JULY 2023...
CLIMATE NORMAL PERIOD 1991 TO 2020
CLIMATE RECORD PERIOD 1874 TO 2023
WEATHER OBSERVED NORMAL DEPART LAST YEAR`S
VALUE DATE(S) VALUE FROM VALUE DATE(S)
NORMAL
................................................................
TEMPERATURE (F)
RECORD
HIGH 96 07/10/1992
LOW 54 07/09/1972
HIGHEST 91 07/21 89
LOWEST 67 07/01 73
07/11
AVG. MAXIMUM 83.3 87.3 -4.0 85.7
AVG. MINIMUM 72.8 75.3 -2.5 76.6
MEAN 78.1 81.3 -3.2 81.2
DAYS MAX >= 90 2 3.5 -1.5 0
DAYS MAX <= 32 0 0.0 0.0 0
DAYS MIN <= 32 0 0.0 0.0 0
DAYS MIN <= 0 0 0.0 0.0 0
PRECIPITATION (INCHES)
RECORD
MAXIMUM 20.31 2018
MINIMUM MM MM
TOTALS 4.77 5.39 -0.62 7.59
DAYS >= .01 10 11.5 -1.5 16
DAYS >= .10 5 8.0 -3.0 9
DAYS >= .50 3 3.3 -0.3 7
DAYS >= 1.00 2 1.5 0.5 3
DEGREE DAYS
COOLING TOTAL 412 505 -93 509
SINCE 1/1 611 1106 -495 MM
................................................................
WIND (MPH)
AVERAGE WIND SPEED 7.1
HIGHEST WIND SPEED/DIRECTION 30/190 DATE 07/16
HIGHEST GUST SPEED/DIRECTION 39/180 DATE 07/16
SKY COVER
POSSIBLE SUNSHINE (PERCENT) MM
AVERAGE SKY COVER 0.15
NUMBER OF DAYS FAIR 29
NUMBER OF DAYS PC 2
NUMBER OF DAYS CLOUDY 0
AVERAGE RH (PERCENT) 87
WEATHER CONDITIONS. NUMBER OF DAYS WITH
THUNDERSTORM 10 MIXED PRECIP 0
HEAVY RAIN 8 RAIN 6
LIGHT RAIN 14 FREEZING RAIN 0
LT FREEZING RAIN 0 HAIL 0
HEAVY SNOW 0 SNOW 0
LIGHT SNOW 0 SLEET 0
FOG 18 FOG W/VIS <= 1/4 MILE 3
HAZE 16
- INDICATES NEGATIVE NUMBERS.
R INDICATES RECORD WAS SET OR TIED.
MM INDICATES DATA IS MISSING.
T INDICATES TRACE AMOUNT.
$$