000
CXUS53 KGID 011306
CLMHSI
CLIMATE REPORT
NATIONAL WEATHER SERVICE HASTINGS NE
706 AM CST FRI DEC 01 2023
...................................
...THE HASTINGS NE CLIMATE SUMMARY FOR THE MONTH OF NOVEMBER 2023...
CLIMATE NORMAL PERIOD 1991 TO 2020
CLIMATE RECORD PERIOD 1894 TO 2023
WEATHER OBSERVED NORMAL DEPART LAST YEAR`S
VALUE DATE(S) VALUE FROM VALUE DATE(S)
NORMAL
................................................................
TEMPERATURE (F)
RECORD
HIGH 86 11/05/1945
LOW -7 11/14/1940
HIGHEST 73 11/07 71 2 77 11/02
LOWEST 17 11/26 10 7 6 11/30
AVG. MAXIMUM 56.2 51.0 5.2 50.7
AVG. MINIMUM 30.2 28.4 1.8 24.3
MEAN 43.2 39.7 3.5 37.5
DAYS MAX >= 90 0 0.0 0.0 0
DAYS MAX <= 32 2 2.5 -0.5 4
DAYS MIN <= 32 18 20.6 -2.6 23
DAYS MIN <= 0 0 0.0 0.0 0
PRECIPITATION (INCHES)
RECORD
MAXIMUM 3.96 1996
MINIMUM 0.00 1954
TOTALS 0.85 1.13 -0.28 0.13
DAILY AVG. 0.03 0.04 -0.01 0.00
DAYS >= .01 5 4.8 0.2 5
DAYS >= .10 2 2.3 -0.3 0
DAYS >= .50 1 0.7 0.3 0
DAYS >= 1.00 0 0.1 -0.1 0
GREATEST
24 HR. TOTAL 0.56 11/19 TO 11/19
SNOWFALL (INCHES)
RECORDS
TOTAL 15.5 1928
TOTALS 0.6 2.3 -1.7 0.5
SINCE 7/1 1.3 3.5 -2.2 MM
DAYS >= 1.0 0 0.8 -0.8 0
GREATEST
SNOW DEPTH MM 1 11/30
24 HR TOTAL 0.6 11/25 TO 11/25
DEGREE DAYS
HEATING TOTAL 646 759 -113 824
SINCE 7/1 1046 1230 -184 MM
COOLING TOTAL 0 0 0 6
SINCE 1/1 1205 1135 70 MM
................................................................
WIND (MPH)
AVERAGE WIND SPEED 9.3
HIGHEST WIND SPEED/DIRECTION 33/320 DATE 11/26
HIGHEST GUST SPEED/DIRECTION 42/340 DATE 11/26
SKY COVER
POSSIBLE SUNSHINE (PERCENT) MM
AVERAGE SKY COVER 0.20
NUMBER OF DAYS FAIR 24
NUMBER OF DAYS PC 2
NUMBER OF DAYS CLOUDY 4
AVERAGE RH (PERCENT) 61
WEATHER CONDITIONS. NUMBER OF DAYS WITH
THUNDERSTORM 0 MIXED PRECIP 0
HEAVY RAIN 0 RAIN 1
LIGHT RAIN 5 FREEZING RAIN 0
LT FREEZING RAIN 0 HAIL 0
HEAVY SNOW 0 SNOW 0
LIGHT SNOW 1 SLEET 0
FOG 9 FOG W/VIS <= 1/4 MILE 1
HAZE 8
- INDICATES NEGATIVE NUMBERS.
R INDICATES RECORD WAS SET OR TIED.
MM INDICATES DATA IS MISSING.
T INDICATES TRACE AMOUNT.
$$