000
CXUS54 KHUN 041655
CF6HSV
PRELIMINARY LOCAL CLIMATOLOGICAL DATA (WS FORM: F-6)
STATION: HUNTSVILLE
MONTH: DECEMBER
YEAR: 2022
LATITUDE: 34 39 N
LONGITUDE: 86 46 W
TEMPERATURE IN F: :PCPN: SNOW: WIND :SUNSHINE: SKY :PK WND
================================================================================
1 2 3 4 5 6A 6B 7 8 9 10 11 12 13 14 15 16 17 18
12Z AVG MX 2MIN
DY MAX MIN AVG DEP HDD CDD WTR SNW DPTH SPD SPD DIR MIN PSBL S-S WX SPD DR
================================================================================
1 51 31 41 -7 24 0 0.00 0.0 0 6.2 16 40 M M 4 21 20
2 63 35 49 1 16 0 0.01 0.0 0 9.4 20 170 M M 7 27 170
3 70 42 56 8 9 0 0.16 0.0 0 8.7 22 20 M M 8 1 27 10
4 53 35 44 -4 21 0 T 0.0 0 3.6 10 10 M M 6 14 10
5 59 48 54 7 11 0 2.23 0.0 0 6.9 12 120 M M 10 1 14 110
6 71 59 65 18 0 0 0.17 0.0 0 7.9 14 210 M M 10 1 19 200
7 70 64 67 20 0 2 0.12 0.0 0 6.1 13 240 M M 10 12 19 240
8 73 62 68 21 0 3 0.01 0.0 0 5.6 14 240 M M 9 12 19 240
9 67 54 61 14 4 0 0.41 0.0 0 4.6 9 290 M M 10 1 14 280
10 62 50 56 10 9 0 0.86 0.0 0 4.3 20 320 M M 9 1238 29 310
11 59 51 55 9 10 0 0.04 0.0 0 6.1 13 10 M M 10 18 16 10
12 59 49 54 8 11 0 T 0.0 0 5.8 12 20 M M 8 18 15 10
13 56 49 53 7 12 0 0.00 0.0 0 13.1 22 120 M M 10 32 110
14 56 48 52 6 13 0 1.78 0.0 0 12.9 25 270 M M 10 1 40 280
15 51 38 45 -1 20 0 0.00 0.0 0 7.3 17 220 M M 3 1 22 210
16 51 33 42 -3 23 0 0.00 0.0 0 7.7 17 270 M M 3 23 260
17 48 33 41 -4 24 0 0.00 0.0 0 9.2 20 260 M M 3 27 260
18 43 26 35 -10 30 0 0.00 0.0 0 4.3 13 320 M M 0 19 320
19 45 25 35 -10 30 0 0.00 0.0 0 4.6 14 110 M M 7 18 100
20 46 37 42 -3 23 0 0.02 0.0 0 4.1 10 120 M M 9 13 130
21 53 30 42 -2 23 0 0.00 0.0 0 5.1 17 120 M M 6 128 23 120
22 52 20 36 -8 29 0 0.07 T 0 12.0 33 290 M M 10 1 52 280
23 20 3 12 -32 53 0 T T 0 14.6 28 300 M M 4 41 320
24 27 9 18 -26 47 0 0.00 0.0 0 9.4 18 290 M M 1 29 310
25 32 17 25 -19 40 0 0.00 0.0 0 5.7 13 290 M M 1 19 290
26 33 17 25 -19 40 0 0.05 0.6 0 4.5 12 220 M M 7 1 19 180
27 50 24 37 -7 28 0 0.00 0.0 1 2.4 7 130 M M 3 8 170
28 59 26 43 -1 22 0 0.00 0.0 0 9.6 21 150 M M 0 26 150
29 68 46 57 14 8 0 0.00 0.0 0 10.4 20 150 M M 7 26 140
30 65 50 58 15 7 0 0.14 0.0 0 11.2 23 120 M M 8 1 38 110
31 68 52 60 17 5 0 0.03 0.0 0 4.3 10 230 M M 7 12 14 260
================================================================================
SM 1680 1163 592 5 6.10 0.6 227.6 M 200
================================================================================
AV 54.2 37.5 7.3 FASTST M M 6 MAX(MPH)
MISC ----> 33 290 52 280
================================================================================
NOTES:
# LAST OF SEVERAL OCCURRENCES
COLUMN 17 PEAK WIND IN M.P.H.
PRELIMINARY LOCAL CLIMATOLOGICAL DATA (WS FORM: F-6) , PAGE 2
STATION: HUNTSVILLE
MONTH: DECEMBER
YEAR: 2022
LATITUDE: 34 39 N
LONGITUDE: 86 46 W
[TEMPERATURE DATA] [PRECIPITATION DATA] SYMBOLS USED IN COLUMN 16
AVERAGE MONTHLY: 45.9 TOTAL FOR MONTH: 6.10 1 = FOG OR MIST
DPTR FM NORMAL: 0.4 DPTR FM NORMAL: 0.23 2 = FOG REDUCING VISIBILITY
HIGHEST: 73 ON 8 GRTST 24HR 2.38 ON 5- 6 TO 1/4 MILE OR LESS
LOWEST: 3 ON 23 3 = THUNDER
SNOW, ICE PELLETS, HAIL 4 = ICE PELLETS
TOTAL MONTH: 0.6 INCH 5 = HAIL
GRTST 24HR 0.6 ON 26-26 6 = FREEZING RAIN OR DRIZZLE
GRTST DEPTH: 1 ON 27 7 = DUSTSTORM OR SANDSTORM:
VSBY 1/2 MILE OR LESS
8 = SMOKE OR HAZE
[NO. OF DAYS WITH] [WEATHER - DAYS WITH] 9 = BLOWING SNOW
X = TORNADO
MAX 32 OR BELOW: 3 0.01 INCH OR MORE: 15
MAX 90 OR ABOVE: 0 0.10 INCH OR MORE: 8
MIN 32 OR BELOW: 11 0.50 INCH OR MORE: 3
MIN 0 OR BELOW: 0 1.00 INCH OR MORE: 2
[HDD (BASE 65) ]
TOTAL THIS MO. 592 CLEAR (SCALE 0-3) 8
DPTR FM NORMAL -17 PTCLDY (SCALE 4-7) 11
TOTAL FM JUL 1 1128 CLOUDY (SCALE 8-10) 12
DPTR FM NORMAL 6
[CDD (BASE 65) ]
TOTAL THIS MO. 5
DPTR FM NORMAL 2 [PRESSURE DATA]
TOTAL FM JAN 1 2152 HIGHEST SLP 30.53 ON 1
DPTR FM NORMAL 45 LOWEST SLP 29.58 ON 14
[REMARKS]
#FINAL-12-22#