000
CXUS53 KAPX 010730
CF6HTL
PRELIMINARY LOCAL CLIMATOLOGICAL DATA (WS FORM: F-6)
STATION: HOUGHTON LAKE MI
MONTH: JULY
YEAR: 2021
LATITUDE: 44 22 N
LONGITUDE: 84 41 W
TEMPERATURE IN F: :PCPN: SNOW: WIND :SUNSHINE: SKY :PK WND
================================================================================
1 2 3 4 5 6A 6B 7 8 9 10 11 12 13 14 15 16 17 18
12Z AVG MX 2MIN
DY MAX MIN AVG DEP HDD CDD WTR SNW DPTH SPD SPD DIR MIN PSBL S-S WX SPD DR
================================================================================
1 75 56 66 -1 0 1 0.00 0.0 0 7.6 17 320 M M 3 1 25 310
2 76 51 64 -3 1 0 0.00 0.0 0 7.6 17 310 M M 2 23 320
3 86 57 72 5 0 7 0.00 0.0 0 9.1 17 310 M M 3 23 310
4 90 59 75 8 0 10 0.00 0.0 0 4.6 12 240 M M 0 18 20 240
5 88 68 78 11 0 13 0.17 0.0 0 9.0 20 250 M M 2 13 32 240
6 89 67 78 10 0 13 0.22 0.0 0 5.5 10 280 M M 2 1 17 99
7 67 56 62 -6 3 0 0.57 0.0 0 10.3 17 70 M M 10 1 23 50
8 62 54 58 -10 7 0 0.04 0.0 0 M M M M M M M M
9 77 53 65 -3 0 0 0.00 0.0 0 M M M M M M M M
10 77 46 62 -6 3 0 0.00 0.0 0 6.3 10 180 M M 1 M M
11 75 50 63 -5 2 0 0.00 0.0 0 5.9 18 80 M M 1 25 80
12 79 49 64 -4 1 0 0.00 0.0 0 8.1 18 80 M M 4 26 90
13 75 65 70 2 0 5 0.66 0.0 0 5.0 17 280 M M 8 1 25 280
14 84 64 74 6 0 9 0.03 0.0 0 7.1 15 240 M M 2 1 24 220
15 73 59 66 -2 0 1 0.82 0.0 0 7.9 18 230 M M 7 13 28 230
16 76 53 65 -3 0 0 0.00 0.0 0 5.7 14 80 M M 2 12 18 70
17 83 51 67 -1 0 2 0.00 0.0 0 5.0 14 60 M M 2 22 100
18 83 52 68 0 0 3 0.00 0.0 0 3.9 13 300 M M 2 1 19 300
19 86 60 73 5 0 8 0.00 0.0 0 4.8 10 320 M M 0 8 17 320
20 79 62 71 3 0 6 0.00 0.0 0 9.9 18 320 M M 4 26 330
21 76 53 65 -3 0 0 0.00 0.0 0 5.0 10 10 M M 5 M M
22 76 54 65 -3 0 0 0.00 0.0 0 4.5 9 150 M M 3 14 160
23 78 60 69 1 0 4 0.00 0.0 0 6.7 12 160 M M 4 17 200
24 79 67 73 5 0 8 0.50 0.0 0 8.8 24 280 M M 6 138 37 250
25 85 59 72 4 0 7 0.00 0.0 0 6.3 17 280 M M 0 1 23 280
26 87 56 72 4 0 7 0.00 0.0 0 6.7 16 290 M M 0 23 280
27 83 63 73 5 0 8 0.00 0.0 0 7.9 17 310 M M 3 24 290
28 84 54 69 1 0 4 T 0.0 M M 14 180 M M 3 12 19 190
29 81 61 71 3 0 6 0.45 0.0 0 M M M M M M M M
30 71 52 62 -6 3 0 0.00 0.0 0 8.8 15 330 M M 0 23 330
31 77 46 62 -6 3 0 0.12 0.0 0 7.0 23 310 M M 3 138 32 230
================================================================================
SM 2457 1757 23 122 3.58 0.0 185.0 M 82
================================================================================
AV 79.3 56.7 6.9 FASTST M M 3 MAX(MPH)
MISC ----> 24 280 37 250
================================================================================
NOTES:
# LAST OF SEVERAL OCCURRENCES
COLUMN 17 PEAK WIND IN M.P.H.
PRELIMINARY LOCAL CLIMATOLOGICAL DATA (WS FORM: F-6) , PAGE 2
STATION: HOUGHTON LAKE MI
MONTH: JULY
YEAR: 2021
LATITUDE: 44 22 N
LONGITUDE: 84 41 W
[TEMPERATURE DATA] [PRECIPITATION DATA] SYMBOLS USED IN COLUMN 16
AVERAGE MONTHLY: 68.0 TOTAL FOR MONTH: 3.58 1 = FOG OR MIST
DPTR FM NORMAL: 0.2 DPTR FM NORMAL: 0.84 2 = FOG REDUCING VISIBILITY
HIGHEST: 90 ON 4 GRTST 24HR 0.85 ON 14-15 TO 1/4 MILE OR LESS
LOWEST: 46 ON 31,10 3 = THUNDER
SNOW, ICE PELLETS, HAIL 4 = ICE PELLETS
TOTAL MONTH: 0.0 INCH 5 = HAIL
GRTST 24HR 0.0 6 = FREEZING RAIN OR DRIZZLE
GRTST DEPTH: 0 7 = DUSTSTORM OR SANDSTORM:
VSBY 1/2 MILE OR LESS
8 = SMOKE OR HAZE
[NO. OF DAYS WITH] [WEATHER - DAYS WITH] 9 = BLOWING SNOW
X = TORNADO
MAX 32 OR BELOW: 0 0.01 INCH OR MORE: 10
MAX 90 OR ABOVE: 1 0.10 INCH OR MORE: 8
MIN 32 OR BELOW: 0 0.50 INCH OR MORE: 4
MIN 0 OR BELOW: 0 1.00 INCH OR MORE: 0
[HDD (BASE 65) ]
TOTAL THIS MO. 23 CLEAR (SCALE 0-3) 19
DPTR FM NORMAL -18 PTCLDY (SCALE 4-7) 8
TOTAL FM JUL 1 23 CLOUDY (SCALE 8-10) 4
DPTR FM NORMAL -14
[CDD (BASE 65) ]
TOTAL THIS MO. 122
DPTR FM NORMAL -4 [PRESSURE DATA]
TOTAL FM JAN 1 287 HIGHEST SLP 30.27 ON 18
DPTR FM NORMAL 71 LOWEST SLP 29.72 ON 24
[REMARKS]
#FINAL-07-21#