000
CXUS53 KAPX 010631
CF6HTL
PRELIMINARY LOCAL CLIMATOLOGICAL DATA (WS FORM: F-6)
STATION: HOUGHTON LAKE MI
MONTH: MARCH
YEAR: 2020
LATITUDE: 44 22 N
LONGITUDE: 84 41 W
TEMPERATURE IN F: :PCPN: SNOW: WIND :SUNSHINE: SKY :PK WND
================================================================================
1 2 3 4 5 6A 6B 7 8 9 10 11 12 13 14 15 16 17 18
12Z AVG MX 2MIN
DY MAX MIN AVG DEP HDD CDD WTR SNW DPTH SPD SPD DIR MIN PSBL S-S WX SPD DR
================================================================================
1 44 17 31 7 34 0 0.00 0.0 10 8.8 21 180 M M 3 30 180
2 42 23 33 9 32 0 0.00 0.0 9 6.3 12 280 M M 1 1 17 240
3 39 18 29 5 36 0 T T 8 5.9 20 280 M M 7 1 32 260
4 32 22 27 3 38 0 0.00 T 7 7.9 18 310 M M 6 27 300
5 41 14 28 3 37 0 0.09 T 7 6.4 23 200 M M 6 1 32 210
6 33 13 23 -2 42 0 0.15 2.2 9 9.0 20 10 M M 7 1 30 10
7 42 5 24 -2 41 0 0.00 0.0 9 5.8 17 210 M M 0 25 210
8 54 27 41 15 24 0 0.00 0.0 7 8.1 17 210 M M 1 29 230
9 49 45 47 21 18 0 0.22 0.0 4 10.6 20 220 M M 7 13 32 240
10 47 27 37 10 28 0 0.16 0.0 T 9.2 21 330 M M 5 12 30 330
11 38 28 33 6 32 0 0.03 T T 5.0 12 110 M M 10 1 15 130
12 46 35 41 14 24 0 0.08 0.0 T 9.2 17 150 M M 9 1 25 150
13 43 29 36 8 29 0 T T T 16.3 29 280 M M 8 1 46 280
14 32 24 28 0 37 0 0.00 0.0 T 8.1 15 330 M M 7 23 340
15 39 19 29 1 36 0 0.00 0.0 0 7.0 15 80 M M 1 19 100
16 43 17 30 1 35 0 T T 0 6.9 15 220 M M 6 1 26 200
17 43 21 32 3 33 0 0.00 0.0 0 10.7 22 290 M M 5 1 32 320
18 38 22 30 0 35 0 0.03 T 0 6.4 14 80 M M 8 1 18 70
19 47 24 36 6 29 0 0.37 0.0 0 6.8 17 140 M M 5 1 26 110
20 43 18 31 1 34 0 0.10 T T 16.2 32 320 M M 10 12 48 300
21 32 11 22 -9 43 0 0.00 0.0 T 5.5 14 130 M M 0 20 120
22 33 12 23 -8 42 0 0.00 0.0 0 6.8 15 100 M M 4 21 140
23 44 25 35 3 30 0 0.00 0.0 0 3.7 15 300 M M 6 18 300
24 44 30 37 5 28 0 0.00 0.0 0 4.0 10 180 M M 9 14 160
25 56 31 44 11 21 0 0.00 0.0 0 6.0 12 210 M M 8 18 19 240
26 46 30 38 5 27 0 0.02 0.0 0 5.5 14 350 M M 9 18 21 350
27 54 31 43 9 22 0 0.00 0.0 0 5.3 13 190 M M 4 1 18 180
28 47 35 41 7 24 0 0.58 0.0 0 10.4 18 80 M M 10 18 29 60
29 53 40 47 12 18 0 0.54 0.0 0 11.5 21 210 M M 10 1 33 190
30 40 34 37 2 28 0 T 0.0 0 10.4 17 330 M M 10 1 27 280
31 42 33 38 2 27 0 0.00 0.0 0 7.2 14 50 M M 10 1 19 60
================================================================================
SM 1326 760 964 0 2.37 2.2 246.9 M 192
================================================================================
AV 42.8 24.5 8.0 FASTST M M 6 MAX(MPH)
MISC ----> # 32 320 # 48 300
================================================================================
NOTES:
# LAST OF SEVERAL OCCURRENCES
COLUMN 17 PEAK WIND IN M.P.H.
PRELIMINARY LOCAL CLIMATOLOGICAL DATA (WS FORM: F-6) , PAGE 2
STATION: HOUGHTON LAKE MI
MONTH: MARCH
YEAR: 2020
LATITUDE: 44 22 N
LONGITUDE: 84 41 W
[TEMPERATURE DATA] [PRECIPITATION DATA] SYMBOLS USED IN COLUMN 16
AVERAGE MONTHLY: 33.7 TOTAL FOR MONTH: 2.37 1 = FOG OR MIST
DPTR FM NORMAL: 4.5 DPTR FM NORMAL: 0.53 2 = FOG REDUCING VISIBILITY
HIGHEST: 56 ON 25 GRTST 24HR 0.58 ON 28-28 TO 1/4 MILE OR LESS
LOWEST: 5 ON 7 3 = THUNDER
SNOW, ICE PELLETS, HAIL 4 = ICE PELLETS
TOTAL MONTH: 2.2 INCHES 5 = HAIL
GRTST 24HR 2.2 ON 6- 6 6 = FREEZING RAIN OR DRIZZLE
GRTST DEPTH: 10 ON 1 7 = DUSTSTORM OR SANDSTORM:
VSBY 1/2 MILE OR LESS
8 = SMOKE OR HAZE
[NO. OF DAYS WITH] [WEATHER - DAYS WITH] 9 = BLOWING SNOW
X = TORNADO
MAX 32 OR BELOW: 3 0.01 INCH OR MORE: 12
MAX 90 OR ABOVE: 0 0.10 INCH OR MORE: 7
MIN 32 OR BELOW: 25 0.50 INCH OR MORE: 2
MIN 0 OR BELOW: 0 1.00 INCH OR MORE: 0
[HDD (BASE 65) ]
TOTAL THIS MO. 964 CLEAR (SCALE 0-3) 5
DPTR FM NORMAL -149 PTCLDY (SCALE 4-7) 15
TOTAL FM JUL 1 6448 CLOUDY (SCALE 8-10) 11
DPTR FM NORMAL -537
[CDD (BASE 65) ]
TOTAL THIS MO. 0
DPTR FM NORMAL 0 [PRESSURE DATA]
TOTAL FM JAN 1 0 HIGHEST SLP M ON M
DPTR FM NORMAL 0 LOWEST SLP 29.40 ON 29
[REMARKS]
#FINAL-03-20#
#FINAL-03-20#