000
CXUS51 KRLX 021440
CF6HTS
PRELIMINARY LOCAL CLIMATOLOGICAL DATA (WS FORM: F-6)
STATION: HUNTINGTON WV
MONTH: APRIL
YEAR: 2022
LATITUDE: 38 22 N
LONGITUDE: 82 33 W
TEMPERATURE IN F: :PCPN: SNOW: WIND :SUNSHINE: SKY :PK WND
================================================================================
1 2 3 4 5 6A 6B 7 8 9 10 11 12 13 14 15 16 17 18
12Z AVG MX 2MIN
DY MAX MIN AVG DEP HDD CDD WTR SNW DPTH SPD SPD DIR MIN PSBL S-S WX SPD DR
================================================================================
1 50 33 42 -10 23 0 0.05 T T 8.4 23 300 M M 8 128 33 290
2 58 28 43 -9 22 0 T 0.0 0 4.2 13 250 M M 3 19 270
3 58 41 50 -3 15 0 0.00 0.0 0 7.8 18 280 M M 5 27 270
4 59 37 48 -5 17 0 T 0.0 0 2.3 10 230 M M 7 14 240
5 57 47 52 -2 13 0 0.85 0.0 0 5.0 15 40 M M 9 1 20 50
6 72 52 62 8 3 0 0.27 0.0 0 7.1 24 300 M M 9 1 35 300
7 58 45 52 -2 13 0 0.04 0.0 0 6.3 20 280 M M 7 1238 29 280
8 50 38 44 -11 21 0 0.14 0.0 0 7.1 20 260 M M 8 1 29 260
9 45 35 40 -15 25 0 0.08 T 0 8.1 22 230 M M 9 18 29 280
10 63 38 51 -4 14 0 0.00 0.0 0 5.6 13 260 M M 4 18 340
11 74 43 59 3 6 0 0.07 0.0 0 7.0 25 250 M M 7 3 36 260
12 72 55 64 8 1 0 0.03 0.0 0 4.3 18 230 M M 10 1 30 230
13 82 61 72 16 0 7 0.09 0.0 0 8.8 24 270 M M 3 1 37 270
14 64 48 56 -1 9 0 0.04 0.0 0 8.2 25 300 M M 5 1 37 300
15 74 40 57 0 8 0 0.01 0.0 0 7.5 28 230 M M 1 45 250
16 69 51 60 2 5 0 0.00 0.0 0 8.4 18 240 M M 8 26 220
17 57 37 47 -11 18 0 0.00 0.0 0 8.5 16 360 M M 0 20 10
18 48 39 44 -14 21 0 0.55 0.0 0 8.5 15 260 M M 10 1 24 260
19 50 35 43 -15 22 0 T 0.0 0 7.9 16 270 M M 7 25 260
20 67 30 49 -10 16 0 0.00 0.0 0 4.4 13 140 M M 0 17 130
21 70 57 64 5 1 0 0.02 0.0 0 8.2 21 230 M M 8 32 270
22 80 47 64 5 1 0 0.00 0.0 0 3.8 10 40 M M 2 12 15 20
23 88 53 71 11 0 6 0.00 0.0 0 4.8 14 190 M M 0 18 250
24 87 62 75 15 0 10 0.00 0.0 0 5.7 14 260 M M 0 21 260
25 85 62 74 14 0 9 T 0.0 0 8.9 18 190 M M 4 26 300
26 62 42 52 -8 13 0 0.37 0.0 0 7.3 15 300 M M 6 1 22 300
27 64 33 49 -12 16 0 0.00 0.0 0 5.9 18 320 M M 1 1 24 300
28 62 40 51 -10 14 0 0.00 0.0 0 5.1 13 40 M M 5 18 60
29 70 51 61 0 4 0 0.00 0.0 0 5.3 12 50 M M 8 17 60
30 66 50 58 -4 7 0 0.60 0.0 0 5.8 14 120 M M 7 13 18 120
================================================================================
SM 1961 1330 328 32 3.21 T 196.2 M 161
================================================================================
AV 65.4 44.3 6.5 FASTST M M 5 MAX(MPH)
MISC ----> 28 230 45 250
================================================================================
NOTES:
# LAST OF SEVERAL OCCURRENCES
COLUMN 17 PEAK WIND IN M.P.H.
PRELIMINARY LOCAL CLIMATOLOGICAL DATA (WS FORM: F-6) , PAGE 2
STATION: HUNTINGTON WV
MONTH: APRIL
YEAR: 2022
LATITUDE: 38 22 N
LONGITUDE: 82 33 W
[TEMPERATURE DATA] [PRECIPITATION DATA] SYMBOLS USED IN COLUMN 16
AVERAGE MONTHLY: 54.9 TOTAL FOR MONTH: 3.21 1 = FOG OR MIST
DPTR FM NORMAL: -2.4 DPTR FM NORMAL: -0.70 2 = FOG REDUCING VISIBILITY
HIGHEST: 88 ON 23 GRTST 24HR 0.85 ON 4- 5 TO 1/4 MILE OR LESS
LOWEST: 28 ON 2 3 = THUNDER
SNOW, ICE PELLETS, HAIL 4 = ICE PELLETS
TOTAL MONTH: T 5 = HAIL
GRTST 24HR T ON 1- 1 6 = FREEZING RAIN OR DRIZZLE
GRTST DEPTH: T 7 = DUSTSTORM OR SANDSTORM:
VSBY 1/2 MILE OR LESS
8 = SMOKE OR HAZE
[NO. OF DAYS WITH] [WEATHER - DAYS WITH] 9 = BLOWING SNOW
X = TORNADO
MAX 32 OR BELOW: 0 0.01 INCH OR MORE: 15
MAX 90 OR ABOVE: 0 0.10 INCH OR MORE: 6
MIN 32 OR BELOW: 2 0.50 INCH OR MORE: 3
MIN 0 OR BELOW: 0 1.00 INCH OR MORE: 0
[HDD (BASE 65) ]
TOTAL THIS MO. 328 CLEAR (SCALE 0-3) 9
DPTR FM NORMAL 62 PTCLDY (SCALE 4-7) 15
TOTAL FM JUL 1 3869 CLOUDY (SCALE 8-10) 6
DPTR FM NORMAL -345
[CDD (BASE 65) ]
TOTAL THIS MO. 32
DPTR FM NORMAL 1 [PRESSURE DATA]
TOTAL FM JAN 1 33 HIGHEST SLP 30.46 ON 22
DPTR FM NORMAL -4 LOWEST SLP 29.49 ON 6
[REMARKS]
#FINAL-04-22#