000
CXUS51 KRLX 012327
CLMHTS
CLIMATE REPORT
NATIONAL WEATHER SERVICE CHARLESTON WV
727 PM EDT SUN OCT 01 2023
...................................
...THE HUNTINGTON WV CLIMATE SUMMARY FOR THE MONTH OF SEPTEMBER 2023...
CLIMATE NORMAL PERIOD: 1991 TO 2020
CLIMATE RECORD PERIOD: 1897 TO 2023
WEATHER OBSERVED NORMAL DEPART LAST YEAR`S
VALUE DATE(S) VALUE FROM VALUE
NORMAL
..............................................................
TEMPERATURE (F)
RECORD
HIGH 103 09/01/1953
09/01/1932
LOW 29 09/29/1942
HIGHEST 94 09/05 91
LOWEST 49 09/19 38
AVG. MAXIMUM 81.1 79.6 1.5 78.2
AVG. MINIMUM 58.8 57.7 1.1 57.2
MEAN 70.0 68.7 1.3 67.7
DAYS MAX >= 90 5 3.3 1.7 1
DAYS MAX >= 80 17 15
DAYS MAX >= 100 0 0
DAYS MIN <= 32 0 0.0 0.0 0
PRECIPITATION (INCHES)
RECORD
MAXIMUM 10.41 2018
MINIMUM 0.01 2019
TOTALS 1.35 3.16 -1.81 1.45
DAILY AVG. 0.05 0.11 -0.06 0.05
DAYS >= .01 6 8.3 -2.3 9
DAYS >= .10 3 5.1 -2.1 4
DAYS >= .50 1 2.1 -1.1 1
DAYS >= 1.00 0 0.8 -0.8 0
GREATEST
24 HR. TOTAL 0.82 09/16 TO 09/17 0.74
SNOWFALL (INCHES)
RECORDS
TOTAL 0.0
24 HR TOTAL 0.0
SNOW DEPTH 0
TOTALS 0.0 0.0 0.0 0.0
SINCE 7/1 0.0 0.0 0.0 0.0
DEGREE DAYS
HEATING TOTAL 4 43 -39 54
SINCE 7/1 4 42 -38 54
COOLING TOTAL 162 152 10 141
SINCE 1/1 1072 1206 -134 1266
FALL FREEZE DATES
RECORD
EARLIEST 31 09/24/1983
LATEST 32 11/21/1985
NORMAL 10/26
1ST OBS. 2023 --
..............................................................
WIND (MPH)
AVERAGE WIND SPEED 3.2
HIGHEST WIND SPEED/DIRECTION 16/330 DATE 09/12
16/040 09/22
HIGHEST GUST SPEED/DIRECTION 22/330 DATE 09/12
22/030 09/22
SKY COVER
AVERAGE SKY COVER 0.40
NUMBER OF DAYS FAIR 16
NUMBER OF DAYS PC 8
NUMBER OF DAYS CLOUDY 6
AVERAGE RH (PERCENT) 72
WEATHER CONDITIONS. NUMBER OF DAYS WITH
THUNDERSTORM 2 MIXED PRECIP 0
HEAVY RAIN 2 RAIN 3
LIGHT RAIN 7 FREEZING RAIN 0
LT FREEZING RAIN 0 HAIL 0
HEAVY SNOW 0 SNOW 0
LIGHT SNOW 0 SLEET 0
FOG 23 FOG W/VIS <= 1/4 MILE 10
HAZE 3
- INDICATES NEGATIVE NUMBERS.
R INDICATES RECORD WAS SET OR TIED.
MM INDICATES DATA IS MISSING.
T INDICATES TRACE AMOUNT.
$$