000
CXUS56 KMTR 010900
CF6HWD
PRELIMINARY LOCAL CLIMATOLOGICAL DATA (WS FORM: F-6)
STATION: HAYWARD AIRPORT
MONTH: MAY
YEAR: 2023
LATITUDE: 37 39 N
LONGITUDE: 122 7 W
TEMPERATURE IN F: :PCPN: SNOW: WIND :SUNSHINE: SKY :PK WND
================================================================================
1 2 3 4 5 6A 6B 7 8 9 10 11 12 13 14 15 16 17 18
12Z AVG MX 2MIN
DY MAX MIN AVG DEP HDD CDD WTR SNW DPTH SPD SPD DIR MIN PSBL S-S WX SPD DR
================================================================================
1 60 50 55 -4 10 0 0.03 M M 16.4 24 290 M M 10 1 43 290
2 61 48 55 -5 10 0 0.26 M M 8.8 17 230 M M 9 13 25 230
3 61 49 55 -5 10 0 0.28 M M 6.8 17 290 M M 9 1 22 290
4 60 48 54 -6 11 0 0.00 M M 5.8 15 290 M M 8 24 290
5 62 52 57 -3 8 0 0.10 M M 5.9 15 250 M M 9 1 22 250
6 62 52 57 -3 8 0 0.13 M M 8.4 18 240 M M 8 1 28 270
7 64 51 58 -2 7 0 0.00 M M 6.9 18 290 M M 4 24 280
8 63 47 55 -5 10 0 0.01 M M 9.1 17 290 M M 5 1 23 280
9 64 48 56 -4 9 0 0.00 M M 8.8 21 280 M M 3 27 270
10 61 53 57 -3 8 0 0.00 M M 10.9 17 280 M M 7 25 250
11 63 54 59 -1 6 0 0.00 M M 9.3 17 260 M M 6 23 260
12 68 53 61 1 4 0 0.00 M M 6.9 17 290 M M 5 22 300
13 85 54 70 10 0 5 0.00 M M 5.0 16 310 M M 3 8 19 290
14 75 53 64 4 1 0 0.00 M M 8.1 16 310 M M 1 22 310
15 70 54 62 1 3 0 0.00 M M 8.3 18 290 M M 4 27 290
16 77 53 65 4 0 0 0.00 M M 6.6 15 290 M M 4 19 290
17 69 53 61 0 4 0 0.00 M M 7.3 18 290 M M 6 18 24 290
18 64 54 59 -2 6 0 0.00 M M 7.4 15 280 M M 5 21 270
19 63 54 59 -2 6 0 0.00 M M 8.8 16 300 M M 7 21 260
20 64 53 59 -2 6 0 T M M 10.9 18 290 M M 9 24 310
21 72 54 63 2 2 0 0.00 M M 7.0 20 290 M M 4 23 290
22 73 53 63 2 2 0 0.00 M M 6.3 20 290 M M 3 24 280
23 67 54 61 -1 4 0 0.00 M M 11.8 20 260 M M 4 8 26 280
24 66 53 60 -2 5 0 0.00 M M 10.1 17 310 M M 6 23 250
25 66 54 60 -2 5 0 0.00 M M 9.7 20 270 M M 7 26 280
26 65 55 60 -2 5 0 0.00 M M 10.9 20 300 M M 8 26 300
27 66 55 61 -1 4 0 0.00 M M 10.1 22 280 M M 7 27 280
28 62 54 58 -4 7 0 0.00 M M 9.5 18 290 M M 8 8 24 280
29 69 55 62 0 3 0 0.00 M M 9.2 20 290 M M 5 26 270
30 66 55 61 -1 4 0 0.00 M M 10.7 20 280 M M 5 26 280
31 64 54 59 -4 6 0 0.00 M M 10.6 21 290 M M 6 27 290
================================================================================
SM 2052 1629 174 5 0.81 M 272.3 M 185
================================================================================
AV 66.2 52.5 8.8 FASTST M M 6 MAX(MPH)
MISC ----> 24 290 43 290
================================================================================
NOTES:
# LAST OF SEVERAL OCCURRENCES
COLUMN 17 PEAK WIND IN M.P.H.
PRELIMINARY LOCAL CLIMATOLOGICAL DATA (WS FORM: F-6) , PAGE 2
STATION: HAYWARD AIRPORT
MONTH: MAY
YEAR: 2023
LATITUDE: 37 39 N
LONGITUDE: 122 7 W
[TEMPERATURE DATA] [PRECIPITATION DATA] SYMBOLS USED IN COLUMN 16
AVERAGE MONTHLY: 59.4 TOTAL FOR MONTH: 0.81 1 = FOG OR MIST
DPTR FM NORMAL: -1.5 DPTR FM NORMAL: 0.23 2 = FOG REDUCING VISIBILITY
HIGHEST: 85 ON 13 GRTST 24HR 0.40 ON 2- 3 TO 1/4 MILE OR LESS
LOWEST: 47 ON 8 3 = THUNDER
SNOW, ICE PELLETS, HAIL 4 = ICE PELLETS
TOTAL MONTH: M 5 = HAIL
GRTST 24HR M ON M 6 = FREEZING RAIN OR DRIZZLE
GRTST DEPTH: M ON M 7 = DUSTSTORM OR SANDSTORM:
VSBY 1/2 MILE OR LESS
8 = SMOKE OR HAZE
[NO. OF DAYS WITH] [WEATHER - DAYS WITH] 9 = BLOWING SNOW
X = TORNADO
MAX 32 OR BELOW: 0 0.01 INCH OR MORE: 6
MAX 90 OR ABOVE: 0 0.10 INCH OR MORE: 4
MIN 32 OR BELOW: 0 0.50 INCH OR MORE: 0
MIN 0 OR BELOW: 0 1.00 INCH OR MORE: 0
[HDD (BASE 65) ]
TOTAL THIS MO. 174 CLEAR (SCALE 0-3) 2
DPTR FM NORMAL 25 PTCLDY (SCALE 4-7) 24
TOTAL FM JUL 1 2627 CLOUDY (SCALE 8-10) 5
DPTR FM NORMAL 375
[CDD (BASE 65) ]
TOTAL THIS MO. 5
DPTR FM NORMAL -16 [PRESSURE DATA]
TOTAL FM JAN 1 10 HIGHEST SLP M ON M
DPTR FM NORMAL -22 LOWEST SLP 29.77 ON 14
[REMARKS]
#FINAL-05-23#