000
CXUS54 KHGX 011410
CF6IAH
PRELIMINARY LOCAL CLIMATOLOGICAL DATA (WS FORM: F-6)
STATION: HOUSTON INTERCONTINENTAL
MONTH: JUNE
YEAR: 2023
LATITUDE: 29 58 N
LONGITUDE: 95 21 W
TEMPERATURE IN F: :PCPN: SNOW: WIND :SUNSHINE: SKY :PK WND
================================================================================
1 2 3 4 5 6A 6B 7 8 9 10 11 12 13 14 15 16 17 18
12Z AVG MX 2MIN
DY MAX MIN AVG DEP HDD CDD WTR SNW DPTH SPD SPD DIR MIN PSBL S-S WX SPD DR
================================================================================
1 89 67 78 -3 0 13 0.00 0.0 0 5.4 16 140 M M 3 22 140
2 91 69 80 -1 0 15 0.00 0.0 0 4.3 15 160 M M 4 19 170
3 94 72 83 1 0 18 0.00 0.0 0 5.3 14 60 M M 6 3 17 50
4 84 66 75 -7 0 10 1.32 0.0 0 4.6 40 310 M M 8 13 62 320
5 89 68 79 -3 0 14 0.88 0.0 0 3.9 22 100 M M 7 13 29 70
6 86 68 77 -5 0 12 0.00 0.0 0 4.7 24 160 M M 6 31 160
7 90 68 79 -3 0 14 0.03 0.0 0 2.4 24 320 M M 5 13 34 310
8 91 69 80 -2 0 15 0.13 0.0 0 5.5 29 270 M M 7 13 45 290
9 95 67 81 -1 0 16 0.00 0.0 0 3.6 14 160 M M 2 20 160
10 93 69 81 -2 0 16 0.16 0.0 0 7.3 43 40 M M 6 13 57 40
11 94 69 82 -1 0 17 T 0.0 0 6.7 23 160 M M 5 3 29 160
12 95 73 84 1 0 19 0.00 0.0 0 7.0 20 150 M M 5 25 120
13 94 74 84 1 0 19 0.00 0.0 0 8.8 21 150 M M 5 27 160
14 95 80 88 5 0 23 0.00 0.0 0 8.1 15 230 M M 8 23 160
15 98 81 90 7 0 25 0.00 0.0 0 8.4 15 170 M M 5 8 23 190
16 97 80 89 6 0 24 0.00 0.0 0 8.9 16 180 M M 6 8 24 190
17 97 82 90 7 0 25 0.00 0.0 0 6.0 15 160 M M 7 8 20 170
18 99 80 90 7 0 25 0.00 0.0 0 9.1 18 180 M M 5 29 160
19 100 81 91 7 0 26 0.00 0.0 0 8.0 17 200 M M 3 26 200
20 100 83 92 8 0 27 0.00 0.0 0 8.3 15 170 M M 5 8 21 150
21 100 72 86 2 0 21 0.71 0.0 0 8.7 47 320 M M 6 3 97 320
22 97 74 86 2 0 21 T 0.0 0 5.9 18 100 M M 6 27 110
23 98 77 88 4 0 23 0.01 0.0 0 5.8 22 140 M M 5 3 27 140
24 96 79 88 4 0 23 0.00 0.0 0 7.8 18 160 M M 4 26 170
25 98 81 90 6 0 25 0.00 0.0 0 8.1 15 160 M M 4 23 160
26 97 81 89 5 0 24 0.00 0.0 0 8.0 15 160 M M 4 21 160
27 99 81 90 6 0 25 0.00 0.0 0 7.3 14 230 M M 3 21 210
28 98 81 90 6 0 25 0.00 0.0 0 7.5 16 160 M M 3 22 150
29 98 80 89 5 0 24 0.00 0.0 0 6.7 17 150 M M 2 23 160
30 99 80 90 6 0 25 0.00 0.0 0 8.1 21 140 M M 3 27 160
================================================================================
SM 2851 2252 0 609 3.24 0.0 200.2 M 148
================================================================================
AV 95.0 75.1 6.7 FASTST M M 5 MAX(MPH)
MISC ----> 47 320 97 320
================================================================================
NOTES:
# LAST OF SEVERAL OCCURRENCES
COLUMN 17 PEAK WIND IN M.P.H.
PRELIMINARY LOCAL CLIMATOLOGICAL DATA (WS FORM: F-6) , PAGE 2
STATION: HOUSTON INTERCONTINENTAL
MONTH: JUNE
YEAR: 2023
LATITUDE: 29 58 N
LONGITUDE: 95 21 W
[TEMPERATURE DATA] [PRECIPITATION DATA] SYMBOLS USED IN COLUMN 16
AVERAGE MONTHLY: 85.1 TOTAL FOR MONTH: 3.24 1 = FOG OR MIST
DPTR FM NORMAL: 2.1 DPTR FM NORMAL: -2.76 2 = FOG REDUCING VISIBILITY
HIGHEST: 100 ON 21,20 GRTST 24HR 1.32 ON 4- 4 TO 1/4 MILE OR LESS
LOWEST: 66 ON 4 3 = THUNDER
SNOW, ICE PELLETS, HAIL 4 = ICE PELLETS
TOTAL MONTH: 0.0 INCH 5 = HAIL
GRTST 24HR 0.0 6 = FREEZING RAIN OR DRIZZLE
GRTST DEPTH: 0 7 = DUSTSTORM OR SANDSTORM:
VSBY 1/2 MILE OR LESS
8 = SMOKE OR HAZE
[NO. OF DAYS WITH] [WEATHER - DAYS WITH] 9 = BLOWING SNOW
X = TORNADO
MAX 32 OR BELOW: 0 0.01 INCH OR MORE: 7
MAX 90 OR ABOVE: 26 0.10 INCH OR MORE: 5
MIN 32 OR BELOW: 0 0.50 INCH OR MORE: 3
MIN 0 OR BELOW: 0 1.00 INCH OR MORE: 1
[HDD (BASE 65) ]
TOTAL THIS MO. 0 CLEAR (SCALE 0-3) 5
DPTR FM NORMAL 0 PTCLDY (SCALE 4-7) 24
TOTAL FM JUL 1 1120 CLOUDY (SCALE 8-10) 1
DPTR FM NORMAL -145
[CDD (BASE 65) ]
TOTAL THIS MO. 609
DPTR FM NORMAL 69 [PRESSURE DATA]
TOTAL FM JAN 1 1394 HIGHEST SLP 30.01 ON 30
DPTR FM NORMAL 157 LOWEST SLP 29.67 ON 14
[REMARKS]
#FINAL-06-23#