000
CXUS53 KUNR 011901
CLMICR
CLIMATE REPORT
NATIONAL WEATHER SERVICE RAPID CITY SD
1201 PM MST THU FEB 01 2024
...................................
...THE WINNER REGIONAL AIRPORT SD CLIMATE SUMMARY FOR THE MONTH OF JANUARY 2024...
CLIMATE NORMAL PERIOD 1991 TO 2020
CLIMATE RECORD PERIOD 9999 TO 9999
WEATHER OBSERVED NORMAL DEPART LAST YEAR`S
VALUE DATE(S) VALUE FROM VALUE DATE(S)
NORMAL
................................................................
TEMPERATURE (F)
HIGHEST 58 01/31 48 01/14
LOWEST -21 01/14 -10 01/29
AVG. MAXIMUM 26.8 34.8 -8.0 30.5
AVG. MINIMUM 10.6 14.5 -3.9 16.2
MEAN 18.7 24.6 -5.9 23.4
DAYS MAX >= 90 0 0
DAYS MAX <= 32 16 17
DAYS MIN <= 32 30 30
DAYS MIN <= 0 8 4
PRECIPITATION (INCHES)
TOTALS 0.03 0.21 -0.18 0.89
DAILY AVG. 0.00 0.01 -0.01 0.03
DAYS >= .01 2 5
DAYS >= .10 0 3
DAYS >= .50 0 1
DAYS >= 1.00 0 0
GREATEST
24 HR. TOTAL 0.02 01/08 TO 01/08 0.53
DEGREE DAYS
HEATING TOTAL 1429 1251 178 1283
SINCE 7/1 3525 3757 -232 MM
COOLING TOTAL 0 0 0 0
SINCE 1/1 0 0 0 MM
................................................................
WIND (MPH)
AVERAGE WIND SPEED 11.2
HIGHEST WIND SPEED/DIRECTION 49/190 DATE 01/21
HIGHEST GUST SPEED/DIRECTION 66/190 DATE 01/21
AVERAGE RH (PERCENT) 76
WEATHER CONDITIONS. NUMBER OF DAYS WITH
THUNDERSTORM 0 MIXED PRECIP 1
HEAVY RAIN 0 RAIN 0
LIGHT RAIN 1 FREEZING RAIN 0
LT FREEZING RAIN 4 HAIL 0
HEAVY SNOW 3 SNOW 5
LIGHT SNOW 13 SLEET 0
FOG 14 FOG W/VIS <= 1/4 MILE 6
HAZE 14
- INDICATES NEGATIVE NUMBERS.
R INDICATES RECORD WAS SET OR TIED.
MM INDICATES DATA IS MISSING.
T INDICATES TRACE AMOUNT.
$$