000
CXUS53 KICT 032356
CF6ICT
PRELIMINARY LOCAL CLIMATOLOGICAL DATA (WS FORM: F-6)
STATION: WICHITA EISENHOWER NATIONAL
MONTH: NOVEMBER
YEAR: 2022
LATITUDE: 37 39 N
LONGITUDE: 97 25 W
TEMPERATURE IN F: :PCPN: SNOW: WIND :SUNSHINE: SKY :PK WND
================================================================================
1 2 3 4 5 6A 6B 7 8 9 10 11 12 13 14 15 16 17 18
12Z AVG MX 2MIN
DY MAX MIN AVG DEP HDD CDD WTR SNW DPTH SPD SPD DIR MIN PSBL S-S WX SPD DR
================================================================================
1 79 46 63 11 2 0 0.00 0.0 0 10.6 24 190 M M 2 34 180
2 77 56 67 15 0 2 0.00 0.0 0 19.4 33 180 M M 3 45 170
3 73 59 66 15 0 1 0.00 0.0 0 21.1 33 190 M M 8 42 190
4 69 37 53 2 12 0 2.27 0.0 0 17.7 30 350 M M 10 13 42 300
5 59 34 47 -3 18 0 0.11 T 0 13.3 25 190 M M 5 1 34 190
6 65 40 53 3 12 0 0.00 0.0 0 10.4 20 40 M M 3 26 40
7 63 47 55 6 10 0 0.00 0.0 0 14.9 25 80 M M 4 34 70
8 68 58 63 14 2 0 0.00 0.0 0 15.2 23 160 M M 10 31 150
9 76 66 71 22 0 6 0.00 0.0 0 20.7 31 180 M M 9 8 41 190
10 69 40 55 7 10 0 T 0.0 0 18.8 28 330 M M 7 37 170
11 40 25 33 -15 32 0 0.00 0.0 0 16.8 28 350 M M 4 39 20
12 42 20 31 -16 34 0 0.00 0.0 0 8.3 17 340 M M 1 22 350
13 50 22 36 -11 29 0 0.00 0.0 0 12.7 24 160 M M 1 31 150
14 41 30 36 -10 29 0 0.05 0.4 0 8.7 21 340 M M 9 1 27 350
15 44 22 33 -13 32 0 T T T 8.7 17 300 M M 3 1 23 340
16 39 22 31 -15 34 0 0.00 0.0 0 11.7 23 300 M M 3 28 300
17 48 21 35 -10 30 0 0.00 0.0 0 10.7 23 360 M M 6 31 360
18 31 15 23 -22 42 0 0.00 0.0 0 12.2 21 350 M M 7 28 350
19 42 15 29 -15 36 0 0.00 0.0 0 9.2 23 330 M M 0 32 350
20 50 16 33 -11 32 0 0.00 0.0 0 10.1 22 200 M M 0 29 210
21 56 23 40 -4 25 0 0.00 0.0 0 6.8 12 190 M M 0 17 190
22 62 27 45 2 20 0 0.00 0.0 0 9.2 20 200 M M 1 1 26 200
23 54 37 46 3 19 0 T 0.0 0 12.2 22 180 M M 7 1 27 180
24 51 38 45 3 20 0 T 0.0 0 9.8 25 340 M M 8 128 29 340
25 56 30 43 1 22 0 0.00 0.0 0 6.9 16 350 M M 2 8 23 350
26 48 29 39 -2 26 0 0.50 0.0 0 5.8 15 360 M M 7 1 20 350
27 49 28 39 -2 26 0 0.02 0.0 0 13.4 24 340 M M 6 32 340
28 56 27 42 1 23 0 0.00 0.0 0 12.2 26 170 M M 2 33 170
29 53 26 40 0 25 0 0.00 0.0 0 19.1 31 340 M M 6 39 340
30 41 17 29 -11 36 0 0.00 0.0 0 5.6 13 340 M M 1 16 340
================================================================================
SM 1651 973 638 9 2.95 0.4 372.2 M 135
================================================================================
AV 55.0 32.4 12.4 FASTST M M 5 MAX(MPH)
MISC ----> # 33 180 45 170
================================================================================
NOTES:
# LAST OF SEVERAL OCCURRENCES
COLUMN 17 PEAK WIND IN M.P.H.
PRELIMINARY LOCAL CLIMATOLOGICAL DATA (WS FORM: F-6) , PAGE 2
STATION: WICHITA EISENHOWER NATIONAL
MONTH: NOVEMBER
YEAR: 2022
LATITUDE: 37 39 N
LONGITUDE: 97 25 W
[TEMPERATURE DATA] [PRECIPITATION DATA] SYMBOLS USED IN COLUMN 16
AVERAGE MONTHLY: 43.7 TOTAL FOR MONTH: 2.95 1 = FOG OR MIST
DPTR FM NORMAL: -2.1 DPTR FM NORMAL: 1.59 2 = FOG REDUCING VISIBILITY
HIGHEST: 79 ON 1 GRTST 24HR 2.38 ON 4- 5 TO 1/4 MILE OR LESS
LOWEST: 15 ON 19,18 3 = THUNDER
SNOW, ICE PELLETS, HAIL 4 = ICE PELLETS
TOTAL MONTH: 0.4 INCH 5 = HAIL
GRTST 24HR 0.4 ON 14-14 6 = FREEZING RAIN OR DRIZZLE
GRTST DEPTH: T 7 = DUSTSTORM OR SANDSTORM:
VSBY 1/2 MILE OR LESS
8 = SMOKE OR HAZE
[NO. OF DAYS WITH] [WEATHER - DAYS WITH] 9 = BLOWING SNOW
X = TORNADO
MAX 32 OR BELOW: 1 0.01 INCH OR MORE: 5
MAX 90 OR ABOVE: 0 0.10 INCH OR MORE: 3
MIN 32 OR BELOW: 18 0.50 INCH OR MORE: 2
MIN 0 OR BELOW: 0 1.00 INCH OR MORE: 1
[HDD (BASE 65) ]
TOTAL THIS MO. 638 CLEAR (SCALE 0-3) 14
DPTR FM NORMAL 62 PTCLDY (SCALE 4-7) 12
TOTAL FM JUL 1 815 CLOUDY (SCALE 8-10) 4
DPTR FM NORMAL -25
[CDD (BASE 65) ]
TOTAL THIS MO. 9
DPTR FM NORMAL 7 [PRESSURE DATA]
TOTAL FM JAN 1 2156 HIGHEST SLP 30.59 ON 18
DPTR FM NORMAL 383 LOWEST SLP 29.39 ON 29
[REMARKS]
#FINAL-11-22#