000
CXUS55 KPIH 031643
CF6IDA
PRELIMINARY LOCAL CLIMATOLOGICAL DATA (WS FORM: F-6)
STATION: IDAHO FALLS
MONTH: JUNE
YEAR: 2023
LATITUDE: 43 31 N
LONGITUDE: 112 4 W
TEMPERATURE IN F: :PCPN: SNOW: WIND :SUNSHINE: SKY :PK WND
================================================================================
1 2 3 4 5 6A 6B 7 8 9 10 11 12 13 14 15 16 17 18
12Z AVG MX 2MIN
DY MAX MIN AVG DEP HDD CDD WTR SNW DPTH SPD SPD DIR MIN PSBL S-S WX SPD DR
================================================================================
1 77 45 61 4 4 0 0.00 M M 4.7 20 120 M M 1 27 140
2 70 51 61 4 4 0 0.08 M M 6.1 21 290 M M 5 13 27 280
3 70 50 60 2 5 0 T M M 3.5 16 360 M M 5 21 340
4 75 48 62 4 3 0 T M M 7.1 22 100 M M 3 28 110
5 80 46 63 5 2 0 0.00 M M 4.7 15 220 M M 1 22 230
6 86 50 68 10 0 3 0.00 M M 7.8 23 110 M M 1 3 30 120
7 M 48 M M M M 0.16 M M 8.0 30 180 M M 2 3 43 180
8 75 53 64 5 1 0 T M M 5.9 30 260 M M 5 3 40 270
9 78 45 62 3 3 0 T M M 4.1 18 210 M M 1 3 25 220
10 78 45 62 3 3 0 0.00 M M 2.9 13 200 M M 1 19 200
11 74 48 61 2 4 0 T M M 5.3 20 20 M M 2 3 26 20
12 77 47 62 3 3 0 0.08 M M 5.7 24 210 M M 4 123 34 360
13 72 53 63 3 2 0 T M M 7.0 17 200 M M 8 3 26 230
14 74 56 65 5 0 0 0.00 M M 19.2 33 210 M M 4 47 200
15 71 44 58 -2 7 0 0.00 M M 8.7 22 200 M M 2 30 180
16 74 42 58 -2 7 0 0.00 M M 7.2 16 190 M M 1 24 190
17 78 50 64 3 1 0 T M M 12.9 25 210 M M 4 33 200
18 67 53 60 -1 5 0 0.01 M M 12.5 24 250 M M 7 37 230
19 73 49 61 0 4 0 0.01 M M 8.4 21 220 M M 7 29 220
20 65 44 55 -6 10 0 0.00 M M 9.6 17 190 M M 6 25 180
21 69 36 53 -9 12 0 0.00 M M 7.1 21 200 M M 1 30 220
22 79 34 57 -5 8 0 0.00 M M 6.7 14 40 M M 0 18 290
23 75 46 61 -1 4 0 T M M 8.3 28 330 M M 2 3 41 10
24 76 41 59 -3 6 0 0.00 M M 4.5 18 320 M M 1 13 25 310
25 84 48 66 3 0 1 0.00 M M 8.2 22 330 M M 1 3 30 320
26 80 48 64 1 1 0 0.00 M M 11.0 21 340 M M 0 28 340
27 78 49 64 1 1 0 0.00 M M 10.3 30 210 M M 1 39 200
28 78 44 61 -3 4 0 0.00 M M 7.2 15 210 M M 0 22 230
29 81 45 63 -1 2 0 0.00 M M 4.6 10 220 M M 0 16 250
30 86 48 67 3 0 2 0.00 M M 4.2 13 160 M M 0 17 190
================================================================================
SM 2200 1406 106 6 0.34 M 223.4 M 76
================================================================================
AV 75.9 46.9 7.4 FASTST M M 3 MAX(MPH)
MISC ----> 33 210 47 200
================================================================================
NOTES:
# LAST OF SEVERAL OCCURRENCES
COLUMN 17 PEAK WIND IN M.P.H.
PRELIMINARY LOCAL CLIMATOLOGICAL DATA (WS FORM: F-6) , PAGE 2
STATION: IDAHO FALLS
MONTH: JUNE
YEAR: 2023
LATITUDE: 43 31 N
LONGITUDE: 112 4 W
[TEMPERATURE DATA] [PRECIPITATION DATA] SYMBOLS USED IN COLUMN 16
AVERAGE MONTHLY: 61.4 TOTAL FOR MONTH: 0.34 1 = FOG OR MIST
DPTR FM NORMAL: 1.0 DPTR FM NORMAL: -0.75 2 = FOG REDUCING VISIBILITY
HIGHEST: 86 ON 30, 6 GRTST 24HR 0.16 ON 7- 7 TO 1/4 MILE OR LESS
LOWEST: 34 ON 22 3 = THUNDER
SNOW, ICE PELLETS, HAIL 4 = ICE PELLETS
TOTAL MONTH: M 5 = HAIL
GRTST 24HR M ON M 6 = FREEZING RAIN OR DRIZZLE
GRTST DEPTH: M ON M 7 = DUSTSTORM OR SANDSTORM:
VSBY 1/2 MILE OR LESS
8 = SMOKE OR HAZE
[NO. OF DAYS WITH] [WEATHER - DAYS WITH] 9 = BLOWING SNOW
X = TORNADO
MAX 32 OR BELOW: 0 0.01 INCH OR MORE: 5
MAX 90 OR ABOVE: 0 0.10 INCH OR MORE: 1
MIN 32 OR BELOW: 0 0.50 INCH OR MORE: 0
MIN 0 OR BELOW: 0 1.00 INCH OR MORE: 0
[HDD (BASE 65) ]
TOTAL THIS MO. 106 CLEAR (SCALE 0-3) 20
DPTR FM NORMAL -56 PTCLDY (SCALE 4-7) 10
TOTAL FM JUL 1 8319 CLOUDY (SCALE 8-10) 0
DPTR FM NORMAL 527
[CDD (BASE 65) ]
TOTAL THIS MO. 6
DPTR FM NORMAL -18 [PRESSURE DATA]
TOTAL FM JAN 1 7 HIGHEST SLP 30.18 ON 21
DPTR FM NORMAL -19 LOWEST SLP 29.58 ON 18
[REMARKS]
#FINAL-06-23#