000
CXUS55 KPIH 011642 RRA
CF6IDA
PRELIMINARY LOCAL CLIMATOLOGICAL DATA (WS FORM: F-6)
STATION: IDAHO FALLS ID
MONTH: JUNE
YEAR: 2020
LATITUDE: 43 31 N
LONGITUDE: 112 4 W
TEMPERATURE IN F: :PCPN: SNOW: WIND :SUNSHINE: SKY :PK WND
================================================================================
1 2 3 4 5 6A 6B 7 8 9 10 11 12 13 14 15 16 17 18
12Z AVG MX 2MIN
DY MAX MIN AVG DEP HDD CDD WTR SNW DPTH SPD SPD DIR MIN PSBL S-S WX SPD DR
================================================================================
1 82 48 65 8 0 0 0.00 M M 9.9 23 210 M M 1 28 210
2 78 56 67 10 0 2 0.00 M M 13.8 24 190 M M 1 32 190
3 83 52 68 10 0 3 0.00 M M 13.5 29 270 M M 1 8 37 210
4 80 59 70 12 0 5 0.00 M M 18.4 33 210 M M 2 40 210
5 91 46 69 11 0 4 T M M 8.4 24 190 M M 1 3 31 190
6 75 50 63 5 2 0 0.08 M M 16.2 41 220 M M 5 13 51 220
7 57 39 48 -10 17 0 0.13 M M 15.4 29 210 M M 6 1 36 210
8 54 38 46 -13 19 0 0.01 M M 15.4 24 210 M M 7 3 29 220
9 65 33 49 -10 16 0 0.00 M M 12.0 28 200 M M 3 37 200
10 76 40 58 -1 7 0 0.00 M M 9.6 23 210 M M 0 27 210
11 85 40 63 3 2 0 0.00 M M 6.5 21 200 M M 0 24 170
12 89 49 69 9 0 4 0.00 M M 10.2 24 190 M M 0 31 200
13 75 51 63 3 2 0 0.00 M M 14.2 31 220 M M 2 36 220
14 64 46 55 -5 10 0 0.00 M M 17.5 33 210 M M 5 42 200
15 77 37 57 -4 8 0 0.00 M M 7.5 24 190 M M 2 30 220
16 61 48 55 -6 10 0 0.43 M M 13.3 30 220 M M 7 1 35 220
17 50 41 46 -15 19 0 0.91 M M 14.1 29 200 M M 10 1 36 200
18 67 35 51 -11 14 0 0.00 M M 3.7 12 20 M M 3 12 15 30
19 73 38 56 -6 9 0 0.00 M M 6.4 17 190 M M 1 26 220
20 75 41 58 -4 7 0 0.00 M M 7.5 16 190 M M 3 19 190
21 77 52 65 3 0 0 0.02 M M 9.3 18 210 M M 5 1 24 210
22 80 45 63 0 2 0 0.00 M M 4.7 13 210 M M 1 17 160
23 85 48 67 4 0 2 0.00 M M 5.3 15 200 M M 1 19 210
24 88 48 68 5 0 3 0.00 M M 7.0 18 340 M M 2 25 210
25 77 54 66 2 0 1 T M M 7.2 17 200 M M 3 21 190
26 85 49 67 3 0 2 0.00 M M 7.6 17 200 M M 1 22 220
27 89 48 69 5 0 4 0.07 M M 13.2 29 210 M M 2 3 38 200
28 66 46 56 -8 9 0 0.94 M M 11.8 30 190 M M 9 13 35 200
29 58 44 51 -14 14 0 0.09 M M 9.4 21 210 M M 9 25 260
30 63 44 54 -11 11 0 0.15 M 0 12.1 29 260 M M 7 13 37 260
================================================================================
SM 2225 1365 178 30 2.83 M 321.1 M 100
================================================================================
AV 74.2 45.5 10.7 FASTST M M 3 MAX(MPH)
MISC ----> # 41 220 # 51 220
================================================================================
NOTES:
# LAST OF SEVERAL OCCURRENCES
PRECIPITATION SUSPECT DURING FREEZING/FROZEN EVENTS
COLUMN 17 PEAK WIND IN M.P.H.
PRELIMINARY LOCAL CLIMATOLOGICAL DATA (WS FORM: F-6) , PAGE 2
STATION: IDAHO FALLS ID
MONTH: JUNE
YEAR: 2020
LATITUDE: 43 31 N
LONGITUDE: 112 4 W
[TEMPERATURE DATA] [PRECIPITATION DATA] SYMBOLS USED IN COLUMN 16
AVERAGE MONTHLY: 59.8 TOTAL FOR MONTH: 2.83 1 = FOG OR MIST
DPTR FM NORMAL: -1.1 DPTR FM NORMAL: 1.74 2 = FOG REDUCING VISIBILITY
HIGHEST: 91 ON 5 GRTST 24HR 0.94 ON 28-28 TO 1/4 MILE OR LESS
LOWEST: 33 ON 9 3 = THUNDER
SNOW, ICE PELLETS, HAIL 4 = ICE PELLETS
TOTAL MONTH: M 5 = HAIL
GRTST 24HR M ON M 6 = FREEZING RAIN OR DRIZZLE
GRTST DEPTH: 0 7 = DUSTSTORM OR SANDSTORM:
VSBY 1/2 MILE OR LESS
8 = SMOKE OR HAZE
[NO. OF DAYS WITH] [WEATHER - DAYS WITH] 9 = BLOWING SNOW
X = TORNADO
MAX 32 OR BELOW: 0 0.01 INCH OR MORE: 10
MAX 90 OR ABOVE: 1 0.10 INCH OR MORE: 5
MIN 32 OR BELOW: 0 0.50 INCH OR MORE: 2
MIN 0 OR BELOW: 0 1.00 INCH OR MORE: 0
[HDD (BASE 65) ]
TOTAL THIS MO. 178 CLEAR (SCALE 0-3) 18
DPTR FM NORMAL 25 PTCLDY (SCALE 4-7) 9
TOTAL FM JUL 1 8271 CLOUDY (SCALE 8-10) 3
DPTR FM NORMAL 427
[CDD (BASE 65) ]
TOTAL THIS MO. 30
DPTR FM NORMAL 0 [PRESSURE DATA]
TOTAL FM JAN 1 38 HIGHEST SLP 30.29 ON 18
DPTR FM NORMAL 6 LOWEST SLP 29.35 ON 6
[REMARKS]
17TH: RAINFALL OF 0.91 INCHES BREAKS OLD RECORD OF 0.60 SET IN 1964.
28TH: RAINFALL OF 0.94 INCHES BREAKS OLD RECORD OF 0.28 SET IN 1971.
30TH: RAINFALL OF 0.15 INCHES BREAKS OLD RECORD OF 0.08 SET IN 1992.
#FINAL-06-20#