000
CXUS55 KVEF 011705
CLMIGM
CLIMATE REPORT
NATIONAL WEATHER SERVICE LAS VEGAS, NV
1005 AM PDT MON MAY 01 2023
...................................
...THE KINGMAN AZ CLIMATE SUMMARY FOR THE MONTH OF APRIL 2023...
CLIMATE NORMAL PERIOD: 1991 TO 2020
CLIMATE RECORD PERIOD: 1901 TO 2023
WEATHER OBSERVED NORMAL DEPART LAST YEAR`S
VALUE DATE(S) VALUE FROM VALUE DATE(S)
NORMAL
................................................................
TEMPERATURE (F)
RECORD
HIGH 97 04/19/1938
LOW 20 04/26/1904
HIGHEST 91 04/28 MM MM 87 04/30
04/29
04/30
LOWEST 24 04/05 MM MM 29 04/13
AVG. MAXIMUM 75.0 74.8 0.2 77.9
AVG. MINIMUM 41.4 43.4 -2.0 45.5
MEAN 58.2 59.1 -0.9 61.7
DAYS MAX >= 90 3 1.1 1.9 0
DAYS MAX <= 32 0 0.0 0.0 0
DAYS MIN <= 32 3 2.4 0.6 1
DAYS MIN <= 0 0 0.0 0.0 0
PRECIPITATION (INCHES)
RECORD
MAXIMUM 4.04 1965
MINIMUM 0.00 2022
TOTALS T 0.46 -0.46 0.00
DAILY AVG. T 0.02 -0.02 0.00
DAYS >= .01 0 2.9 -2.9 0
DAYS >= .10 0 1.3 -1.3 0
DAYS >= .50 0 0.1 -0.1 0
DAYS >= 1.00 0 0.0 0.0 0
GREATEST
24 HR. TOTAL T 04/03 TO 04/03
DEGREE DAYS
HEATING TOTAL 214 202 12 114
SINCE 7/1 3336 2953 383 MM
COOLING TOTAL 19 25 -6 22
SINCE 1/1 19 27 -8 MM
FREEZE DATES
RECORD
EARLIEST 09/24/1920
LATEST 05/21/1975
EARLIEST 11/03
LATEST 04/13
................................................................
WIND (MPH)
AVERAGE WIND SPEED 9.6
HIGHEST WIND SPEED/DIRECTION 44/240 DATE 04/03
HIGHEST GUST SPEED/DIRECTION 58/260 DATE 04/03
SKY COVER
POSSIBLE SUNSHINE (PERCENT) MM
AVERAGE SKY COVER 0.03
NUMBER OF DAYS FAIR 30
NUMBER OF DAYS PC 0
NUMBER OF DAYS CLOUDY 0
AVERAGE RH (PERCENT) 35
WEATHER CONDITIONS. NUMBER OF DAYS WITH
THUNDERSTORM 0 MIXED PRECIP 0
HEAVY RAIN 0 RAIN 0
LIGHT RAIN 0 FREEZING RAIN 0
LT FREEZING RAIN 0 HAIL 0
HEAVY SNOW 0 SNOW 0
LIGHT SNOW 1 SLEET 0
FOG 0 FOG W/VIS <= 1/4 MILE 0
HAZE 2
- INDICATES NEGATIVE NUMBERS.
R INDICATES RECORD WAS SET OR TIED.
MM INDICATES DATA IS MISSING.
T INDICATES TRACE AMOUNT.
$$