000
CXUS52 KILM 011900
CF6ILM
PRELIMINARY LOCAL CLIMATOLOGICAL DATA (WS FORM: F-6)
STATION: WILMINGTON NORTH CAROLINA
MONTH: JULY
YEAR: 2023
LATITUDE: 34 16 N
LONGITUDE: 77 55 W
TEMPERATURE IN F: :PCPN: SNOW: WIND :SUNSHINE: SKY :PK WND
================================================================================
1 2 3 4 5 6A 6B 7 8 9 10 11 12 13 14 15 16 17 18
12Z AVG MX 2MIN
DY MAX MIN AVG DEP HDD CDD WTR SNW DPTH SPD SPD DIR MIN PSBL S-S WX SPD DR
================================================================================
1 88 70 79 -2 0 14 0.00 0.0 0 4.2 14 120 M M 0 1 18 110
2 94 73 84 3 0 19 T 0.0 0 5.7 20 240 M M 1 138 23 230
3 93 78 86 5 0 21 0.02 0.0 0 8.2 18 230 M M 0 38 22 210
4 95 74 85 4 0 20 0.19 0.0 0 7.2 20 280 M M 3 138 25 270
5 95 72 84 3 0 19 0.04 0.0 0 4.2 25 150 M M 2 13 39 160
6 88 73 81 0 0 16 1.37 0.0 0 5.7 22 210 M M 6 123 27 210
7 92 73 83 1 0 18 0.14 0.0 0 4.2 21 350 M M 1 13 27 350
8 88 72 80 -2 0 15 0.01 0.0 0 3.9 10 130 M M 1 3 15 130
9 90 75 83 1 0 18 0.20 0.0 0 5.6 22 330 M M 2 13 27 330
10 86 74 80 -2 0 15 0.02 0.0 0 4.1 10 320 M M 3 13 13 260
11 91 73 82 0 0 17 0.00 0.0 0 6.0 12 180 M M 3 1 15 190
12 91 76 84 2 0 19 0.00 0.0 0 7.5 20 180 M M 2 3 24 180
13 89 74 82 0 0 17 0.18 0.0 0 7.0 23 230 M M 3 13 28 240
14 88 76 82 0 0 17 0.91 0.0 0 5.8 18 30 M M 3 138 23 350
15 91 77 84 2 0 19 0.04 0.0 0 9.6 16 190 M M 2 8 23 170
16 94 81 88 6 0 23 0.04 0.0 0 9.3 20 200 M M 3 138 28 210
17 94 76 85 3 0 20 0.40 0.0 0 2.9 20 250 M M 4 138 24 250
18 93 75 84 2 0 19 0.00 0.0 0 5.1 15 190 M M 0 18 19 170
19 93 74 84 2 0 19 0.62 0.0 0 9.1 21 220 M M 1 38 27 220
20 95 75 85 3 0 20 0.00 0.0 0 7.1 18 220 M M 3 3 24 230
21 94 76 85 3 0 20 0.55 0.0 0 9.3 23 320 M M 2 13 33 340
22 85 73 79 -3 0 14 0.96 0.0 0 5.2 20 10 M M 6 13 28 360
23 88 73 81 -1 0 16 0.04 0.0 0 5.1 14 120 M M 2 3 17 100
24 89 75 82 0 0 17 0.03 0.0 0 5.7 14 200 M M 4 1 17 190
25 93 77 85 3 0 20 0.18 0.0 0 5.2 14 200 M M 2 13 19 160
26 92 76 84 2 0 19 0.00 0.0 0 3.7 14 130 M M 0 17 120
27 91 74 83 2 0 18 0.03 0.0 0 4.5 15 200 M M 2 13 20 200
28 91 77 84 3 0 19 0.01 0.0 0 5.2 14 320 M M 2 3 18 320
29 88 77 83 2 0 18 0.73 0.0 0 8.1 20 230 M M 2 13 24 230
30 93 77 85 4 0 20 0.08 0.0 0 6.4 20 100 M M 3 1 25 110
31 87 73 80 -1 0 15 0.15 0.0 0 5.4 13 120 M M 4 13 16 100
================================================================================
SM 2819 2319 0 561 6.94 0.0 186.2 M 72
================================================================================
AV 90.9 74.8 6.0 FASTST M M 2 MAX(MPH)
MISC ----> 25 150 39 160
================================================================================
NOTES:
# LAST OF SEVERAL OCCURRENCES
COLUMN 17 PEAK WIND IN M.P.H.
PRELIMINARY LOCAL CLIMATOLOGICAL DATA (WS FORM: F-6) , PAGE 2
STATION: WILMINGTON NORTH CAROLINA
MONTH: JULY
YEAR: 2023
LATITUDE: 34 16 N
LONGITUDE: 77 55 W
[TEMPERATURE DATA] [PRECIPITATION DATA] SYMBOLS USED IN COLUMN 16
AVERAGE MONTHLY: 82.9 TOTAL FOR MONTH: 6.94 1 = FOG OR MIST
DPTR FM NORMAL: 1.4 DPTR FM NORMAL: 0.08 2 = FOG REDUCING VISIBILITY
HIGHEST: 95 ON 20, 5 GRTST 24HR 1.51 ON 21-22 TO 1/4 MILE OR LESS
LOWEST: 70 ON 1 3 = THUNDER
SNOW, ICE PELLETS, HAIL 4 = ICE PELLETS
TOTAL MONTH: 0.0 INCH 5 = HAIL
GRTST 24HR 0.0 6 = FREEZING RAIN OR DRIZZLE
GRTST DEPTH: 0 7 = DUSTSTORM OR SANDSTORM:
VSBY 1/2 MILE OR LESS
8 = SMOKE OR HAZE
[NO. OF DAYS WITH] [WEATHER - DAYS WITH] 9 = BLOWING SNOW
X = TORNADO
MAX 32 OR BELOW: 0 0.01 INCH OR MORE: 24
MAX 90 OR ABOVE: 20 0.10 INCH OR MORE: 13
MIN 32 OR BELOW: 0 0.50 INCH OR MORE: 6
MIN 0 OR BELOW: 0 1.00 INCH OR MORE: 1
[HDD (BASE 65) ]
TOTAL THIS MO. 0 CLEAR (SCALE 0-3) 25
DPTR FM NORMAL 0 PTCLDY (SCALE 4-7) 6
TOTAL FM JUL 1 0 CLOUDY (SCALE 8-10) 0
DPTR FM NORMAL 0
[CDD (BASE 65) ]
TOTAL THIS MO. 561
DPTR FM NORMAL 50 [PRESSURE DATA]
TOTAL FM JAN 1 1313 HIGHEST SLP 30.17 ON 28
DPTR FM NORMAL 93 LOWEST SLP 29.75 ON 22
[REMARKS]
#FINAL-07-23#