000
CXUS52 KILM 011916
CF6ILM
PRELIMINARY LOCAL CLIMATOLOGICAL DATA (WS FORM: F-6)
STATION: WILMINGTON NORTH CAROLINA
MONTH: FEBRUARY
YEAR: 2022
LATITUDE: 34 16 N
LONGITUDE: 77 55 W
TEMPERATURE IN F: :PCPN: SNOW: WIND :SUNSHINE: SKY :PK WND
================================================================================
1 2 3 4 5 6A 6B 7 8 9 10 11 12 13 14 15 16 17 18
12Z AVG MX 2MIN
DY MAX MIN AVG DEP HDD CDD WTR SNW DPTH SPD SPD DIR MIN PSBL S-S WX SPD DR
================================================================================
1 57 30 44 -3 21 0 0.00 0.0 0 7.8 15 40 M M 0 21 40
2 60 28 44 -3 21 0 0.01 0.0 0 6.4 13 80 M M 5 1 16 70
3 73 51 62 14 3 0 0.02 0.0 0 9.0 20 180 M M 6 1 26 190
4 75 63 69 21 0 4 0.34 0.0 0 14.2 28 210 M M 6 18 38 220
5 63 32 48 0 17 0 0.07 0.0 0 12.6 24 320 M M 4 1 32 20
6 55 32 44 -4 21 0 T 0.0 0 10.9 18 30 M M 6 23 20
7 52 41 47 -1 18 0 0.26 0.0 0 11.3 21 330 M M 10 1 27 340
8 52 33 43 -5 22 0 0.00 0.0 0 5.4 14 290 M M 5 1 19 310
9 61 28 45 -3 20 0 0.00 0.0 0 2.3 10 280 M M 0 1 14 290
10 66 34 50 2 15 0 0.00 0.0 0 5.0 16 170 M M 0 20 160
11 70 37 54 5 11 0 0.00 0.0 0 5.1 16 210 M M 0 21 170
12 71 41 56 7 9 0 0.00 0.0 0 5.7 15 270 M M 2 18 280
13 59 39 49 0 16 0 0.05 0.0 0 4.7 14 30 M M 8 1 17 60
14 54 30 42 -7 23 0 0.00 0.0 0 5.1 17 250 M M 0 1 22 260
15 52 28 40 -9 25 0 0.00 0.0 0 7.6 15 60 M M 0 19 20
16 67 34 51 1 14 0 0.00 0.0 0 7.0 16 100 M M 1 1 22 70
17 75 46 61 11 4 0 0.07 0.0 0 9.9 24 190 M M 3 1 32 180
18 76 47 62 12 3 0 0.14 0.0 0 14.7 28 210 M M 6 1 38 230
19 61 38 50 0 15 0 0.00 0.0 0 9.0 20 300 M M 0 23 310
20 54 30 42 -8 23 0 0.00 0.0 0 6.7 15 70 M M 0 20 60
21 71 39 55 5 10 0 0.06 0.0 0 5.7 20 190 M M 7 1 24 190
22 74 57 66 15 0 1 0.00 0.0 0 7.8 20 190 M M 7 26 200
23 82 61 72 21 0 7 0.00 0.0 0 8.1 21 240 M M 2 29 250
24 65 54 60 9 5 0 0.00 0.0 0 6.4 14 80 M M 7 12 18 90
25 81 55 68 17 0 3 0.00 0.0 0 8.7 22 210 M M 4 12 28 220
26 64 43 54 3 11 0 0.00 0.0 0 10.1 23 30 M M 8 26 30
27 49 40 45 -7 20 0 0.35 0.0 0 4.2 9 330 M M 8 1 12 10
28 60 38 49 -3 16 0 0.00 0.0 0 8.9 17 40 M M 1 1 24 30
================================================================================
SM 1799 1129 363 15 1.37 0.0 220.3 M 106
================================================================================
AV 64.3 40.3 7.9 FASTST M M 4 MAX(MPH)
MISC ----> # 28 210 # 38 220
================================================================================
NOTES:
# LAST OF SEVERAL OCCURRENCES
COLUMN 17 PEAK WIND IN M.P.H.
PRELIMINARY LOCAL CLIMATOLOGICAL DATA (WS FORM: F-6) , PAGE 2
STATION: WILMINGTON NORTH CAROLINA
MONTH: FEBRUARY
YEAR: 2022
LATITUDE: 34 16 N
LONGITUDE: 77 55 W
[TEMPERATURE DATA] [PRECIPITATION DATA] SYMBOLS USED IN COLUMN 16
AVERAGE MONTHLY: 52.3 TOTAL FOR MONTH: 1.37 1 = FOG OR MIST
DPTR FM NORMAL: 3.0 DPTR FM NORMAL: -2.10 2 = FOG REDUCING VISIBILITY
HIGHEST: 82 ON 23 GRTST 24HR 0.41 ON 4- 5 TO 1/4 MILE OR LESS
LOWEST: 28 ON 15, 9 3 = THUNDER
SNOW, ICE PELLETS, HAIL 4 = ICE PELLETS
TOTAL MONTH: 0.0 INCH 5 = HAIL
GRTST 24HR 0.0 6 = FREEZING RAIN OR DRIZZLE
GRTST DEPTH: 0 7 = DUSTSTORM OR SANDSTORM:
VSBY 1/2 MILE OR LESS
8 = SMOKE OR HAZE
[NO. OF DAYS WITH] [WEATHER - DAYS WITH] 9 = BLOWING SNOW
X = TORNADO
MAX 32 OR BELOW: 0 0.01 INCH OR MORE: 10
MAX 90 OR ABOVE: 0 0.10 INCH OR MORE: 4
MIN 32 OR BELOW: 8 0.50 INCH OR MORE: 0
MIN 0 OR BELOW: 0 1.00 INCH OR MORE: 0
[HDD (BASE 65) ]
TOTAL THIS MO. 363 CLEAR (SCALE 0-3) 13
DPTR FM NORMAL -80 PTCLDY (SCALE 4-7) 12
TOTAL FM JUL 1 1558 CLOUDY (SCALE 8-10) 3
DPTR FM NORMAL -308
[CDD (BASE 65) ]
TOTAL THIS MO. 15
DPTR FM NORMAL 10 [PRESSURE DATA]
TOTAL FM JAN 1 28 HIGHEST SLP 30.66 ON 15
DPTR FM NORMAL 25 LOWEST SLP 29.83 ON 18
[REMARKS]
#FINAL-02-22#