000
CXUS53 KILX 010900
CF6ILX
PRELIMINARY LOCAL CLIMATOLOGICAL DATA (WS FORM: F-6)
STATION: LINCOLN IL
MONTH: MAY
YEAR: 2021
LATITUDE: 40 9 N
LONGITUDE: 89 20 W
TEMPERATURE IN F: :PCPN: SNOW: WIND :SUNSHINE: SKY :PK WND
================================================================================
1 2 3 4 5 6A 6B 7 8 9 10 11 12 13 14 15 16 17 18
12Z AVG MX 2MIN
DY MAX MIN AVG DEP HDD CDD WTR SNW DPTH SPD SPD DIR MIN PSBL S-S WX SPD DR
================================================================================
1 83 47 65 7 0 0 0.00 0.0 0 M M M M M M M M
2 78 60 69 10 0 4 T 0.0 0 M M M M M M 1 M M
3 74 59 67 8 0 2 0.37 0.0 0 M M M M M M 13 M M
4 62 45 54 -6 11 0 0.15 0.0 0 M M M M M M M M
5 65 45 55 -5 10 0 0.00 0.0 0 M M M M M M M M
6 65 48 57 -3 8 0 T 0.0 0 M M M M M M M M
7 69 42 56 -5 9 0 0.00 0.0 0 M M M M M M M M
8 61 34 48 -13 17 0 0.23 0.0 0 M M M M M M M M
9 53 38 46 -15 19 0 1.27 0.0 0 M M M M M M 13 M M
10 63 35 49 -13 16 0 0.02 0.0 0 M M M M M M 1 M M
11 59 40 50 -12 15 0 0.01 0.0 0 M M M M M M M M
12 63 34 49 -13 16 0 0.00 0.0 0 M M M M M M M M
13 68 36 52 -11 13 0 0.00 0.0 0 M M M M M M M M
14 71 39 55 -8 10 0 0.00 0.0 0 M M M M M M M M
15 63 55 59 -4 6 0 0.02 0.0 0 M M M M M M M M
16 73 54 64 0 1 0 0.25 0.0 0 M M M M M M 3 M M
17 66 60 63 -1 2 0 0.38 0.0 0 M M M M M M M M
18 69 61 65 1 0 0 0.90 0.0 0 M M M M M M M M
19 77 64 71 6 0 6 T 0.0 0 M M M M M M M M
20 83 66 75 10 0 10 0.00 0.0 0 M M M M M M M M
21 84 62 73 8 0 8 0.00 0.0 0 M M M M M M M M
22 83 65 74 8 0 9 0.00 0.0 0 M M M M M M M M
23 86 64 75 9 0 10 0.00 0.0 0 M M M M M M M M
24 86 62 74 8 0 9 0.00 0.0 0 M M M M M M M M
25 85 68 77 10 0 12 0.01 0.0 0 M M M M M M M M
26 86 63 75 8 0 10 0.15 0.0 0 M M M M M M 3 M M
27 77 61 69 2 0 4 0.18 0.0 0 M M M M M M 3 M M
28 66 47 57 -11 8 0 0.17 0.0 0 M M M M M M 13 M M
29 65 46 56 -12 9 0 T 0.0 0 M M M M M M M M
30 71 40 56 -12 9 0 0.00 0.0 0 M M M M M M M M
31 70 56 63 -5 2 0 T 0.0 0 M M M M M M M M
================================================================================
SM 2224 1596 181 84 4.11 0.0 M M M
================================================================================
AV 71.7 51.5 M FASTST M M M MAX(MPH)
MISC ----> M M M M
================================================================================
NOTES:
# LAST OF SEVERAL OCCURRENCES
COLUMN 17 PEAK WIND IN M.P.H.
PRELIMINARY LOCAL CLIMATOLOGICAL DATA (WS FORM: F-6) , PAGE 2
STATION: LINCOLN IL
MONTH: MAY
YEAR: 2021
LATITUDE: 40 9 N
LONGITUDE: 89 20 W
[TEMPERATURE DATA] [PRECIPITATION DATA] SYMBOLS USED IN COLUMN 16
AVERAGE MONTHLY: 61.6 TOTAL FOR MONTH: 4.11 1 = FOG OR MIST
DPTR FM NORMAL: -2.0 DPTR FM NORMAL: -0.26 2 = FOG REDUCING VISIBILITY
HIGHEST: 86 ON 26,24 GRTST 24HR 1.27 ON 9- 9 TO 1/4 MILE OR LESS
LOWEST: 34 ON 12, 8 3 = THUNDER
SNOW, ICE PELLETS, HAIL 4 = ICE PELLETS
TOTAL MONTH: 0.0 INCH 5 = HAIL
GRTST 24HR 0.0 6 = FREEZING RAIN OR DRIZZLE
GRTST DEPTH: 0 7 = DUSTSTORM OR SANDSTORM:
VSBY 1/2 MILE OR LESS
8 = SMOKE OR HAZE
[NO. OF DAYS WITH] [WEATHER - DAYS WITH] 9 = BLOWING SNOW
X = TORNADO
MAX 32 OR BELOW: 0 0.01 INCH OR MORE: 14
MAX 90 OR ABOVE: 0 0.10 INCH OR MORE: 10
MIN 32 OR BELOW: 0 0.50 INCH OR MORE: 2
MIN 0 OR BELOW: 0 1.00 INCH OR MORE: 1
[HDD (BASE 65) ]
TOTAL THIS MO. 181 CLEAR (SCALE 0-3) 0
DPTR FM NORMAL 49 PTCLDY (SCALE 4-7) 0
TOTAL FM JUL 1 5540 CLOUDY (SCALE 8-10) 31
DPTR FM NORMAL -68
[CDD (BASE 65) ]
TOTAL THIS MO. 84
DPTR FM NORMAL -4 [PRESSURE DATA]
TOTAL FM JAN 1 100 HIGHEST SLP M ON M
DPTR FM NORMAL -1 LOWEST SLP M ON M
[REMARKS]
#FINAL-05-21#