000
CXUS53 KIND 010600
CF6IND
PRELIMINARY LOCAL CLIMATOLOGICAL DATA (WS FORM: F-6)
STATION: INDIANAPOLIS IN
MONTH: AUGUST
YEAR: 2021
LATITUDE: 39 43 N
LONGITUDE: 86 17 W
TEMPERATURE IN F: :PCPN: SNOW: WIND :SUNSHINE: SKY :PK WND
================================================================================
1 2 3 4 5 6A 6B 7 8 9 10 11 12 13 14 15 16 17 18
12Z AVG MX 2MIN
DY MAX MIN AVG DEP HDD CDD WTR SNW DPTH SPD SPD DIR MIN PSBL S-S WX SPD DR
================================================================================
1 82 59 71 -5 0 6 0.02 0.0 0 10.1 26 10 M M 3 18 33 10
2 80 57 69 -7 0 4 0.00 0.0 0 6.8 14 40 M M 3 23 60
3 81 60 71 -5 0 6 0.00 0.0 0 6.9 15 20 M M 4 18 20
4 83 60 72 -4 0 7 0.00 0.0 0 4.2 12 20 M M 3 16 50
5 85 62 74 -1 0 9 0.00 0.0 0 5.8 12 200 M M 4 18 130
6 84 64 74 -1 0 9 0.00 0.0 0 8.5 18 200 M M 6 24 180
7 87 68 78 3 0 13 0.00 0.0 0 8.3 16 230 M M 7 20 220
8 88 67 78 3 0 13 T 0.0 0 9.9 20 180 M M 5 26 190
9 81 70 76 1 0 11 0.08 0.0 0 10.8 16 170 M M 8 1 23 180
10 92 75 84 9 0 19 0.03 0.0 0 12.2 21 210 M M 6 13 27 210
11 91 75 83 8 0 18 T 0.0 0 13.8 26 200 M M 6 34 190
12 94 71 83 8 0 18 0.02 0.0 0 13.5 31 300 M M 6 3 41 290
13 87 70 79 4 0 14 0.00 0.0 0 6.7 16 260 M M 7 21 260
14 84 68 76 1 0 11 0.00 0.0 0 9.4 15 60 M M 8 23 50
15 81 62 72 -3 0 7 0.00 0.0 0 10.2 16 60 M M 8 22 50
16 83 67 75 0 0 10 0.00 0.0 0 6.8 13 20 M M 7 17 130
17 86 69 78 3 0 13 0.00 0.0 0 5.8 14 130 M M 8 12 18 120
18 88 71 80 5 0 15 0.00 0.0 0 4.0 13 240 M M 8 3 17 240
19 88 70 79 4 0 14 0.11 0.0 0 4.8 24 320 M M 7 138 29 330
20 89 70 80 5 0 15 0.10 0.0 0 4.7 22 20 M M 4 13 28 20
21 90 70 80 6 0 15 0.00 0.0 0 5.1 13 190 M M 5 18 21 160
22 93 70 82 8 0 17 0.00 0.0 0 4.2 10 300 M M 2 14 300
23 92 73 83 9 0 18 0.00 0.0 0 5.4 13 270 M M 3 1 21 290
24 94 72 83 9 0 18 0.00 0.0 0 5.5 15 200 M M 4 24 230
25 83 70 77 3 0 12 1.32 0.0 M 5.5 26 50 M M 7 123 34 50
26 92 72 82 8 0 17 0.07 0.0 0 7.5 26 290 M M 8 3 34 270
27 93 71 82 8 0 17 0.00 0.0 M 6.4 28 180 M M 6 33 170
28 91 71 81 8 0 16 0.00 0.0 M 6.9 15 210 M M 6 23 190
29 90 73 82 9 0 17 T 0.0 M 9.3 21 200 M M 6 3 27 200
30 81 69 75 2 0 10 0.13 0.0 M 6.5 17 280 M M 8 13 21 270
31 80 68 74 1 0 9 0.11 0.0 M 8.3 20 60 M M 8 1 27 60
================================================================================
SM 2693 2114 0 398 1.99 0.0 233.8 M 181
================================================================================
AV 86.9 68.2 7.5 FASTST M M 6 MAX(MPH)
MISC ----> 31 300 41 290
================================================================================
NOTES:
# LAST OF SEVERAL OCCURRENCES
COLUMN 17 PEAK WIND IN M.P.H.
PRELIMINARY LOCAL CLIMATOLOGICAL DATA (WS FORM: F-6) , PAGE 2
STATION: INDIANAPOLIS IN
MONTH: AUGUST
YEAR: 2021
LATITUDE: 39 43 N
LONGITUDE: 86 17 W
[TEMPERATURE DATA] [PRECIPITATION DATA] SYMBOLS USED IN COLUMN 16
AVERAGE MONTHLY: 77.5 TOTAL FOR MONTH: 1.99 1 = FOG OR MIST
DPTR FM NORMAL: 2.8 DPTR FM NORMAL: -1.21 2 = FOG REDUCING VISIBILITY
HIGHEST: 94 ON 24,12 GRTST 24HR 1.32 ON 25-25 TO 1/4 MILE OR LESS
LOWEST: 57 ON 2 3 = THUNDER
SNOW, ICE PELLETS, HAIL 4 = ICE PELLETS
TOTAL MONTH: 0.0 INCH 5 = HAIL
GRTST 24HR 0.0 6 = FREEZING RAIN OR DRIZZLE
GRTST DEPTH: 0 7 = DUSTSTORM OR SANDSTORM:
VSBY 1/2 MILE OR LESS
8 = SMOKE OR HAZE
[NO. OF DAYS WITH] [WEATHER - DAYS WITH] 9 = BLOWING SNOW
X = TORNADO
MAX 32 OR BELOW: 0 0.01 INCH OR MORE: 10
MAX 90 OR ABOVE: 11 0.10 INCH OR MORE: 5
MIN 32 OR BELOW: 0 0.50 INCH OR MORE: 1
MIN 0 OR BELOW: 0 1.00 INCH OR MORE: 1
[HDD (BASE 65) ]
TOTAL THIS MO. 0 CLEAR (SCALE 0-3) 3
DPTR FM NORMAL -2 PTCLDY (SCALE 4-7) 27
TOTAL FM JUL 1 0 CLOUDY (SCALE 8-10) 1
DPTR FM NORMAL -1
[CDD (BASE 65) ]
TOTAL THIS MO. 398
DPTR FM NORMAL 97 [PRESSURE DATA]
TOTAL FM JAN 1 1091 HIGHEST SLP M ON M
DPTR FM NORMAL 115 LOWEST SLP 29.70 ON 31
[REMARKS]
#FINAL-08-21#