526
CXUS53 KIND 010700
CF6IND
PRELIMINARY LOCAL CLIMATOLOGICAL DATA (WS FORM: F-6)
STATION: INDIANAPOLIS IN
MONTH: DECEMBER
YEAR: 2020
LATITUDE: 39 43 N
LONGITUDE: 86 17 W
TEMPERATURE IN F: :PCPN: SNOW: WIND :SUNSHINE: SKY :PK WND
================================================================================
1 2 3 4 5 6A 6B 7 8 9 10 11 12 13 14 15 16 17 18
12Z AVG MX 2MIN
DY MAX MIN AVG DEP HDD CDD WTR SNW DPTH SPD SPD DIR MIN PSBL S-S WX SPD DR
================================================================================
1 34 22 28 -8 37 0 0.00 0.0 0 13.9 25 300 M M 7 36 300
2 44 19 32 -4 33 0 0.00 0.0 0 5.4 10 260 M M 2 16 260
3 44 24 34 -2 31 0 0.00 0.0 0 6.5 15 200 M M 6 17 200
4 50 29 40 5 25 0 0.00 0.0 0 8.1 18 240 M M 3 23 240
5 42 25 34 -1 31 0 0.00 0.0 0 7.5 15 360 M M 4 1 18 360
6 34 27 31 -3 34 0 0.00 0.0 0 5.4 13 20 M M 9 16 360
7 36 31 34 0 31 0 0.00 0.0 0 7.1 16 340 M M 10 21 330
8 39 31 35 1 30 0 0.00 0.0 0 6.6 16 240 M M 9 20 220
9 56 32 44 11 21 0 0.00 0.0 0 8.4 17 240 M M 3 18 21 250
10 60 32 46 13 19 0 0.00 0.0 0 6.9 14 140 M M 3 1 17 140
11 65 39 52 19 13 0 0.04 0.0 0 9.8 22 210 M M 7 29 200
12 55 39 47 15 18 0 0.43 0.0 0 15.9 30 250 M M 9 1 41 240
13 40 36 38 6 27 0 T 0.0 0 3.9 12 290 M M 10 14 290
14 37 26 32 0 33 0 0.00 0.0 0 10.6 23 320 M M 7 1 27 320
15 33 24 29 -2 36 0 0.00 0.0 0 10.4 17 70 M M 8 27 90
16 32 28 30 -1 35 0 0.16 1.8 2 8.1 16 90 M M 10 18 22 90
17 33 28 31 0 34 0 T T 1 7.5 13 270 M M 10 1 15 280
18 38 22 30 -1 35 0 0.00 0.0 T 7.0 15 160 M M 6 1 19 160
19 42 31 37 7 28 0 0.01 0.0 0 10.4 16 200 M M 10 1 21 200
20 42 32 37 7 28 0 0.01 0.0 0 8.8 17 260 M M 8 1 22 260
21 48 35 42 12 23 0 0.04 0.0 0 16.1 30 280 M M 8 1 42 310
22 44 29 37 7 28 0 0.00 0.0 0 9.9 30 290 M M 5 41 280
23 53 33 43 13 22 0 0.34 0.0 0 16.6 31 180 M M 8 1 43 170
24 45 15 30 0 35 0 0.12 0.1 T 16.5 26 270 M M 10 1 33 280
25 15 10 13 -16 52 0 T T T 14.1 21 230 M M 7 189 28 300
26 36 14 25 -4 40 0 0.00 0.0 0 8.5 17 230 M M 3 22 240
27 53 24 39 10 26 0 0.01 0.0 0 13.1 30 220 M M 8 49 230
28 49 28 39 10 26 0 0.00 0.0 0 12.7 25 270 M M 10 34 270
29 34 21 28 -1 37 0 0.00 0.0 0 10.7 21 130 M M 8 30 130
30 49 29 39 10 26 0 0.47 0.6 0 12.0 23 300 M M 9 14 31 290
31 30 25 28 0 37 0 0.00 0.0 T 9.0 17 50 M M 9 22 310
================================================================================
SM 1312 840 931 0 1.63 2.5 307.4 M 226
================================================================================
AV 42.3 27.1 9.9 FASTST M M 7 MAX(MPH)
MISC ----> 31 180 49 230
================================================================================
NOTES:
# LAST OF SEVERAL OCCURRENCES
COLUMN 17 PEAK WIND IN M.P.H.
PRELIMINARY LOCAL CLIMATOLOGICAL DATA (WS FORM: F-6) , PAGE 2
STATION: INDIANAPOLIS IN
MONTH: DECEMBER
YEAR: 2020
LATITUDE: 39 43 N
LONGITUDE: 86 17 W
[TEMPERATURE DATA] [PRECIPITATION DATA] SYMBOLS USED IN COLUMN 16
AVERAGE MONTHLY: 34.7 TOTAL FOR MONTH: 1.63 1 = FOG OR MIST
DPTR FM NORMAL: 3.1 DPTR FM NORMAL: -1.54 2 = FOG REDUCING VISIBILITY
HIGHEST: 65 ON 11 GRTST 24HR 0.47 ON 11-12 TO 1/4 MILE OR LESS
LOWEST: 10 ON 25 3 = THUNDER
SNOW, ICE PELLETS, HAIL 4 = ICE PELLETS
TOTAL MONTH: 2.5 INCHES 5 = HAIL
GRTST 24HR 1.8 ON 16-16 6 = FREEZING RAIN OR DRIZZLE
GRTST DEPTH: 2 ON 16 7 = DUSTSTORM OR SANDSTORM:
VSBY 1/2 MILE OR LESS
8 = SMOKE OR HAZE
[NO. OF DAYS WITH] [WEATHER - DAYS WITH] 9 = BLOWING SNOW
X = TORNADO
MAX 32 OR BELOW: 3 0.01 INCH OR MORE: 10
MAX 90 OR ABOVE: 0 0.10 INCH OR MORE: 5
MIN 32 OR BELOW: 26 0.50 INCH OR MORE: 0
MIN 0 OR BELOW: 0 1.00 INCH OR MORE: 0
[HDD (BASE 65) ]
TOTAL THIS MO. 931 CLEAR (SCALE 0-3) 4
DPTR FM NORMAL -103 PTCLDY (SCALE 4-7) 14
TOTAL FM JUL 1 1810 CLOUDY (SCALE 8-10) 13
DPTR FM NORMAL -265
[CDD (BASE 65) ]
TOTAL THIS MO. 0
DPTR FM NORMAL 0 [PRESSURE DATA]
TOTAL FM JAN 1 1221 HIGHEST SLP M ON M
DPTR FM NORMAL 155 LOWEST SLP 29.55 ON 23
[REMARKS]
#FINAL-12-20#