000
CXUS54 KFWD 010830
CF6INJ
PRELIMINARY LOCAL CLIMATOLOGICAL DATA (WS FORM: F-6)
STATION: HILLSBORO
MONTH: DECEMBER
YEAR: 2022
LATITUDE: 32 0 N
LONGITUDE: 97 6 W
TEMPERATURE IN F: :PCPN: SNOW: WIND :SUNSHINE: SKY :PK WND
================================================================================
1 2 3 4 5 6A 6B 7 8 9 10 11 12 13 14 15 16 17 18
12Z AVG MX 2MIN
DY MAX MIN AVG DEP HDD CDD WTR SNW DPTH SPD SPD DIR MIN PSBL S-S WX SPD DR
================================================================================
1 53 35 44 -7 21 0 0.00 M M 7.8 15 160 M M 5 18 110
2 69 49 59 9 6 0 0.00 M M 10.3 18 180 M M 9 1 24 180
3 64 49 57 7 8 0 0.00 M M 10.5 20 360 M M 9 12 25 350
4 56 49 53 3 12 0 0.00 M M 3.3 10 360 M M 10 1 M M
5 78 53 66 16 0 1 0.00 M M 12.2 22 200 M M 6 1 26 200
6 78 64 71 22 0 6 0.00 M M 9.0 14 200 M M 4 21 200
7 78 68 73 24 0 8 M M M 9.6 16 190 M M 9 22 190
8 77 65 71 22 0 6 0.00 M M 8.4 15 180 M M 9 20 190
9 71 61 66 17 0 1 0.00 M M 6.9 13 90 M M 7 1 18 90
10 76 59 68 20 0 3 M M M 9.8 18 360 M M 10 1 24 360
11 62 54 58 10 7 0 0.17 M M 7.2 12 360 M M 10 1 17 340
12 66 56 61 13 4 0 0.00 M M 10.8 18 140 M M 10 1 26 140
13 73 49 61 13 4 0 0.01 M M 11.1 22 170 M M 8 30 160
14 60 35 48 0 17 0 T M M 8.2 21 310 M M 4 28 310
15 56 29 43 -4 22 0 0.00 M M 2.0 7 50 M M 0 M M
16 48 36 42 -5 23 0 0.00 M M 5.9 12 360 M M 5 8 17 10
17 52 32 42 -5 23 0 0.00 M M 4.9 16 340 M M 0 16 340
18 56 27 42 -5 23 0 0.00 M M 4.8 12 140 M M 3 8 16 160
19 50 41 46 -1 19 0 0.21 M M 5.4 12 100 M M 10 1 17 100
20 55 39 47 0 18 0 0.00 M M 6.2 10 360 M M 6 1 17 20
21 49 31 40 -7 25 0 0.00 M M 5.1 12 190 M M 1 1 M M
22 45 12 29 -18 36 0 0.00 M M 19.9 32 330 M M 7 1 44 330
23 28 12 20 -27 45 0 0.00 M M 15.6 23 350 M M 0 31 350
24 37 17 27 -19 38 0 0.00 M M 1.6 8 330 M M 4 M M
25 51 20 36 -10 29 0 0.00 M M 3.6 9 170 M M 0 M M
26 57 28 43 -3 22 0 0.00 M M 6.9 14 330 M M 0 22 360
27 53 19 36 -10 29 0 0.00 M M 6.8 15 170 M M 0 23 170
28 73 39 56 10 9 0 0.00 M M 15.7 26 190 M M 1 33 170
29 75 53 64 18 1 0 0.00 M M 10.5 20 180 M M 3 30 190
30 62 44 53 7 12 0 0.00 M M 2.6 7 10 M M 5 M M
31 76 44 60 14 5 0 0.00 M M 7.7 18 200 M M 1 1 24 200
================================================================================
SM 1884 1269 458 25 0.39 M 250.3 M 156
================================================================================
AV 60.8 40.9 8.1 FASTST M M 5 MAX(MPH)
MISC ----> 32 330 44 330
================================================================================
NOTES:
# LAST OF SEVERAL OCCURRENCES
COLUMN 17 PEAK WIND IN M.P.H.
PRELIMINARY LOCAL CLIMATOLOGICAL DATA (WS FORM: F-6) , PAGE 2
STATION: HILLSBORO
MONTH: DECEMBER
YEAR: 2022
LATITUDE: 32 0 N
LONGITUDE: 97 6 W
[TEMPERATURE DATA] [PRECIPITATION DATA] SYMBOLS USED IN COLUMN 16
AVERAGE MONTHLY: 50.9 TOTAL FOR MONTH: 0.39 1 = FOG OR MIST
DPTR FM NORMAL: 3.1 DPTR FM NORMAL: -2.70 2 = FOG REDUCING VISIBILITY
HIGHEST: 78 ON 7, 6 GRTST 24HR 0.21 ON 19-19 TO 1/4 MILE OR LESS
LOWEST: 12 ON 23,22 3 = THUNDER
SNOW, ICE PELLETS, HAIL 4 = ICE PELLETS
TOTAL MONTH: M 5 = HAIL
GRTST 24HR M ON M 6 = FREEZING RAIN OR DRIZZLE
GRTST DEPTH: M ON M 7 = DUSTSTORM OR SANDSTORM:
VSBY 1/2 MILE OR LESS
8 = SMOKE OR HAZE
[NO. OF DAYS WITH] [WEATHER - DAYS WITH] 9 = BLOWING SNOW
X = TORNADO
MAX 32 OR BELOW: 1 0.01 INCH OR MORE: 3
MAX 90 OR ABOVE: 0 0.10 INCH OR MORE: 2
MIN 32 OR BELOW: 10 0.50 INCH OR MORE: 0
MIN 0 OR BELOW: 0 1.00 INCH OR MORE: 0
[HDD (BASE 65) ]
TOTAL THIS MO. 458 CLEAR (SCALE 0-3) 10
DPTR FM NORMAL -82 PTCLDY (SCALE 4-7) 12
TOTAL FM JUL 1 840 CLOUDY (SCALE 8-10) 9
DPTR FM NORMAL -48
[CDD (BASE 65) ]
TOTAL THIS MO. 25
DPTR FM NORMAL 20 [PRESSURE DATA]
TOTAL FM JAN 1 3240 HIGHEST SLP M ON M
DPTR FM NORMAL 697 LOWEST SLP M ON M
[REMARKS]
#FINAL-12-22#