000
CXUS54 KMAF 011110
CF6INK
PRELIMINARY LOCAL CLIMATOLOGICAL DATA (WS FORM: F-6)
STATION: WINK
MONTH: APRIL
YEAR: 2021
LATITUDE: 31 46 N
LONGITUDE: 103 12 W
TEMPERATURE IN F: :PCPN: SNOW: WIND :SUNSHINE: SKY :PK WND
================================================================================
1 2 3 4 5 6A 6B 7 8 9 10 11 12 13 14 15 16 17 18
12Z AVG MX 2MIN
DY MAX MIN AVG DEP HDD CDD WTR SNW DPTH SPD SPD DIR MIN PSBL S-S WX SPD DR
================================================================================
1 70 38 54 -7 11 0 0.00 M M 13.2 24 140 M M 0 30 160
2 79 50 65 4 0 0 0.00 M M 17.2 26 130 M M 0 34 130
3 79 56 68 6 0 3 0.00 M M 14.1 24 130 M M 2 30 130
4 72 58 65 3 0 0 0.00 M M 10.1 18 150 M M 7 23 130
5 89 54 72 10 0 7 0.00 M M 14.6 28 140 M M 0 1 35 140
6 91 57 74 12 0 9 0.00 M M 15.9 30 250 M M 0 38 240
7 83 49 66 3 0 1 0.00 M M 8.2 21 360 M M 0 8 26 10
8 91 42 67 4 0 2 0.00 M M 8.4 23 270 M M 0 28 250
9 91 57 74 11 0 9 0.00 M M 15.7 31 290 M M 0 8 40 320
10 76 43 60 -4 5 0 0.00 M M 7.5 14 220 M M 0 19 30
11 91 41 66 2 0 1 0.00 M M 8.2 22 270 M M 0 28 270
12 80 53 67 3 0 2 0.00 M M 12.2 25 10 M M 0 31 10
13 59 52 56 -8 9 0 0.00 M M 11.5 21 50 M M 7 8 24 50
14 69 51 60 -5 5 0 0.00 M M 11.4 22 70 M M 7 25 60
15 61 50 56 -9 9 0 0.00 M M 8.4 16 90 M M 10 1 17 90
16 69 50 60 -6 5 0 0.00 M M 10.8 25 50 M M 6 1 30 50
17 54 40 47 -19 18 0 0.00 M M 11.8 24 50 M M 7 32 50
18 63 44 54 -12 11 0 0.00 M M 5.5 13 160 M M 8 16 210
19 73 39 56 -10 9 0 0.00 M M 7.9 18 200 M M 3 24 190
20 59 42 51 -16 14 0 0.00 M M 13.7 33 20 M M 0 41 20
21 63 36 50 -17 15 0 0.00 M M 12.7 23 110 M M 1 29 130
22 77 41 59 -8 6 0 0.00 M M 12.4 25 140 M M 0 31 140
23 83 46 65 -3 0 0 0.00 M M 14.4 35 270 M M 2 12 45 270
24 82 46 64 -4 1 0 0.00 M M 8.1 22 30 M M 0 26 30
25 96 55 76 8 0 11 0.00 M M 14.4 24 160 M M 0 28 160
26 93 62 78 9 0 13 0.00 M M 11.8 29 240 M M 0 35 250
27 M M M M M M M M M 11.9 28 210 M M 0 8 36 210
28 M M M M M M M M M M M M M M 0 M M
29 M M M M M M 0.00 M M M M M M M 0 M M
30 M M M M M M 0.00 M M M M M M M 0 M M
================================================================================
SM 1993 1252 118 58 0.00 M 312.0 M 60
================================================================================
AV 76.7 48.2 11.6 FASTST M M 2 MAX(MPH)
MISC ----> 35 270 45 270
================================================================================
NOTES:
# LAST OF SEVERAL OCCURRENCES
COLUMN 17 PEAK WIND IN M.P.H.
PRELIMINARY LOCAL CLIMATOLOGICAL DATA (WS FORM: F-6) , PAGE 2
STATION: WINK
MONTH: APRIL
YEAR: 2021
LATITUDE: 31 46 N
LONGITUDE: 103 12 W
[TEMPERATURE DATA] [PRECIPITATION DATA] SYMBOLS USED IN COLUMN 16
AVERAGE MONTHLY: 62.4 TOTAL FOR MONTH: 0.00 1 = FOG OR MIST
DPTR FM NORMAL: -3.0 DPTR FM NORMAL: -0.59 2 = FOG REDUCING VISIBILITY
HIGHEST: 96 ON 25 GRTST 24HR 0.00 ON 1- 1 TO 1/4 MILE OR LESS
LOWEST: 36 ON 21 3 = THUNDER
SNOW, ICE PELLETS, HAIL 4 = ICE PELLETS
TOTAL MONTH: M 5 = HAIL
GRTST 24HR M ON M 6 = FREEZING RAIN OR DRIZZLE
GRTST DEPTH: M ON M 7 = DUSTSTORM OR SANDSTORM:
VSBY 1/2 MILE OR LESS
8 = SMOKE OR HAZE
[NO. OF DAYS WITH] [WEATHER - DAYS WITH] 9 = BLOWING SNOW
X = TORNADO
MAX 32 OR BELOW: 0 0.01 INCH OR MORE: 0
MAX 90 OR ABOVE: 6 0.10 INCH OR MORE: 0
MIN 32 OR BELOW: 0 0.50 INCH OR MORE: 0
MIN 0 OR BELOW: 0 1.00 INCH OR MORE: 0
[HDD (BASE 65) ]
TOTAL THIS MO. 118 CLEAR (SCALE 0-3) 23
DPTR FM NORMAL 25 PTCLDY (SCALE 4-7) 6
TOTAL FM JUL 1 2616 CLOUDY (SCALE 8-10) 1
DPTR FM NORMAL 112
[CDD (BASE 65) ]
TOTAL THIS MO. 58
DPTR FM NORMAL -46 [PRESSURE DATA]
TOTAL FM JAN 1 76 HIGHEST SLP M ON M
DPTR FM NORMAL -48 LOWEST SLP 29.51 ON 6
[REMARKS]
#FINAL-04-21#