000
CXUS53 KDLH 010920
CF6INL
PRELIMINARY LOCAL CLIMATOLOGICAL DATA (WS FORM: F-6)
STATION: INTERNATIONAL FALLS
MONTH: NOVEMBER
YEAR: 2021
LATITUDE: 48 34 N
LONGITUDE: 93 23 W
TEMPERATURE IN F: :PCPN: SNOW: WIND :SUNSHINE: SKY :PK WND
================================================================================
1 2 3 4 5 6A 6B 7 8 9 10 11 12 13 14 15 16 17 18
12Z AVG MX 2MIN
DY MAX MIN AVG DEP HDD CDD WTR SNW DPTH SPD SPD DIR MIN PSBL S-S WX SPD DR
================================================================================
1 37 28 33 -1 32 0 0.06 0.5 T 8.9 18 280 M M 8 128 28 280
2 37 28 33 0 32 0 T T T 7.5 16 300 M M 10 23 300
3 43 23 33 0 32 0 0.00 0.0 T 3.3 14 220 M M 4 19 210
4 50 20 35 3 30 0 0.00 0.0 0 3.5 13 220 M M 0 18 220
5 53 36 45 13 20 0 0.00 0.0 0 6.0 16 190 M M 3 1 30 200
6 60 31 46 15 19 0 0.00 0.0 0 6.3 14 260 M M 3 22 270
7 59 29 44 13 21 0 0.00 0.0 0 3.8 12 330 M M 1 17 260
8 53 27 40 10 25 0 0.00 0.0 0 6.4 15 280 M M 0 23 270
9 48 20 34 4 31 0 0.00 0.0 0 4.9 17 290 M M 0 29 290
10 40 19 30 1 35 0 0.11 0.0 0 7.6 20 100 M M 7 1 28 100
11 39 30 35 6 30 0 1.30 4.5 0 13.2 25 30 M M 10 12 42 40
12 32 29 31 3 34 0 0.02 T 3 14.2 24 30 M M 10 1 37 50
13 32 18 25 -3 40 0 0.12 1.5 3 4.4 13 320 M M 8 18 17 60
14 29 10 20 -7 45 0 0.01 0.1 4 6.3 12 300 M M 8 1 15 270
15 29 4 17 -10 48 0 0.00 0.0 4 2.4 10 120 M M 4 13 120
16 36 26 31 5 34 0 0.01 0.3 4 11.7 25 130 M M 8 1 34 120
17 33 25 29 3 36 0 0.01 T 4 11.9 23 250 M M 8 8 38 240
18 30 22 26 1 39 0 0.01 0.1 4 11.2 23 320 M M 9 18 32 320
19 32 15 24 0 41 0 0.00 0.0 4 6.3 17 140 M M 3 25 130
20 34 21 28 4 37 0 0.00 0.0 3 6.2 12 280 M M 1 18 240
21 33 11 22 -1 43 0 0.03 0.2 4 15.1 29 300 M M 8 18 40 280
22 21 8 15 -8 50 0 T T 3 4.5 14 280 M M 8 18 280
23 41 11 26 4 39 0 0.00 0.0 3 4.8 15 200 M M 0 29 190
24 31 8 20 -2 45 0 T T 3 11.0 20 340 M M 7 18 26 350
25 15 -5 5 -16 60 0 0.00 0.0 3 3.8 10 290 M M 1 15 240
26 29 5 17 -4 48 0 0.00 0.0 3 7.7 15 140 M M 6 20 140
27 34 22 28 8 37 0 0.04 0.8 4 6.9 18 310 M M 8 18 27 310
28 28 14 21 1 44 0 0.00 0.0 4 5.7 15 290 M M 4 8 24 300
29 32 13 23 4 42 0 0.08 1.0 4 4.3 12 110 M M 8 1 15 120
30 30 21 26 7 39 0 0.02 0.3 5 7.3 16 300 M M 3 22 280
================================================================================
SM 1100 569 1108 0 1.82 9.3 217.1 M 158
================================================================================
AV 36.7 19.0 7.2 FASTST M M 5 MAX(MPH)
MISC ----> 29 300 42 40
================================================================================
NOTES:
# LAST OF SEVERAL OCCURRENCES
COLUMN 17 PEAK WIND IN M.P.H.
PRELIMINARY LOCAL CLIMATOLOGICAL DATA (WS FORM: F-6) , PAGE 2
STATION: INTERNATIONAL FALLS
MONTH: NOVEMBER
YEAR: 2021
LATITUDE: 48 34 N
LONGITUDE: 93 23 W
[TEMPERATURE DATA] [PRECIPITATION DATA] SYMBOLS USED IN COLUMN 16
AVERAGE MONTHLY: 27.8 TOTAL FOR MONTH: 1.82 1 = FOG OR MIST
DPTR FM NORMAL: 1.5 DPTR FM NORMAL: 0.43 2 = FOG REDUCING VISIBILITY
HIGHEST: 60 ON 6 GRTST 24HR 1.34 ON 10-11 TO 1/4 MILE OR LESS
LOWEST: -5 ON 25 3 = THUNDER
SNOW, ICE PELLETS, HAIL 4 = ICE PELLETS
TOTAL MONTH: 9.3 INCHES 5 = HAIL
GRTST 24HR 4.5 ON 11-11 6 = FREEZING RAIN OR DRIZZLE
GRTST DEPTH: 5 ON 30 7 = DUSTSTORM OR SANDSTORM:
VSBY 1/2 MILE OR LESS
8 = SMOKE OR HAZE
[NO. OF DAYS WITH] [WEATHER - DAYS WITH] 9 = BLOWING SNOW
X = TORNADO
MAX 32 OR BELOW: 13 0.01 INCH OR MORE: 13
MAX 90 OR ABOVE: 0 0.10 INCH OR MORE: 3
MIN 32 OR BELOW: 29 0.50 INCH OR MORE: 1
MIN 0 OR BELOW: 1 1.00 INCH OR MORE: 1
[HDD (BASE 65) ]
TOTAL THIS MO. 1108 CLEAR (SCALE 0-3) 10
DPTR FM NORMAL -54 PTCLDY (SCALE 4-7) 12
TOTAL FM JUL 1 1865 CLOUDY (SCALE 8-10) 8
DPTR FM NORMAL -563
[CDD (BASE 65) ]
TOTAL THIS MO. 0
DPTR FM NORMAL 0 [PRESSURE DATA]
TOTAL FM JAN 1 403 HIGHEST SLP 30.48 ON 25
DPTR FM NORMAL 229 LOWEST SLP 29.34 ON 11
[REMARKS]
#FINAL-11-21#