000
CXUS53 KDLH 010820
CF6INL
PRELIMINARY LOCAL CLIMATOLOGICAL DATA (WS FORM: F-6)
STATION: INTERNATIONAL FALLS
MONTH: SEPTEMBER
YEAR: 2023
LATITUDE: 48 34 N
LONGITUDE: 93 23 W
TEMPERATURE IN F: :PCPN: SNOW: WIND :SUNSHINE: SKY :PK WND
================================================================================
1 2 3 4 5 6A 6B 7 8 9 10 11 12 13 14 15 16 17 18
12Z AVG MX 2MIN
DY MAX MIN AVG DEP HDD CDD WTR SNW DPTH SPD SPD DIR MIN PSBL S-S WX SPD DR
================================================================================
1 85 60 73 13 0 8 0.00 0.0 0 7.6 20 230 M M 0 36 220
2 90 54 72 13 0 7 0.00 0.0 0 3.4 12 230 M M 0 8 19 210
3 86 55 71 12 0 6 0.00 0.0 0 2.6 9 40 M M 0 18 14 40
4 85 55 70 12 0 5 0.02 0.0 0 5.7 15 220 M M 1 138 26 190
5 79 59 69 11 0 4 1.18 0.0 0 9.1 24 320 M M 5 138 36 330
6 M 54 M M M M T 0.0 0 8.8 17 20 M M 10 8 26 10
7 59 44 52 -6 13 0 0.00 0.0 0 3.3 9 110 M M 8 13 120
8 73 41 57 0 8 0 0.00 0.0 0 2.9 9 140 M M 7 12 16 120
9 73 44 59 2 6 0 0.35 0.0 0 4.6 16 350 M M 4 1 20 350
10 70 40 55 -1 10 0 0.00 0.0 0 2.7 9 40 M M 2 1 13 60
11 56 49 53 -3 12 0 0.02 0.0 0 6.3 13 60 M M 10 18 19 70
12 59 34 47 -9 18 0 0.00 0.0 0 5.0 12 40 M M 7 17 120
13 62 31 47 -8 18 0 0.00 0.0 0 3.1 10 220 M M 3 8 16 160
14 M 37 M M M M M 0.0 0 M M M M M M 8 M M
15 67 45 56 1 9 0 0.01 0.0 0 5.9 17 290 M M 5 12 27 260
16 65 42 54 0 11 0 0.00 0.0 0 3.8 13 330 M M 6 128 18 350
17 62 37 50 -4 15 0 0.00 0.0 0 2.2 8 120 M M 6 12 10 110
18 72 45 59 6 6 0 0.00 0.0 0 7.4 15 150 M M 2 28 140
19 74 48 61 8 4 0 0.00 0.0 0 8.7 17 140 M M 0 26 140
20 83 49 66 13 0 1 0.00 0.0 0 5.0 13 280 M M 0 1 19 270
21 77 48 63 11 2 0 0.14 0.0 0 5.4 14 110 M M 4 123 19 100
22 65 56 61 9 4 0 T 0.0 0 7.1 15 110 M M 4 13 23 100
23 65 60 63 12 2 0 0.30 0.0 0 11.2 17 110 M M 10 1 26 110
24 62 58 60 9 5 0 0.46 0.0 0 12.9 22 100 M M 10 1 32 100
25 66 55 61 11 4 0 T 0.0 0 7.2 20 100 M M 8 26 110
26 71 48 60 10 5 0 0.00 0.0 0 6.2 16 110 M M 0 21 110
27 64 42 53 3 12 0 T 0.0 0 5.8 15 140 M M 7 12 22 120
28 66 53 60 11 5 0 0.00 0.0 0 7.3 15 140 M M 10 22 150
29 64 45 55 6 10 0 0.66 0.0 0 3.9 12 310 M M 9 123 20 150
30 73 44 59 11 6 0 0.00 0.0 0 5.6 16 120 M M 5 12 23 110
================================================================================
SM 1973 1432 185 31 3.14 0.0 170.7 M 143
================================================================================
AV 70.5 47.7 5.9 FASTST M M 5 MAX(MPH)
MISC ----> 24 320 # 36 220
================================================================================
NOTES:
# LAST OF SEVERAL OCCURRENCES
COLUMN 17 PEAK WIND IN M.P.H.
PRELIMINARY LOCAL CLIMATOLOGICAL DATA (WS FORM: F-6) , PAGE 2
STATION: INTERNATIONAL FALLS
MONTH: SEPTEMBER
YEAR: 2023
LATITUDE: 48 34 N
LONGITUDE: 93 23 W
[TEMPERATURE DATA] [PRECIPITATION DATA] SYMBOLS USED IN COLUMN 16
AVERAGE MONTHLY: 59.1 TOTAL FOR MONTH: 3.14 1 = FOG OR MIST
DPTR FM NORMAL: 4.9 DPTR FM NORMAL: 0.14 2 = FOG REDUCING VISIBILITY
HIGHEST: 90 ON 2 GRTST 24HR 1.18 ON 5- 5 TO 1/4 MILE OR LESS
LOWEST: 31 ON 13 3 = THUNDER
SNOW, ICE PELLETS, HAIL 4 = ICE PELLETS
TOTAL MONTH: 0.0 INCH 5 = HAIL
GRTST 24HR 0.0 6 = FREEZING RAIN OR DRIZZLE
GRTST DEPTH: 0 7 = DUSTSTORM OR SANDSTORM:
VSBY 1/2 MILE OR LESS
8 = SMOKE OR HAZE
[NO. OF DAYS WITH] [WEATHER - DAYS WITH] 9 = BLOWING SNOW
X = TORNADO
MAX 32 OR BELOW: 0 0.01 INCH OR MORE: 9
MAX 90 OR ABOVE: 1 0.10 INCH OR MORE: 6
MIN 32 OR BELOW: 1 0.50 INCH OR MORE: 2
MIN 0 OR BELOW: 0 1.00 INCH OR MORE: 1
[HDD (BASE 65) ]
TOTAL THIS MO. 185 CLEAR (SCALE 0-3) 10
DPTR FM NORMAL -151 PTCLDY (SCALE 4-7) 13
TOTAL FM JUL 1 339 CLOUDY (SCALE 8-10) 7
DPTR FM NORMAL -188
[CDD (BASE 65) ]
TOTAL THIS MO. 31
DPTR FM NORMAL 19 [PRESSURE DATA]
TOTAL FM JAN 1 224 HIGHEST SLP 30.32 ON 26
DPTR FM NORMAL 50 LOWEST SLP 29.51 ON 4
[REMARKS]
#FINAL-09-23#